000
CXUS54 KSHV 011300
CF6TYR
PRELIMINARY LOCAL CLIMATOLOGICAL DATA (WS FORM: F-6)
STATION: TYLER
MONTH: JUNE
YEAR: 2022
LATITUDE: 32 22 N
LONGITUDE: 95 24 W
TEMPERATURE IN F: :PCPN: SNOW: WIND :SUNSHINE: SKY :PK WND
================================================================================
1 2 3 4 5 6A 6B 7 8 9 10 11 12 13 14 15 16 17 18
12Z AVG MX 2MIN
DY MAX MIN AVG DEP HDD CDD WTR SNW DPTH SPD SPD DIR MIN PSBL S-S WX SPD DR
================================================================================
1 94 74 84 6 0 19 0.03 0.0 0 5.0 22 70 M M 3 3 29 60
2 86 67 77 -1 0 12 0.06 0.0 0 7.3 17 20 M M 4 30 280
3 87 67 77 -2 0 12 T 0.0 0 7.1 14 80 M M 3 19 80
4 89 71 80 1 0 15 0.00 0.0 0 5.8 12 150 M M 3 15 150
5 93 70 82 3 0 17 0.00 0.0 0 9.6 21 60 M M 2 25 80
6 95 75 85 6 0 20 0.00 0.0 0 12.8 22 200 M M 3 30 210
7 94 76 85 5 0 20 0.00 0.0 0 11.1 20 130 M M 4 27 190
8 91 76 84 4 0 19 0.00 0.0 0 8.5 24 210 M M 2 28 200
9 95 74 85 5 0 20 0.00 0.0 0 5.8 10 70 M M 6 14 70
10 96 79 88 8 0 23 T 0.0 0 7.5 17 50 M M 2 21 50
11 99 77 88 8 0 23 0.00 0.0 0 10.0 17 190 M M 0 22 220
12 100 78 89 9 0 24 0.00 0.0 0 11.1 20 210 M M 1 25 210
13 100 75 88 8 0 23 0.00 0.0 0 13.4 21 190 M M 1 26 180
14 99 75 87 6 0 22 0.00 0.0 0 14.3 23 180 M M 2 30 160
15 98 77 88 7 0 23 0.00 0.0 0 11.2 22 210 M M 3 28 190
16 101 76 89 8 0 24 0.00 0.0 0 6.5 14 210 M M 1 17 210
17 99 77 88 7 0 23 0.24 0.0 0 5.7 23 360 M M 2 3 33 350
18 99 74 87 6 0 22 0.03 0.0 0 3.1 25 60 M M 2 33 70
19 100 77 89 8 0 24 0.06 0.0 0 5.6 18 90 M M 1 3 27 70
20 99 75 87 5 0 22 0.00 0.0 0 6.7 13 110 M M 1 M M
21 101 76 89 7 0 24 0.00 0.0 0 6.4 14 120 M M 1 20 120
22 101 75 88 6 0 23 0.00 0.0 0 4.9 10 60 M M 1 13 150
23 101 77 89 7 0 24 T 0.0 0 5.3 21 80 M M 1 28 80
24 103 78 91 9 0 26 0.00 0.0 0 6.5 13 190 M M 0 16 210
25 102 77 90 8 0 25 0.00 0.0 0 7.3 14 240 M M 0 18 230
26 104 76 90 8 0 25 0.00 0.0 0 6.3 22 80 M M 1 3 29 80
27 95 75 85 3 0 20 0.00 0.0 0 10.4 17 50 M M 1 23 30
28 94 71 83 1 0 18 0.00 0.0 0 8.1 17 70 M M 1 23 70
29 96 68 82 -1 0 17 0.00 0.0 0 5.8 13 30 M M 0 17 40
30 98 73 86 3 0 21 0.44 0.0 0 6.3 22 130 M M 2 1 26 100
================================================================================
SM 2909 2236 0 630 0.86 0.0 235.4 M 54
================================================================================
AV 97.0 74.5 7.8 FASTST M M 2 MAX(MPH)
MISC ----> 25 60 # 33 350
================================================================================
NOTES:
# LAST OF SEVERAL OCCURRENCES
COLUMN 17 PEAK WIND IN M.P.H.
PRELIMINARY LOCAL CLIMATOLOGICAL DATA (WS FORM: F-6) , PAGE 2
STATION: TYLER
MONTH: JUNE
YEAR: 2022
LATITUDE: 32 22 N
LONGITUDE: 95 24 W
[TEMPERATURE DATA] [PRECIPITATION DATA] SYMBOLS USED IN COLUMN 16
AVERAGE MONTHLY: 85.8 TOTAL FOR MONTH: 0.86 1 = FOG OR MIST
DPTR FM NORMAL: 5.1 DPTR FM NORMAL: -3.52 2 = FOG REDUCING VISIBILITY
HIGHEST: 104 ON 26 GRTST 24HR 0.44 ON 30-30 TO 1/4 MILE OR LESS
LOWEST: 67 ON 3, 2 3 = THUNDER
SNOW, ICE PELLETS, HAIL 4 = ICE PELLETS
TOTAL MONTH: 0.0 INCH 5 = HAIL
GRTST 24HR 0.0 6 = FREEZING RAIN OR DRIZZLE
GRTST DEPTH: 0 7 = DUSTSTORM OR SANDSTORM:
VSBY 1/2 MILE OR LESS
8 = SMOKE OR HAZE
[NO. OF DAYS WITH] [WEATHER - DAYS WITH] 9 = BLOWING SNOW
X = TORNADO
MAX 32 OR BELOW: 0 0.01 INCH OR MORE: 6
MAX 90 OR ABOVE: 27 0.10 INCH OR MORE: 2
MIN 32 OR BELOW: 0 0.50 INCH OR MORE: 0
MIN 0 OR BELOW: 0 1.00 INCH OR MORE: 0
[HDD (BASE 65) ]
TOTAL THIS MO. 0 CLEAR (SCALE 0-3) 24
DPTR FM NORMAL 0 PTCLDY (SCALE 4-7) 6
TOTAL FM JUL 1 1764 CLOUDY (SCALE 8-10) 0
DPTR FM NORMAL -307
[CDD (BASE 65) ]
TOTAL THIS MO. 630
DPTR FM NORMAL 158 [PRESSURE DATA]
TOTAL FM JAN 1 1204 HIGHEST SLP 30.17 ON 29
DPTR FM NORMAL 299 LOWEST SLP 29.65 ON 6
[REMARKS]
#FINAL-06-22#