000
CXUS54 KSHV 011300
CF6TYR
PRELIMINARY LOCAL CLIMATOLOGICAL DATA (WS FORM: F-6)
STATION: TYLER
MONTH: APRIL
YEAR: 2022
LATITUDE: 32 22 N
LONGITUDE: 95 24 W
TEMPERATURE IN F: :PCPN: SNOW: WIND :SUNSHINE: SKY :PK WND
================================================================================
1 2 3 4 5 6A 6B 7 8 9 10 11 12 13 14 15 16 17 18
12Z AVG MX 2MIN
DY MAX MIN AVG DEP HDD CDD WTR SNW DPTH SPD SPD DIR MIN PSBL S-S WX SPD DR
================================================================================
1 73 44 59 -4 6 0 0.00 0.0 0 9.4 17 120 M M 0 22 120
2 80 52 66 3 0 1 0.01 0.0 0 4.4 29 130 M M 1 30 130
3 84 55 70 7 0 5 0.00 0.0 0 9.2 18 180 M M 1 27 160
4 82 54 68 5 0 3 0.02 0.0 0 9.2 20 160 M M 5 24 160
5 89 59 74 10 0 9 0.69 0.0 0 9.9 35 320 M M 4 138 51 310
6 75 54 65 1 0 0 0.00 0.0 0 13.7 24 340 M M 3 1 32 320
7 70 49 60 -4 5 0 0.00 0.0 0 13.2 35 340 M M 2 45 350
8 67 43 55 -9 10 0 0.00 0.0 0 10.8 28 320 M M 0 37 320
9 83 38 61 -3 4 0 0.00 0.0 0 9.1 21 190 M M 0 25 170
10 85 60 73 9 0 8 0.08 0.0 0 19.2 38 150 M M 4 3 46 160
11 86 68 77 12 0 12 0.00 0.0 0 14.9 26 170 M M 7 33 170
12 81 64 73 8 0 8 0.35 0.0 0 14.2 32 270 M M 8 13 48 280
13 78 55 67 2 0 2 0.20 0.0 0 14.7 23 180 M M 6 138 37 190
14 77 51 64 -1 1 0 0.00 0.0 0 8.5 15 130 M M 0 20 70
15 78 55 67 1 0 2 T 0.0 0 10.0 21 190 M M 6 18 27 200
16 81 63 72 6 0 7 T 0.0 0 9.1 21 200 M M 8 25 200
17 73 59 66 0 0 1 0.00 0.0 0 5.7 13 340 M M 8 128 17 340
18 75 56 66 0 0 1 0.00 0.0 0 9.1 17 70 M M 4 25 60
19 75 51 63 -3 2 0 0.00 0.0 0 13.0 24 120 M M 3 29 120
20 84 64 74 8 0 9 T 0.0 0 16.6 30 190 M M 8 18 34 180
21 82 71 77 10 0 12 0.00 0.0 0 12.5 21 150 M M 7 27 150
22 86 69 78 11 0 13 0.00 0.0 0 14.5 23 160 M M 5 32 160
23 86 67 77 10 0 12 0.00 0.0 0 15.8 26 170 M M 5 33 170
24 86 66 76 8 0 11 0.00 0.0 0 12.7 22 170 M M 5 29 180
25 74 57 66 -2 0 1 1.20 0.0 0 7.1 21 350 M M 7 13 27 340
26 75 51 63 -5 2 0 0.00 0.0 0 6.3 16 60 M M 0 21 70
27 78 52 65 -3 0 0 0.00 0.0 0 7.0 13 100 M M 0 M M
28 83 56 70 2 0 5 0.00 0.0 0 10.4 20 170 M M 1 24 160
29 83 67 75 6 0 10 0.00 0.0 0 13.3 22 160 M M 7 29 190
30 86 65 76 7 0 11 0.19 0.0 0 9.8 24 190 M M 7 3 30 190
================================================================================
SM 2395 1715 30 143 2.74 0.0 333.3 M 122
================================================================================
AV 79.8 57.2 11.1 FASTST M M 4 MAX(MPH)
MISC ----> 38 150 51 310
================================================================================
NOTES:
# LAST OF SEVERAL OCCURRENCES
COLUMN 17 PEAK WIND IN M.P.H.
PRELIMINARY LOCAL CLIMATOLOGICAL DATA (WS FORM: F-6) , PAGE 2
STATION: TYLER
MONTH: APRIL
YEAR: 2022
LATITUDE: 32 22 N
LONGITUDE: 95 24 W
[TEMPERATURE DATA] [PRECIPITATION DATA] SYMBOLS USED IN COLUMN 16
AVERAGE MONTHLY: 68.5 TOTAL FOR MONTH: 2.74 1 = FOG OR MIST
DPTR FM NORMAL: 2.8 DPTR FM NORMAL: -0.74 2 = FOG REDUCING VISIBILITY
HIGHEST: 89 ON 5 GRTST 24HR 1.20 ON 25-25 TO 1/4 MILE OR LESS
LOWEST: 38 ON 9 3 = THUNDER
SNOW, ICE PELLETS, HAIL 4 = ICE PELLETS
TOTAL MONTH: 0.0 INCH 5 = HAIL
GRTST 24HR 0.0 6 = FREEZING RAIN OR DRIZZLE
GRTST DEPTH: 0 7 = DUSTSTORM OR SANDSTORM:
VSBY 1/2 MILE OR LESS
8 = SMOKE OR HAZE
[NO. OF DAYS WITH] [WEATHER - DAYS WITH] 9 = BLOWING SNOW
X = TORNADO
MAX 32 OR BELOW: 0 0.01 INCH OR MORE: 8
MAX 90 OR ABOVE: 0 0.10 INCH OR MORE: 5
MIN 32 OR BELOW: 0 0.50 INCH OR MORE: 2
MIN 0 OR BELOW: 0 1.00 INCH OR MORE: 1
[HDD (BASE 65) ]
TOTAL THIS MO. 30 CLEAR (SCALE 0-3) 12
DPTR FM NORMAL -49 PTCLDY (SCALE 4-7) 18
TOTAL FM JUL 1 1764 CLOUDY (SCALE 8-10) 0
DPTR FM NORMAL -299
[CDD (BASE 65) ]
TOTAL THIS MO. 143
DPTR FM NORMAL 43 [PRESSURE DATA]
TOTAL FM JAN 1 181 HIGHEST SLP 30.36 ON 26
DPTR FM NORMAL 26 LOWEST SLP 29.46 ON 6
[REMARKS]
#FINAL-04-22#