000
CXUS54 KSHV 011300
CF6TYR
PRELIMINARY LOCAL CLIMATOLOGICAL DATA (WS FORM: F-6)
STATION: TYLER
MONTH: AUGUST
YEAR: 2021
LATITUDE: 32 22 N
LONGITUDE: 95 24 W
TEMPERATURE IN F: :PCPN: SNOW: WIND :SUNSHINE: SKY :PK WND
================================================================================
1 2 3 4 5 6A 6B 7 8 9 10 11 12 13 14 15 16 17 18
12Z AVG MX 2MIN
DY MAX MIN AVG DEP HDD CDD WTR SNW DPTH SPD SPD DIR MIN PSBL S-S WX SPD DR
================================================================================
1 96 77 87 1 0 22 0.00 0.0 0 5.9 12 360 M M 1 3 14 360
2 86 73 80 -6 0 15 0.13 0.0 0 4.2 13 70 M M 4 138 15 80
3 89 73 81 -5 0 16 0.00 0.0 0 5.3 12 50 M M 2 18 16 40
4 90 72 81 -5 0 16 0.00 0.0 0 5.3 10 60 M M 1 18 15 110
5 88 70 79 -6 0 14 0.00 0.0 0 5.6 10 150 M M 0 13 170
6 91 73 82 -3 0 17 0.00 0.0 0 5.4 10 140 M M 2 15 160
7 92 73 83 -2 0 18 0.00 0.0 0 8.6 17 220 M M 2 25 200
8 94 78 86 1 0 21 0.00 0.0 0 12.3 20 200 M M 3 27 220
9 95 78 87 2 0 22 0.00 0.0 0 12.5 21 210 M M 3 26 200
10 94 78 86 1 0 21 0.00 0.0 0 10.1 17 190 M M 3 22 180
11 95 77 86 1 0 21 0.00 0.0 0 9.1 16 200 M M 2 20 210
12 95 77 86 1 0 21 0.00 0.0 0 8.0 13 200 M M 3 M M
13 95 75 85 0 0 20 0.00 0.0 0 5.2 13 200 M M 1 15 220
14 95 72 84 -1 0 19 1.25 0.0 0 5.0 41 160 M M 3 13 49 160
15 90 73 82 -3 0 17 0.00 0.0 0 1.7 12 50 M M 1 14 50
16 92 74 83 -2 0 18 0.06 0.0 0 4.2 21 140 M M 2 26 150
17 92 72 82 -2 0 17 1.11 0.0 0 6.9 21 320 M M 3 13 27 290
18 88 70 79 -5 0 14 4.75 0.0 0 7.5 25 190 M M 5 13 33 190
19 92 77 85 1 0 20 0.01 0.0 0 8.3 15 190 M M 5 138 19 180
20 94 77 86 2 0 21 0.00 0.0 0 9.5 17 200 M M 3 25 200
21 94 75 85 1 0 20 0.00 0.0 0 7.3 15 210 M M 3 20 210
22 94 77 86 2 0 21 0.00 0.0 0 6.6 13 240 M M 0 18 260
23 95 75 85 1 0 20 0.00 0.0 0 5.9 10 140 M M 0 15 140
24 96 74 85 1 0 20 0.00 0.0 0 4.5 10 190 M M 0 15 170
25 97 75 86 3 0 21 0.00 0.0 0 3.7 8 170 M M 1 10 290
26 96 78 87 4 0 22 0.00 0.0 0 6.3 17 140 M M 1 22 140
27 93 75 84 1 0 19 0.00 0.0 0 7.3 14 120 M M 3 18 170
28 91 75 83 0 0 18 T 0.0 0 7.9 22 140 M M 4 27 140
29 92 74 83 1 0 18 0.00 0.0 0 5.4 14 80 M M 3 17 70
30 95 74 85 3 0 20 0.00 0.0 0 5.4 15 360 M M 1 18 340
31 98 75 87 5 0 22 0.00 0.0 0 3.4 9 250 M M 0 12 260
================================================================================
SM 2884 2316 0 591 7.31 0.0 204.3 M 65
================================================================================
AV 93.0 74.7 6.6 FASTST M M 2 MAX(MPH)
MISC ----> 41 160 49 160
================================================================================
NOTES:
# LAST OF SEVERAL OCCURRENCES
COLUMN 17 PEAK WIND IN M.P.H.
PRELIMINARY LOCAL CLIMATOLOGICAL DATA (WS FORM: F-6) , PAGE 2
STATION: TYLER
MONTH: AUGUST
YEAR: 2021
LATITUDE: 32 22 N
LONGITUDE: 95 24 W
[TEMPERATURE DATA] [PRECIPITATION DATA] SYMBOLS USED IN COLUMN 16
AVERAGE MONTHLY: 83.9 TOTAL FOR MONTH: 7.31 1 = FOG OR MIST
DPTR FM NORMAL: -0.4 DPTR FM NORMAL: 4.70 2 = FOG REDUCING VISIBILITY
HIGHEST: 98 ON 31 GRTST 24HR 5.86 ON 17-18 TO 1/4 MILE OR LESS
LOWEST: 70 ON 18, 5 3 = THUNDER
SNOW, ICE PELLETS, HAIL 4 = ICE PELLETS
TOTAL MONTH: 0.0 INCH 5 = HAIL
GRTST 24HR 0.0 6 = FREEZING RAIN OR DRIZZLE
GRTST DEPTH: 0 7 = DUSTSTORM OR SANDSTORM:
VSBY 1/2 MILE OR LESS
8 = SMOKE OR HAZE
[NO. OF DAYS WITH] [WEATHER - DAYS WITH] 9 = BLOWING SNOW
X = TORNADO
MAX 32 OR BELOW: 0 0.01 INCH OR MORE: 6
MAX 90 OR ABOVE: 27 0.10 INCH OR MORE: 4
MIN 32 OR BELOW: 0 0.50 INCH OR MORE: 3
MIN 0 OR BELOW: 0 1.00 INCH OR MORE: 3
[HDD (BASE 65) ]
TOTAL THIS MO. 0 CLEAR (SCALE 0-3) 24
DPTR FM NORMAL 0 PTCLDY (SCALE 4-7) 7
TOTAL FM JUL 1 0 CLOUDY (SCALE 8-10) 0
DPTR FM NORMAL 0
[CDD (BASE 65) ]
TOTAL THIS MO. 591
DPTR FM NORMAL -9 [PRESSURE DATA]
TOTAL FM JAN 1 2010 HIGHEST SLP M ON M
DPTR FM NORMAL -96 LOWEST SLP 29.69 ON 31
[REMARKS]
#FINAL-08-21#