000
CXUS54 KSHV 011500
CF6TYR
PRELIMINARY LOCAL CLIMATOLOGICAL DATA (WS FORM: F-6)
STATION: TYLER
MONTH: SEPTEMBER
YEAR: 2020
LATITUDE: 32 22 N
LONGITUDE: 95 24 W
TEMPERATURE IN F: :PCPN: SNOW: WIND :SUNSHINE: SKY :PK WND
================================================================================
1 2 3 4 5 6A 6B 7 8 9 10 11 12 13 14 15 16 17 18
12Z AVG MX 2MIN
DY MAX MIN AVG DEP HDD CDD WTR SNW DPTH SPD SPD DIR MIN PSBL S-S WX SPD DR
================================================================================
1 99 73 86 5 0 21 1.01 0.0 0 12.0 28 210 M M 6 138 34 200
2 78 72 75 -5 0 10 2.41 0.0 0 4.7 15 200 M M 8 13 19 10
3 77 72 75 -5 0 10 2.84 0.0 0 5.0 15 130 M M 7 13 19 220
4 81 70 76 -4 0 11 0.38 0.0 0 4.0 25 230 M M 4 3 37 230
5 90 73 82 2 0 17 0.01 0.0 0 5.1 13 60 M M 1 15 60
6 91 71 81 2 0 16 0.00 0.0 0 4.1 10 210 M M 0 24 150
7 92 72 82 3 0 17 0.00 0.0 0 6.9 15 200 M M 1 18 160
8 90 73 82 3 0 17 0.38 0.0 0 5.3 35 200 M M 2 13 48 210
9 91 75 83 5 0 18 0.02 0.0 0 5.5 16 170 M M 3 21 170
10 78 68 73 -5 0 8 0.65 0.0 0 7.3 17 160 M M 8 12 20 160
11 86 66 76 -2 0 11 0.00 0.0 0 5.6 12 10 M M 3 16 320
12 90 70 80 3 0 15 0.00 0.0 0 4.7 10 330 M M 1 13 340
13 92 72 82 5 0 17 0.00 0.0 0 6.7 14 50 M M 2 18 40
14 88 73 81 4 0 16 T 0.0 0 7.7 16 30 M M 6 23 20
15 90 72 81 5 0 16 0.00 0.0 0 6.7 13 340 M M 2 16 340
16 91 72 82 6 0 17 0.00 0.0 0 5.4 14 20 M M 2 19 10
17 86 73 80 4 0 15 0.49 0.0 0 4.1 13 10 M M 3 13 16 360
18 85 69 77 1 0 12 0.00 0.0 0 6.3 15 30 M M 1 20 80
19 81 63 72 -3 0 7 0.00 0.0 0 8.8 17 60 M M 0 22 50
20 84 57 71 -4 0 6 0.00 0.0 0 9.2 18 60 M M 1 26 40
21 74 66 70 -4 0 5 0.67 0.0 0 10.0 18 60 M M 10 1 23 60
22 69 66 68 -6 0 3 0.93 0.0 0 8.9 15 60 M M 10 1 20 60
23 71 65 68 -6 0 3 T 0.0 0 9.0 14 10 M M 10 1 18 30
24 73 61 67 -7 0 2 0.01 0.0 0 4.7 10 330 M M 9 1 14 10
25 79 61 70 -3 0 5 0.00 0.0 0 4.3 9 130 M M 6 1 13 150
26 82 64 73 0 0 8 0.00 0.0 0 7.9 14 210 M M 5 1 18 190
27 88 68 78 5 0 13 0.00 0.0 0 10.4 18 200 M M 5 25 190
28 77 55 66 -6 0 1 0.39 0.0 0 11.2 35 360 M M 3 13 46 350
29 80 50 65 -7 0 0 0.00 0.0 0 5.9 20 310 M M 0 27 320
30 86 52 69 -3 0 4 0.00 0.0 0 7.7 14 200 M M 0 17 210
================================================================================
SM 2519 2014 0 321 10.19 0.0 205.1 M 119
================================================================================
AV 84.0 67.1 6.8 FASTST M M 4 MAX(MPH)
MISC ----> # 35 200 # 48 210
================================================================================
NOTES:
# LAST OF SEVERAL OCCURRENCES
COLUMN 17 PEAK WIND IN M.P.H.
PRELIMINARY LOCAL CLIMATOLOGICAL DATA (WS FORM: F-6) , PAGE 2
STATION: TYLER
MONTH: SEPTEMBER
YEAR: 2020
LATITUDE: 32 22 N
LONGITUDE: 95 24 W
[TEMPERATURE DATA] [PRECIPITATION DATA] SYMBOLS USED IN COLUMN 16
AVERAGE MONTHLY: 75.6 TOTAL FOR MONTH: 10.19 1 = FOG OR MIST
DPTR FM NORMAL: -0.6 DPTR FM NORMAL: 6.85 2 = FOG REDUCING VISIBILITY
HIGHEST: 99 ON 1 GRTST 24HR 2.84 ON 3- 3 TO 1/4 MILE OR LESS
LOWEST: 50 ON 29 3 = THUNDER
SNOW, ICE PELLETS, HAIL 4 = ICE PELLETS
TOTAL MONTH: 0.0 INCH 5 = HAIL
GRTST 24HR 0.0 6 = FREEZING RAIN OR DRIZZLE
GRTST DEPTH: 0 7 = DUSTSTORM OR SANDSTORM:
VSBY 1/2 MILE OR LESS
8 = SMOKE OR HAZE
[NO. OF DAYS WITH] [WEATHER - DAYS WITH] 9 = BLOWING SNOW
X = TORNADO
MAX 32 OR BELOW: 0 0.01 INCH OR MORE: 13
MAX 90 OR ABOVE: 10 0.10 INCH OR MORE: 10
MIN 32 OR BELOW: 0 0.50 INCH OR MORE: 6
MIN 0 OR BELOW: 0 1.00 INCH OR MORE: 3
[HDD (BASE 65) ]
TOTAL THIS MO. 0 CLEAR (SCALE 0-3) 15
DPTR FM NORMAL -5 PTCLDY (SCALE 4-7) 11
TOTAL FM JUL 1 0 CLOUDY (SCALE 8-10) 4
DPTR FM NORMAL -5
[CDD (BASE 65) ]
TOTAL THIS MO. 321
DPTR FM NORMAL -21 [PRESSURE DATA]
TOTAL FM JAN 1 2540 HIGHEST SLP 30.25 ON 5
DPTR FM NORMAL 276 LOWEST SLP 29.66 ON 27
[REMARKS]
#FINAL-09-20#