000
CXUS54 KMRX 011305
CF6TYS
PRELIMINARY LOCAL CLIMATOLOGICAL DATA (WS FORM: F-6)
STATION: KNOXVILLE ASOS
MONTH: JULY
YEAR: 2020
LATITUDE: 35 49 N
LONGITUDE: 83 59 W
TEMPERATURE IN F: :PCPN: SNOW: WIND :SUNSHINE: SKY :PK WND
================================================================================
1 2 3 4 5 6A 6B 7 8 9 10 11 12 13 14 15 16 17 18
12Z AVG MX 2MIN
DY MAX MIN AVG DEP HDD CDD WTR SNW DPTH SPD SPD DIR MIN PSBL S-S WX SPD DR
================================================================================
1 86 69 78 0 0 13 0.01 0.0 0 4.5 15 240 M M 9 3 19 250
2 89 69 79 1 0 14 0.00 0.0 0 4.2 14 30 M M 3 128 21 40
3 92 68 80 2 0 15 0.00 0.0 0 3.4 10 10 M M 2 13 10
4 93 70 82 4 0 17 0.00 0.0 0 2.5 9 80 M M 4 8 12 90
5 92 73 83 5 0 18 0.10 0.0 0 2.7 32 160 M M 8 138 41 150
6 90 69 80 2 0 15 T 0.0 0 4.6 17 170 M M 7 13 23 170
7 87 72 80 2 0 15 0.05 0.0 0 5.1 14 30 M M 8 1 18 30
8 90 71 81 3 0 16 0.00 0.0 0 2.9 12 10 M M 5 3 16 10
9 94 71 83 5 0 18 T 0.0 0 2.8 29 170 M M 5 3 38 180
10 92 72 82 4 0 17 0.39 0.0 0 7.7 18 240 M M 4 13 26 270
11 89 69 79 1 0 14 0.00 0.0 0 5.0 13 330 M M 2 23 280
12 85 67 76 -2 0 11 0.00 0.0 0 5.9 15 170 M M 5 19 350
13 91 67 79 0 0 14 0.00 0.0 0 3.7 12 350 M M 2 15 330
14 93 65 79 0 0 14 0.00 0.0 0 4.5 10 300 M M 2 14 310
15 95 67 81 2 0 16 0.00 0.0 0 4.1 13 210 M M 4 18 280
16 96 74 85 6 0 20 0.01 0.0 0 7.0 29 160 M M 4 3 43 130
17 97 73 85 6 0 20 0.00 0.0 0 4.2 14 210 M M 4 17 220
18 97 74 86 7 0 21 T 0.0 0 3.5 18 220 M M 4 3 23 220
19 96 73 85 6 0 20 0.00 0.0 0 5.3 15 340 M M 5 3 22 340
20 97 74 86 7 0 21 0.25 0.0 0 5.8 17 270 M M 4 13 23 240
21 94 72 83 4 0 18 T 0.0 0 6.0 23 190 M M 8 3 30 190
22 93 73 83 4 0 18 T 0.0 0 6.0 16 150 M M 7 3 21 180
23 93 73 83 4 0 18 0.12 0.0 0 5.0 36 280 M M 7 13 48 290
24 85 72 79 1 0 14 0.40 0.0 0 3.6 13 110 M M 8 3 16 120
25 88 69 79 1 0 14 0.48 0.0 0 2.9 25 300 M M 6 13 38 300
26 92 68 80 2 0 15 T 0.0 0 3.6 15 240 M M 3 13 21 330
27 90 71 81 3 0 16 0.10 0.0 0 4.0 18 280 M M 5 3 26 280
28 90 71 81 3 0 16 T 0.0 0 4.9 13 260 M M 6 3 16 280
29 92 72 82 4 0 17 T 0.0 0 4.6 18 190 M M 7 24 200
30 89 73 81 3 0 16 0.37 0.0 0 9.6 22 230 M M 7 13 28 240
31 93 72 83 5 0 18 0.30 0.0 0 10.8 33 290 M M 7 13 46 290
================================================================================
SM 2840 2193 0 509 2.58 0.0 150.4 M 162
================================================================================
AV 91.6 70.7 4.9 FASTST M M 5 MAX(MPH)
MISC ----> 36 280 48 290
================================================================================
NOTES:
# LAST OF SEVERAL OCCURRENCES
COLUMN 17 PEAK WIND IN M.P.H.
PRELIMINARY LOCAL CLIMATOLOGICAL DATA (WS FORM: F-6) , PAGE 2
STATION: KNOXVILLE ASOS
MONTH: JULY
YEAR: 2020
LATITUDE: 35 49 N
LONGITUDE: 83 59 W
[TEMPERATURE DATA] [PRECIPITATION DATA] SYMBOLS USED IN COLUMN 16
AVERAGE MONTHLY: 81.2 TOTAL FOR MONTH: 2.58 1 = FOG OR MIST
DPTR FM NORMAL: 2.8 DPTR FM NORMAL: -2.50 2 = FOG REDUCING VISIBILITY
HIGHEST: 97 ON 20,18 GRTST 24HR 0.83 ON 24-25 TO 1/4 MILE OR LESS
LOWEST: 65 ON 14 3 = THUNDER
SNOW, ICE PELLETS, HAIL 4 = ICE PELLETS
TOTAL MONTH: 0.0 INCH 5 = HAIL
GRTST 24HR 0.0 6 = FREEZING RAIN OR DRIZZLE
GRTST DEPTH: 0 7 = DUSTSTORM OR SANDSTORM:
VSBY 1/2 MILE OR LESS
8 = SMOKE OR HAZE
[NO. OF DAYS WITH] [WEATHER - DAYS WITH] 9 = BLOWING SNOW
X = TORNADO
MAX 32 OR BELOW: 0 0.01 INCH OR MORE: 12
MAX 90 OR ABOVE: 23 0.10 INCH OR MORE: 9
MIN 32 OR BELOW: 0 0.50 INCH OR MORE: 0
MIN 0 OR BELOW: 0 1.00 INCH OR MORE: 0
[HDD (BASE 65) ]
TOTAL THIS MO. 0 CLEAR (SCALE 0-3) 5
DPTR FM NORMAL 0 PTCLDY (SCALE 4-7) 23
TOTAL FM JUL 1 0 CLOUDY (SCALE 8-10) 3
DPTR FM NORMAL 0
[CDD (BASE 65) ]
TOTAL THIS MO. 509
DPTR FM NORMAL 92 [PRESSURE DATA]
TOTAL FM JAN 1 975 HIGHEST SLP 30.19 ON 26
DPTR FM NORMAL 91 LOWEST SLP 29.75 ON 12
[REMARKS]
#FINAL-07-20#