000
CXUS56 KPQR 011155
CF6UAO
PRELIMINARY LOCAL CLIMATOLOGICAL DATA (WS FORM: F-6)
STATION: AURORA STATE OR
MONTH: MAY
YEAR: 2021
LATITUDE: 45 15 N
LONGITUDE: 122 46 W
TEMPERATURE IN F: :PCPN: SNOW: WIND :SUNSHINE: SKY :PK WND
================================================================================
1 2 3 4 5 6A 6B 7 8 9 10 11 12 13 14 15 16 17 18
12Z AVG MX 2MIN
DY MAX MIN AVG DEP HDD CDD WTR SNW DPTH SPD SPD DIR MIN PSBL S-S WX SPD DR
================================================================================
1 59 47 53 -3 12 0 T M M 3.8 13 360 M M 10 8 17 360
2 65 49 57 1 8 0 0.00 M M 2.5 10 340 M M 6 15 330
3 64 46 55 -1 10 0 0.03 M M 2.5 9 250 M M 8 1 15 240
4 69 51 60 4 5 0 0.00 M M 4.3 12 20 M M 4 15 20
5 82 45 64 7 1 0 0.00 M M 3.9 10 10 M M 0 13 20
6 65 48 57 0 8 0 0.04 M M 7.9 20 180 M M 5 1 28 260
7 61 41 51 -6 14 0 0.10 M M 6.2 15 240 M M 5 1 21 250
8 62 37 50 -7 15 0 0.00 M M 1.9 10 240 M M 8 1 15 220
9 65 50 58 0 7 0 T M M 3.9 10 340 M M 7 14 340
10 71 46 59 1 6 0 0.00 M M 4.9 14 20 M M 3 17 10
11 75 44 60 2 5 0 0.00 M M 5.1 14 20 M M 0 22 10
12 80 46 63 5 2 0 0.00 M M 4.5 14 20 M M 0 19 20
13 80 50 65 7 0 0 0.00 M M 4.8 16 30 M M 0 20 20
14 82 53 68 9 0 3 0.00 M M 5.9 21 360 M M 0 27 350
15 81 45 63 4 2 0 0.00 M M 6.0 14 360 M M 0 18 360
16 83 48 66 7 0 1 0.00 M M 2.7 10 360 M M 0 14 10
17 65 47 56 -3 9 0 0.00 M M 6.6 17 250 M M 7 25 220
18 64 44 54 -5 11 0 0.02 M M 5.7 15 240 M M 5 22 260
19 58 42 50 -10 15 0 0.33 M M 2.9 16 310 M M 8 38 23 290
20 57 40 49 -11 16 0 0.04 M M 3.4 10 50 M M 8 8 14 210
21 62 41 52 -8 13 0 0.00 M M 2.8 12 340 M M 7 16 360
22 68 49 59 -1 6 0 0.00 M M 4.1 13 340 M M 9 17 340
23 65 50 58 -2 7 0 0.01 M M 7.1 17 180 M M 9 21 160
24 63 49 56 -4 9 0 0.21 M M 6.2 20 180 M M 10 18 25 180
25 65 54 60 0 5 0 0.03 M M 4.4 14 250 M M 9 1 18 240
26 72 47 60 0 5 0 0.00 M M 3.3 14 190 M M 3 21 190
27 62 50 56 -4 9 0 0.21 M M 10.6 20 250 M M 8 1 28 190
28 69 49 59 -2 6 0 0.00 M M 6.8 17 30 M M 5 21 30
29 82 46 64 3 1 0 0.00 M M 4.4 10 50 M M 0 14 10
30 85 51 68 7 0 3 0.00 M M 4.0 12 20 M M 0 15 20
31 88 54 71 10 0 6 0.00 M M 4.8 13 40 M M 0 15 30
================================================================================
SM 2169 1459 207 13 1.02 M 147.9 M 144
================================================================================
AV 70.0 47.1 4.8 FASTST M M 5 MAX(MPH)
MISC ----> 21 360 # 28 260
================================================================================
NOTES:
# LAST OF SEVERAL OCCURRENCES
COLUMN 17 PEAK WIND IN M.P.H.
PRELIMINARY LOCAL CLIMATOLOGICAL DATA (WS FORM: F-6) , PAGE 2
STATION: AURORA STATE OR
MONTH: MAY
YEAR: 2021
LATITUDE: 45 15 N
LONGITUDE: 122 46 W
[TEMPERATURE DATA] [PRECIPITATION DATA] SYMBOLS USED IN COLUMN 16
AVERAGE MONTHLY: 58.5 TOTAL FOR MONTH: 1.02 1 = FOG OR MIST
DPTR FM NORMAL: -0.2 DPTR FM NORMAL: -1.53 2 = FOG REDUCING VISIBILITY
HIGHEST: 88 ON 31 GRTST 24HR 0.36 ON 30- 1 TO 1/4 MILE OR LESS
LOWEST: 37 ON 8 3 = THUNDER
SNOW, ICE PELLETS, HAIL 4 = ICE PELLETS
TOTAL MONTH: M 5 = HAIL
GRTST 24HR M ON M 6 = FREEZING RAIN OR DRIZZLE
GRTST DEPTH: M ON M 7 = DUSTSTORM OR SANDSTORM:
VSBY 1/2 MILE OR LESS
8 = SMOKE OR HAZE
[NO. OF DAYS WITH] [WEATHER - DAYS WITH] 9 = BLOWING SNOW
X = TORNADO
MAX 32 OR BELOW: 0 0.01 INCH OR MORE: 10
MAX 90 OR ABOVE: 0 0.10 INCH OR MORE: 4
MIN 32 OR BELOW: 0 0.50 INCH OR MORE: 0
MIN 0 OR BELOW: 0 1.00 INCH OR MORE: 0
[HDD (BASE 65) ]
TOTAL THIS MO. 207 CLEAR (SCALE 0-3) 11
DPTR FM NORMAL -7 PTCLDY (SCALE 4-7) 14
TOTAL FM JUL 1 3839 CLOUDY (SCALE 8-10) 6
DPTR FM NORMAL -227
[CDD (BASE 65) ]
TOTAL THIS MO. 13
DPTR FM NORMAL -7 [PRESSURE DATA]
TOTAL FM JAN 1 13 HIGHEST SLP 30.44 ON 8
DPTR FM NORMAL -9 LOWEST SLP 29.80 ON 5
[REMARKS]
#FINAL-05-21#