000
CXUS56 KPQR 011538
CLMUAO
CLIMATE REPORT
NATIONAL WEATHER SERVICE PORTLAND OREGON
738 AM PST FRI MAR 01 2024
...................................
...THE AURORA STATE OR CLIMATE SUMMARY FOR THE MONTH OF FEBRUARY 2024...
CLIMATE NORMAL PERIOD 1991 TO 2020
CLIMATE RECORD PERIOD 9999 TO 9999
WEATHER OBSERVED NORMAL DEPART LAST YEAR`S
VALUE DATE(S) VALUE FROM VALUE DATE(S)
NORMAL
................................................................
TEMPERATURE (F)
HIGHEST 60 56 02/09
LOWEST 32 21 02/25
AVG. MAXIMUM 52.3 52.5 -0.2 47.9
AVG. MINIMUM 39.4 37.0 2.4 33.4
MEAN 45.8 44.7 1.1 40.7
DAYS MAX >= 90 0 0.0 0.0 0
DAYS MAX <= 32 0 0.2 -0.2 0
DAYS MIN <= 32 1 7.5 -6.5 13
DAYS MIN <= 0 0 0.0 0.0 0
PRECIPITATION (INCHES)
RECORD
MAXIMUM 2.54 2023
MINIMUM 1.94 2021
TOTALS 5.12 4.03 1.09 2.54
DAYS >= .01 21 17.4 3.6 15
DAYS >= .10 13 10.2 2.8 9
DAYS >= .50 3 2.2 0.8 0
DAYS >= 1.00 1 0.3 0.7 0
GREATEST
24 HR. TOTAL 1.55 02/28 TO 02/29
DEGREE DAYS
HEATING TOTAL 547 567 -20 677
SINCE 7/1 2825 2989 -164 MM
COOLING TOTAL 0 0 0 0
SINCE 1/1 0 0 0 MM
................................................................
WIND (MPH)
AVERAGE WIND SPEED 6.1
RESULTANT WIND SPEED/DIRECTION 1/160
HIGHEST WIND SPEED/DIRECTION 29/180 DATE 02/28
HIGHEST GUST SPEED/DIRECTION 40/190 DATE 02/28
SKY COVER
POSSIBLE SUNSHINE (PERCENT) MM
AVERAGE SKY COVER 0.72
AVERAGE RH (PERCENT) 79
WEATHER CONDITIONS. NUMBER OF DAYS WITH
THUNDERSTORM 0 MIXED PRECIP 0
HEAVY RAIN 1 RAIN 5
LIGHT RAIN 22 FREEZING RAIN 0
LT FREEZING RAIN 0 HAIL 0
HEAVY SNOW 0 SNOW 0
LIGHT SNOW 0 SLEET 0
FOG 24 FOG W/VIS <= 1/4 MILE 2
HAZE 2
- INDICATES NEGATIVE NUMBERS.
R INDICATES RECORD WAS SET OR TIED.
MM INDICATES DATA IS MISSING.
T INDICATES TRACE AMOUNT.
$$