000
CXUS55 KSEW 020122
CF6UIL
PRELIMINARY LOCAL CLIMATOLOGICAL DATA (WS FORM: F-6)
STATION: QUILLAYUTE WA AIRPORT
MONTH: NOVEMBER
YEAR: 2020
LATITUDE: 47 57 N
LONGITUDE: 124 33 W
TEMPERATURE IN F: :PCPN: SNOW: WIND :SUNSHINE: SKY :PK WND
================================================================================
1 2 3 4 5 6A 6B 7 8 9 10 11 12 13 14 15 16 17 18
12Z AVG MX 2MIN
DY MAX MIN AVG DEP HDD CDD WTR SNW DPTH SPD SPD DIR MIN PSBL S-S WX SPD DR
================================================================================
1 58 36 47 0 18 0 0.00 0.0 0 M M M M M 0 M M
2 54 37 46 -1 19 0 0.00 0.0 0 M 16 140 M M 5 24 140
3 57 50 54 8 11 0 3.14 0.0 0 8.7 17 190 M M 10 1 29 180
4 57 53 55 9 10 0 1.29 0.0 0 12.7 21 240 M M 10 1 36 190
5 54 45 50 4 15 0 0.03 0.0 0 5.1 17 30 M M 4 1 27 20
6 55 32 44 -2 21 0 0.00 0.0 0 6.9 15 30 M M 0 21 30
7 49 28 39 -7 26 0 0.00 0.0 0 2.9 14 350 M M 2 1 20 20
8 49 24 37 -9 28 0 0.00 0.0 0 5.3 23 30 M M 0 29 40
9 46 29 38 -7 27 0 0.18 0.0 0 6.4 21 270 M M 7 33 270
10 50 30 40 -5 25 0 0.14 0.0 0 3.8 14 270 M M 8 1 18 300
11 48 32 40 -5 25 0 T 0.0 0 4.5 12 190 M M 8 17 190
12 49 37 43 -2 22 0 2.48 0.0 0 8.3 20 230 M M 9 1 30 230
13 50 37 44 -1 21 0 1.59 0.0 0 11.5 28 290 M M 8 40 290
14 47 34 41 -3 24 0 0.58 0.0 0 6.0 15 140 M M 7 18 26 130
15 52 42 47 3 18 0 0.43 0.0 0 6.1 24 240 M M 8 38 33 230
16 60 42 51 7 14 0 0.83 0.0 0 8.2 22 160 M M 9 1 41 130
17 62 46 54 10 11 0 0.98 0.0 0 13.4 30 170 M M 3 1 54 170
18 48 37 43 -1 22 0 0.84 0.0 0 3.1 16 220 M M 10 18 22 220
19 49 34 42 -2 23 0 0.40 0.0 0 2.7 17 290 M M 7 138 23 270
20 50 40 45 2 20 0 0.11 0.0 0 4.1 15 220 M M 10 18 23 230
21 51 34 43 0 22 0 0.00 0.0 0 3.9 9 80 M M 2 18 13 80
22 45 37 41 -2 24 0 0.21 0.0 0 3.5 12 140 M M 8 8 19 150
23 49 38 44 1 21 0 0.30 0.0 0 3.4 18 350 M M 10 8 24 350
24 49 35 42 -1 23 0 1.41 0.0 0 5.8 33 240 M M 8 18 44 250
25 47 36 42 0 23 0 0.08 0.0 0 3.2 9 330 M M 9 18 12 310
26 47 37 42 0 23 0 0.07 0.0 0 5.0 10 160 M M 9 8 15 150
27 49 44 47 5 18 0 0.50 0.0 0 7.6 18 240 M M 10 30 150
28 50 32 41 -1 24 0 0.03 0.0 0 1.9 7 90 M M 5 128 9 100
29 50 30 40 -2 25 0 0.05 0.0 0 5.5 18 150 M M 7 1 33 140
30 50 35 43 1 22 0 0.65 0.0 0 10.2 32 250 M M 8 8 42 280
================================================================================
SM 1531 1103 625 0 16.32 0.0 169.7 M 201
================================================================================
AV 51.0 36.8 6.1 FASTST M M 7 MAX(MPH)
MISC ----> # 33 240 # 54 170
================================================================================
NOTES:
# LAST OF SEVERAL OCCURRENCES
COLUMN 17 PEAK WIND IN M.P.H.
PRELIMINARY LOCAL CLIMATOLOGICAL DATA (WS FORM: F-6) , PAGE 2
STATION: QUILLAYUTE WA AIRPORT
MONTH: NOVEMBER
YEAR: 2020
LATITUDE: 47 57 N
LONGITUDE: 124 33 W
[TEMPERATURE DATA] [PRECIPITATION DATA] SYMBOLS USED IN COLUMN 16
AVERAGE MONTHLY: 43.9 TOTAL FOR MONTH: 16.32 1 = FOG OR MIST
DPTR FM NORMAL: -0.3 DPTR FM NORMAL: 0.80 2 = FOG REDUCING VISIBILITY
HIGHEST: 62 ON 17 GRTST 24HR 3.14 ON 3- 3 TO 1/4 MILE OR LESS
LOWEST: 24 ON 8 3 = THUNDER
SNOW, ICE PELLETS, HAIL 4 = ICE PELLETS
TOTAL MONTH: 0.0 INCH 5 = HAIL
GRTST 24HR 0.0 6 = FREEZING RAIN OR DRIZZLE
GRTST DEPTH: 0 7 = DUSTSTORM OR SANDSTORM:
VSBY 1/2 MILE OR LESS
8 = SMOKE OR HAZE
[NO. OF DAYS WITH] [WEATHER - DAYS WITH] 9 = BLOWING SNOW
X = TORNADO
MAX 32 OR BELOW: 0 0.01 INCH OR MORE: 23
MAX 90 OR ABOVE: 0 0.10 INCH OR MORE: 18
MIN 32 OR BELOW: 8 0.50 INCH OR MORE: 11
MIN 0 OR BELOW: 0 1.00 INCH OR MORE: 5
[HDD (BASE 65) ]
TOTAL THIS MO. 625 CLEAR (SCALE 0-3) 5
DPTR FM NORMAL 1 PTCLDY (SCALE 4-7) 12
TOTAL FM JUL 1 1465 CLOUDY (SCALE 8-10) 13
DPTR FM NORMAL -249
[CDD (BASE 65) ]
TOTAL THIS MO. 0
DPTR FM NORMAL 0 [PRESSURE DATA]
TOTAL FM JAN 1 39 HIGHEST SLP 30.51 ON 30
DPTR FM NORMAL 20 LOWEST SLP 29.13 ON 17
[REMARKS]
CORRECTEDO0O
#FINAL-11-20#