000
CXUS53 KLSX 181400
CF6UIN
PRELIMINARY LOCAL CLIMATOLOGICAL DATA (WS FORM: F-6)
STATION: QUINCY IL
MONTH: APRIL
YEAR: 2024
LATITUDE: 39 57 N
LONGITUDE: 91 12 W
TEMPERATURE IN F: :PCPN: SNOW: WIND :SUNSHINE: SKY :PK WND
================================================================================
1 2 3 4 5 6A 6B 7 8 9 10 11 12 13 14 15 16 17 18
12Z AVG MX 2MIN
DY MAX MIN AVG DEP HDD CDD WTR SNW DPTH SPD SPD DIR MIN PSBL S-S WX SPD DR
================================================================================
1 68 49 59 11 6 0 0.53 0.0 0 9.7 22 190 M M 9 13 30 180
2 60 40 50 2 15 0 0.10 M 0 15.0 29 300 M M 10 1 39 300
3 43 36 40 -9 25 0 0.04 M M 18.6 29 350 M M 10 1 41 310
4 47 35 41 -8 24 0 0.00 0.0 0 13.4 23 330 M M 9 30 320
5 53 31 42 -8 23 0 0.00 0.0 0 7.4 15 20 M M 2 22 20
6 58 33 46 -4 19 0 0.00 0.0 0 14.8 24 120 M M 0 31 130
7 73 45 59 9 6 0 0.30 0.0 0 15.7 31 220 M M 4 1 43 210
8 75 47 61 10 4 0 0.00 0.0 0 8.3 18 200 M M 3 25 200
9 65 43 54 3 11 0 0.00 0.0 0 6.9 15 270 M M 0 20 290
10 71 45 58 7 7 0 0.00 0.0 0 8.2 17 50 M M 3 25 30
11 67 49 58 6 7 0 0.00 0.0 0 16.2 33 310 M M 5 43 300
12 67 46 57 5 8 0 0.00 0.0 0 15.3 28 310 M M 0 38 330
13 81 41 61 9 4 0 0.00 0.0 0 9.7 18 200 M M 0 29 160
14 84 63 74 21 0 9 0.00 0.0 0 9.5 22 240 M M 0 33 240
15 82 50 66 13 0 1 0.00 M M 9.5 20 110 M M 0 27 100
16 80 64 72 18 0 7 0.30 M M 16.9 30 180 M M 3 13 45 170
17 70 51 61 7 4 0 0.00 M M 13.7 28 240 M M 4 40 230
================================================================================
SM 1144 768 163 17 1.27 0.0 208.8 M 62
================================================================================
AV 67.3 45.2 12.3 FASTST M M 4 MAX(MPH)
MISC ----> 33 310 45 170
================================================================================
NOTES:
# LAST OF SEVERAL OCCURRENCES
COLUMN 17 PEAK WIND IN M.P.H.
PRELIMINARY LOCAL CLIMATOLOGICAL DATA (WS FORM: F-6) , PAGE 2
STATION: QUINCY IL
MONTH: APRIL
YEAR: 2024
LATITUDE: 39 57 N
LONGITUDE: 91 12 W
[TEMPERATURE DATA] [PRECIPITATION DATA] SYMBOLS USED IN COLUMN 16
AVERAGE MONTHLY: 56.2 TOTAL FOR MONTH: 1.27 1 = FOG OR MIST
DPTR FM NORMAL: 5.2 DPTR FM NORMAL: -0.76 2 = FOG REDUCING VISIBILITY
HIGHEST: 84 ON 14 GRTST 24HR 0.62 ON 1- 2 TO 1/4 MILE OR LESS
LOWEST: 31 ON 5 3 = THUNDER
SNOW, ICE PELLETS, HAIL 4 = ICE PELLETS
TOTAL MONTH: 0.0 INCH 5 = HAIL
GRTST 24HR 0.0 6 = FREEZING RAIN OR DRIZZLE
GRTST DEPTH: 0 7 = DUSTSTORM OR SANDSTORM:
VSBY 1/2 MILE OR LESS
8 = SMOKE OR HAZE
[NO. OF DAYS WITH] [WEATHER - DAYS WITH] 9 = BLOWING SNOW
X = TORNADO
MAX 32 OR BELOW: 0 0.01 INCH OR MORE: 5
MAX 90 OR ABOVE: 0 0.10 INCH OR MORE: 4
MIN 32 OR BELOW: 1 0.50 INCH OR MORE: 1
MIN 0 OR BELOW: 0 1.00 INCH OR MORE: 0
[HDD (BASE 65) ]
TOTAL THIS MO. 163 CLEAR (SCALE 0-3) 9
DPTR FM NORMAL -81 PTCLDY (SCALE 4-7) 4
TOTAL FM JUL 1 4148 CLOUDY (SCALE 8-10) 4
DPTR FM NORMAL -1072
[CDD (BASE 65) ]
TOTAL THIS MO. 17
DPTR FM NORMAL 17 [PRESSURE DATA]
TOTAL FM JAN 1 19 HIGHEST SLP M ON M
DPTR FM NORMAL 17 LOWEST SLP 29.41 ON 2
[REMARKS]