000
CXUS53 KLSX 012239
CF6UIN
PRELIMINARY LOCAL CLIMATOLOGICAL DATA (WS FORM: F-6)
STATION: QUINCY IL
MONTH: NOVEMBER
YEAR: 2022
LATITUDE: 39 57 N
LONGITUDE: 91 12 W
TEMPERATURE IN F: :PCPN: SNOW: WIND :SUNSHINE: SKY :PK WND
================================================================================
1 2 3 4 5 6A 6B 7 8 9 10 11 12 13 14 15 16 17 18
12Z AVG MX 2MIN
DY MAX MIN AVG DEP HDD CDD WTR SNW DPTH SPD SPD DIR MIN PSBL S-S WX SPD DR
================================================================================
1 72 42 57 9 8 0 0.00 0.0 0 5.8 13 200 M M 0 18 17 210
2 75 46 61 13 4 0 0.00 0.0 0 7.1 16 190 M M 0 22 210
3 76 57 67 19 0 2 0.00 0.0 0 12.4 23 180 M M 0 33 140
4 81 52 67 20 0 2 0.28 0.0 0 14.2 33 300 M M 8 1 40 300
5 65 44 55 8 10 0 0.13 0.0 0 17.5 32 210 M M 6 1 49 210
6 64 45 55 9 10 0 0.00 0.0 0 10.4 17 210 M M 0 28 190
7 57 36 47 1 18 0 0.00 0.0 0 8.7 17 30 M M 0 23 80
8 63 39 51 6 14 0 0.00 0.0 0 9.9 17 130 M M 4 23 130
9 79 54 67 22 0 2 T 0.0 0 9.4 17 200 M M 1 24 200
10 78 44 61 17 4 0 0.00 0.0 0 13.4 25 340 M M 4 36 340
11 45 28 37 -7 28 0 0.07 M M 17.0 25 320 M M 8 1 31 330
12 31 28 30 -14 35 0 0.00 0.0 0 13.8 20 320 M M 10 26 320
13 36 26 31 -12 34 0 0.00 0.0 0 5.6 14 310 M M 6 18 320
14 42 22 32 -11 33 0 0.00 0.0 0 7.8 15 160 M M 4 20 130
15 37 32 35 -7 30 0 0.05 M M 7.4 18 280 M M 10 1 25 300
16 32 25 29 -13 36 0 T M M 13.5 21 290 M M 9 18 28 290
17 39 20 30 -12 35 0 0.00 0.0 0 12.2 25 300 M M 6 34 300
18 28 16 22 -19 43 0 0.00 0.0 0 13.0 25 290 M M 5 33 280
19 32 17 25 -16 40 0 T T 0 14.9 28 310 M M 3 37 310
20 42 14 28 -12 37 0 0.00 0.0 0 10.6 20 200 M M 0 29 190
21 54 28 41 1 24 0 0.00 0.0 0 9.3 20 240 M M 0 25 230
22 58 27 43 3 22 0 0.00 0.0 0 8.3 14 210 M M 0 19 240
23 59 35 47 8 18 0 0.00 0.0 0 7.5 13 170 M M 1 19 180
24 52 44 48 9 17 0 0.01 0.0 0 4.9 16 190 M M 9 12 22 300
25 54 29 42 4 23 0 0.00 0.0 0 5.0 12 330 M M 0 18 14 340
26 56 27 42 4 23 0 T 0.0 0 7.9 15 190 M M 1 18 190
27 48 36 42 4 23 0 0.95 0.0 0 12.4 26 360 M M 9 18 36 350
28 51 33 42 5 23 0 0.00 0.0 0 8.0 14 160 M M 1 1 20 170
29 65 26 46 9 19 0 0.00 0.0 0 16.8 32 300 M M 5 1 45 290
30 33 21 27 -9 38 0 0.00 0.0 0 13.2 23 280 M M 0 34 270
================================================================================
SM 1604 993 649 6 1.49 T 317.9 M 110
================================================================================
AV 53.5 33.1 10.6 FASTST M M 4 MAX(MPH)
MISC ----> 33 300 49 210
================================================================================
NOTES:
# LAST OF SEVERAL OCCURRENCES
COLUMN 17 PEAK WIND IN M.P.H.
PRELIMINARY LOCAL CLIMATOLOGICAL DATA (WS FORM: F-6) , PAGE 2
STATION: QUINCY IL
MONTH: NOVEMBER
YEAR: 2022
LATITUDE: 39 57 N
LONGITUDE: 91 12 W
[TEMPERATURE DATA] [PRECIPITATION DATA] SYMBOLS USED IN COLUMN 16
AVERAGE MONTHLY: 43.3 TOTAL FOR MONTH: 1.49 1 = FOG OR MIST
DPTR FM NORMAL: 1.0 DPTR FM NORMAL: -0.92 2 = FOG REDUCING VISIBILITY
HIGHEST: 81 ON 4 GRTST 24HR 0.95 ON 26-27 TO 1/4 MILE OR LESS
LOWEST: 14 ON 20 3 = THUNDER
SNOW, ICE PELLETS, HAIL 4 = ICE PELLETS
TOTAL MONTH: T 5 = HAIL
GRTST 24HR T ON 19-19 6 = FREEZING RAIN OR DRIZZLE
GRTST DEPTH: 0 7 = DUSTSTORM OR SANDSTORM:
VSBY 1/2 MILE OR LESS
8 = SMOKE OR HAZE
[NO. OF DAYS WITH] [WEATHER - DAYS WITH] 9 = BLOWING SNOW
X = TORNADO
MAX 32 OR BELOW: 4 0.01 INCH OR MORE: 6
MAX 90 OR ABOVE: 0 0.10 INCH OR MORE: 3
MIN 32 OR BELOW: 16 0.50 INCH OR MORE: 1
MIN 0 OR BELOW: 0 1.00 INCH OR MORE: 0
[HDD (BASE 65) ]
TOTAL THIS MO. 649 CLEAR (SCALE 0-3) 15
DPTR FM NORMAL -33 PTCLDY (SCALE 4-7) 10
TOTAL FM JUL 1 1053 CLOUDY (SCALE 8-10) 5
DPTR FM NORMAL -38
[CDD (BASE 65) ]
TOTAL THIS MO. 6
DPTR FM NORMAL 5 [PRESSURE DATA]
TOTAL FM JAN 1 1370 HIGHEST SLP 30.53 ON 7
DPTR FM NORMAL 217 LOWEST SLP 29.35 ON 5
[REMARKS]
#FINAL-11-22#