000
CXUS53 KSGF 010810
CF6UNO
PRELIMINARY LOCAL CLIMATOLOGICAL DATA (WS FORM: F-6)
STATION: WEST PLAINS MO
MONTH: NOVEMBER
YEAR: 2023
LATITUDE: 36 52 N
LONGITUDE: 91 55 W
TEMPERATURE IN F: :PCPN: SNOW: WIND :SUNSHINE: SKY :PK WND
================================================================================
1 2 3 4 5 6A 6B 7 8 9 10 11 12 13 14 15 16 17 18
12Z AVG MX 2MIN
DY MAX MIN AVG DEP HDD CDD WTR SNW DPTH SPD SPD DIR MIN PSBL S-S WX SPD DR
================================================================================
1 48 20 34 -18 31 0 0.00 M M 2.9 9 200 M M 0 17 200
2 61 29 45 -7 20 0 0.00 M M 6.4 14 170 M M 0 20 160
3 67 37 52 1 13 0 0.00 M M 8.1 15 190 M M 0 23 210
4 72 48 60 9 5 0 0.01 M M 5.1 13 310 M M 2 8 19 320
5 71 42 57 7 8 0 0.00 M M 4.0 12 160 M M 3 16 170
6 79 53 66 16 0 1 0.00 M M 7.2 14 220 M M 0 22 200
7 80 53 67 17 0 2 0.00 M M 6.0 15 170 M M 1 12 23 130
8 81 59 70 21 0 5 0.00 M M 9.2 21 220 M M 1 1 29 200
9 63 46 55 6 10 0 0.04 M M 7.9 20 20 M M 5 29 10
10 64 39 52 4 13 0 0.00 M M 5.9 14 30 M M 0 18 30
11 56 33 45 -3 20 0 0.00 M M 3.8 13 100 M M 2 17 100
12 65 30 48 0 17 0 0.00 M M 0.9 6 200 M M 1 9 170
13 71 38 55 8 10 0 0.00 M M 2.6 12 50 M M 0 16 30
14 65 35 50 3 15 0 0.00 M M 2.6 12 110 M M 0 16 110
15 69 33 51 4 14 0 0.00 M M 2.3 12 170 M M 0 14 170
16 64 43 54 8 11 0 0.00 M M 7.2 15 180 M M 9 22 190
17 69 44 57 11 8 0 0.00 M M 6.8 14 330 M M 6 1 19 340
18 63 31 47 1 18 0 0.00 M M 1.8 8 250 M M 0 11 230
19 55 31 43 -2 22 0 0.05 M M 4.0 15 110 M M 4 21 100
20 50 43 47 2 18 0 0.50 M M 5.3 16 110 M M 10 12 23 110
21 51 41 46 1 19 0 T M M 10.8 18 320 M M 9 1 31 300
22 50 31 41 -3 24 0 0.00 M M 3.6 12 280 M M 1 17 260
23 62 29 46 2 19 0 0.00 M M 2.7 8 20 M M 0 13 250
24 49 31 40 -4 25 0 0.00 M M 9.5 15 50 M M 0 20 20
25 49 28 39 -4 26 0 0.00 M M 4.3 8 130 M M 1 12 120
26 42 29 36 -7 29 0 0.09 M M 9.0 21 310 M M 8 1 33 300
27 48 23 36 -7 29 0 0.00 M M 6.9 18 270 M M 0 29 260
28 46 24 35 -7 30 0 0.00 M M 4.7 9 200 M M 0 14 210
29 61 32 47 5 18 0 0.00 M M 6.3 14 280 M M 0 20 240
30 49 40 45 3 20 0 0.80 M M 8.1 20 150 M M 8 1 30 160
================================================================================
SM 1820 1095 492 8 1.49 M 165.9 M 71
================================================================================
AV 60.7 36.5 5.5 FASTST M M 2 MAX(MPH)
MISC ----> # 21 220 33 300
================================================================================
NOTES:
# LAST OF SEVERAL OCCURRENCES
COLUMN 17 PEAK WIND IN M.P.H.
PRELIMINARY LOCAL CLIMATOLOGICAL DATA (WS FORM: F-6) , PAGE 2
STATION: WEST PLAINS MO
MONTH: NOVEMBER
YEAR: 2023
LATITUDE: 36 52 N
LONGITUDE: 91 55 W
[TEMPERATURE DATA] [PRECIPITATION DATA] SYMBOLS USED IN COLUMN 16
AVERAGE MONTHLY: 48.6 TOTAL FOR MONTH: 1.49 1 = FOG OR MIST
DPTR FM NORMAL: 2.0 DPTR FM NORMAL: -2.85 2 = FOG REDUCING VISIBILITY
HIGHEST: 81 ON 8 GRTST 24HR 0.80 ON 30-30 TO 1/4 MILE OR LESS
LOWEST: 20 ON 1 3 = THUNDER
SNOW, ICE PELLETS, HAIL 4 = ICE PELLETS
TOTAL MONTH: M 5 = HAIL
GRTST 24HR M ON M 6 = FREEZING RAIN OR DRIZZLE
GRTST DEPTH: M ON M 7 = DUSTSTORM OR SANDSTORM:
VSBY 1/2 MILE OR LESS
8 = SMOKE OR HAZE
[NO. OF DAYS WITH] [WEATHER - DAYS WITH] 9 = BLOWING SNOW
X = TORNADO
MAX 32 OR BELOW: 0 0.01 INCH OR MORE: 6
MAX 90 OR ABOVE: 0 0.10 INCH OR MORE: 2
MIN 32 OR BELOW: 13 0.50 INCH OR MORE: 2
MIN 0 OR BELOW: 0 1.00 INCH OR MORE: 0
[HDD (BASE 65) ]
TOTAL THIS MO. 492 CLEAR (SCALE 0-3) 22
DPTR FM NORMAL -62 PTCLDY (SCALE 4-7) 5
TOTAL FM JUL 1 706 CLOUDY (SCALE 8-10) 3
DPTR FM NORMAL -141
[CDD (BASE 65) ]
TOTAL THIS MO. 8
DPTR FM NORMAL 6 [PRESSURE DATA]
TOTAL FM JAN 1 1480 HIGHEST SLP M ON M
DPTR FM NORMAL 111 LOWEST SLP 29.66 ON 8
[REMARKS]
#FINAL-11-23#