000
CXUS53 KUNR 010945
CF6UNR
PRELIMINARY LOCAL CLIMATOLOGICAL DATA (WS FORM: F-6)
STATION: EAST RAPID CITY SD
MONTH: SEPTEMBER
YEAR: 2020
LATITUDE: 44 4 N
LONGITUDE: 103 13 W
TEMPERATURE IN F: :PCPN: SNOW: WIND :SUNSHINE: SKY :PK WND
================================================================================
1 2 3 4 5 6A 6B 7 8 9 10 11 12 13 14 15 16 17 18
12Z AVG MX 2MIN
DY MAX MIN AVG DEP HDD CDD WTR SNW DPTH SPD SPD DIR MIN PSBL S-S WX SPD DR
================================================================================
1 79 52 66 -2 0 1 0.00 0.0 0 7.5 17 330 M M M 24 10
2 94 61 78 11 0 13 0.00 0.0 0 11.2 38 330 M M M 54 350
3 77 54 66 -1 0 1 0.00 0.0 0 6.6 25 340 M M M 40 350
4 84 55 70 3 0 5 0.00 0.0 0 5.3 14 40 M M M 18 40
5 102 59 81 15 0 16 0.00 0.0 0 5.9 17 300 M M M 24 300
6 82 58 70 4 0 5 0.00 0.0 0 11.6 24 10 M M M 32 360
7 58 31 45 -20 20 0 0.97 1.0 1 11.5 23 10 M M M 33 10
8 42 31 37 -28 28 0 0.11 T T 7.0 15 360 M M M 4 21 340
9 53 32 43 -21 22 0 0.00 0.0 0 5.2 13 130 M M M 17 150
10 64 37 51 -13 14 0 0.03 0.0 0 5.6 12 110 M M M 16 140
11 63 47 55 -9 10 0 0.09 0.0 0 6.5 20 130 M M M 26 140
12 76 49 63 0 2 0 0.02 0.0 0 7.2 21 360 M M M 30 350
13 75 52 64 1 1 0 0.00 0.0 0 6.8 16 360 M M M 22 360
14 94 45 70 8 0 5 0.00 0.0 0 5.8 14 200 M M M 1 22 160
15 81 64 73 11 0 8 0.00 0.0 0 8.8 15 360 M M M 22 250
16 65 51 58 -3 7 0 0.00 0.0 0 8.4 21 360 M M M 28 360
17 72 50 61 0 4 0 0.00 0.0 0 8.8 22 10 M M M 29 360
18 75 45 60 0 5 0 0.00 0.0 0 7.4 22 140 M M M 31 150
19 81 54 68 8 0 3 0.00 0.0 0 5.1 17 260 M M M 39 250
20 79 57 68 9 0 3 0.00 0.0 0 7.0 24 260 M M M 49 250
21 78 54 66 7 0 1 0.00 0.0 0 6.0 13 110 M M M 16 110
22 84 56 70 12 0 5 0.00 0.0 0 5.8 14 110 M M M 20 270
23 83 63 73 15 0 8 0.00 0.0 0 10.3 22 10 M M M 31 360
24 93 56 75 18 0 10 0.00 0.0 0 8.6 36 330 M M M 59 320
25 77 56 67 10 0 2 0.00 0.0 0 7.0 22 320 M M M 30 320
26 66 53 60 4 5 0 T 0.0 0 10.7 31 320 M M M 46 350
27 59 50 55 -1 10 0 0.00 0.0 0 15.5 34 320 M M M 52 320
28 63 45 54 -1 11 0 0.00 0.0 0 12.3 28 330 M M M 38 330
29 78 49 64 9 1 0 0.00 0.0 0 10.4 25 330 M M M 35 320
30 65 46 56 2 9 0 0.00 0.0 0 17.8 28 330 M M M 39 330
================================================================================
SM 2242 1512 149 86 1.22 1.0 253.6 M M
================================================================================
AV 74.7 50.4 8.5 FASTST M M 1 MAX(MPH)
MISC ----> # 38 330 # 59 320
================================================================================
NOTES:
# LAST OF SEVERAL OCCURRENCES
COLUMN 17 PEAK WIND IN M.P.H.
PRELIMINARY LOCAL CLIMATOLOGICAL DATA (WS FORM: F-6) , PAGE 2
STATION: EAST RAPID CITY SD
MONTH: SEPTEMBER
YEAR: 2020
LATITUDE: 44 4 N
LONGITUDE: 103 13 W
[TEMPERATURE DATA] [PRECIPITATION DATA] SYMBOLS USED IN COLUMN 16
AVERAGE MONTHLY: 62.6 TOTAL FOR MONTH: 1.22 1 = FOG OR MIST
DPTR FM NORMAL: 1.3 DPTR FM NORMAL: -0.32 2 = FOG REDUCING VISIBILITY
HIGHEST: 102 ON 5 GRTST 24HR 0.97 ON 7- 7 TO 1/4 MILE OR LESS
LOWEST: 31 ON 8, 7 3 = THUNDER
SNOW, ICE PELLETS, HAIL 4 = ICE PELLETS
TOTAL MONTH: 1.0 INCH 5 = HAIL
GRTST 24HR 1.0 ON 7- 7 6 = FREEZING RAIN OR DRIZZLE
GRTST DEPTH: 1 ON 7 7 = DUSTSTORM OR SANDSTORM:
VSBY 1/2 MILE OR LESS
8 = SMOKE OR HAZE
[NO. OF DAYS WITH] [WEATHER - DAYS WITH] 9 = BLOWING SNOW
X = TORNADO
MAX 32 OR BELOW: 0 0.01 INCH OR MORE: 5
MAX 90 OR ABOVE: 4 0.10 INCH OR MORE: 2
MIN 32 OR BELOW: 3 0.50 INCH OR MORE: 1
MIN 0 OR BELOW: 0 1.00 INCH OR MORE: 0
[HDD (BASE 65) ]
TOTAL THIS MO. 149 CLEAR (SCALE 0-3) 0
DPTR FM NORMAL -30 PTCLDY (SCALE 4-7) 0
TOTAL FM JUL 1 156 CLOUDY (SCALE 8-10) 0
DPTR FM NORMAL -53
[CDD (BASE 65) ]
TOTAL THIS MO. 86
DPTR FM NORMAL 20 [PRESSURE DATA]
TOTAL FM JAN 1 857 HIGHEST SLP M ON M
DPTR FM NORMAL 196 LOWEST SLP 29.32 ON 24
[REMARKS]
#FINAL-09-20#