573
CXUS54 KHGX 310709
CF6UTS
PRELIMINARY LOCAL CLIMATOLOGICAL DATA (WS FORM: F-6)
STATION: HUNTSVILLE_(ASOS)
MONTH: APRIL
YEAR: 2020
LATITUDE: 30 45 N
LONGITUDE: 95 35 W
TEMPERATURE IN F: :PCPN: SNOW: WIND :SUNSHINE: SKY :PK WND
================================================================================
1 2 3 4 5 6A 6B 7 8 9 10 11 12 13 14 15 16 17 18
12Z AVG MX 2MIN
DY MAX MIN AVG DEP HDD CDD WTR SNW DPTH SPD SPD DIR MIN PSBL S-S WX SPD DR
================================================================================
1 76 48 62 -2 3 0 0.00 M 0 4.5 12 180 M M 0 18 190
2 77 59 68 4 0 3 0.11 0.0 0 4.2 12 160 M M 3 13 19 150
3 79 53 66 1 0 1 0.14 0.0 0 4.1 14 320 M M 9 1 17 340
4 53 48 51 -14 14 0 0.50 M 0 5.8 13 320 M M 10 12 19 360
5 70 52 61 -4 4 0 0.00 0.0 0 2.5 8 340 M M 8 12 13 50
6 80 59 70 4 0 5 0.00 0.0 0 2.3 10 180 M M 8 12 14 170
7 86 72 79 13 0 14 0.00 0.0 0 5.7 13 230 M M 6 1 17 240
8 89 73 81 15 0 16 0.00 0.0 0 6.9 13 210 M M 4 18 17 200
9 87 69 78 12 0 13 M 0.0 0 4.6 8 200 M M 1 3 M M
10 73 58 66 0 0 1 T M M 3.6 13 60 M M M 22 60
11 78 54 66 -1 0 1 T 0.0 M 4.3 12 160 M M 8 20 180
12 85 64 75 8 0 10 0.05 0.0 0 8.9 21 270 M M 5 138 30 270
13 65 48 57 -10 8 0 0.00 0.0 0 6.3 17 330 M M 3 27 340
14 67 45 56 -12 9 0 0.00 0.0 0 4.7 14 360 M M 1 20 60
15 68 42 55 -13 10 0 0.00 0.0 0 3.1 10 340 M M 0 15 50
16 77 47 62 -6 3 0 0.00 0.0 0 4.9 14 180 M M 0 20 160
17 78 57 68 0 0 3 0.03 0.0 0 4.8 13 340 M M 7 18 19 310
18 75 55 65 -4 0 0 0.13 0.0 0 3.3 8 170 M M 9 138 13 20
19 86 68 77 8 0 12 0.04 0.0 0 6.1 17 190 M M 8 1238 25 180
20 86 64 75 6 0 10 0.00 0.0 0 2.0 7 160 M M 5 12 12 90
21 88 63 76 7 0 11 0.00 0.0 0 3.4 13 180 M M 1 1 18 190
22 83 69 76 6 0 11 T 0.0 0 7.6 22 180 M M 7 138 33 180
23 84 62 73 3 0 8 T 0.0 0 7.0 16 300 M M 1 18 22 310
24 91 58 75 5 0 10 0.21 0.0 0 6.7 21 180 M M 1 3 26 180
25 77 58 68 -2 0 3 T 0.0 0 4.3 14 340 M M 3 20 340
26 85 53 69 -2 0 4 0.00 0.0 0 2.0 8 50 M M 0 12 50
27 85 57 71 0 0 6 0.00 0.0 0 5.8 17 180 M M 1 27 180
28 87 71 79 8 0 14 0.00 0.0 0 8.7 18 190 M M 5 25 210
29 81 58 70 -2 0 5 1.28 0.0 0 6.5 24 10 M M 4 13 39 20
30 82 53 68 -4 0 3 0.00 0.0 0 2.3 10 320 M M 0 15 330
================================================================================
SM 2378 1737 51 164 2.49 0.0 146.9 M 118
================================================================================
AV 79.3 57.9 4.9 FASTST M M 4 MAX(MPH)
MISC ----> # 24 10 # 39 20
================================================================================
NOTES:
# LAST OF SEVERAL OCCURRENCES
COLUMN 17 PEAK WIND IN M.P.H.
PRELIMINARY LOCAL CLIMATOLOGICAL DATA (WS FORM: F-6) , PAGE 2
STATION: HUNTSVILLE_(ASOS)
MONTH: APRIL
YEAR: 2020
LATITUDE: 30 45 N
LONGITUDE: 95 35 W
[TEMPERATURE DATA] [PRECIPITATION DATA] SYMBOLS USED IN COLUMN 16
AVERAGE MONTHLY: 68.6 TOTAL FOR MONTH: 2.49 1 = FOG OR MIST
DPTR FM NORMAL: 0.6 DPTR FM NORMAL: -0.48 2 = FOG REDUCING VISIBILITY
HIGHEST: 91 ON 24 GRTST 24HR 1.28 ON 29-29 TO 1/4 MILE OR LESS
LOWEST: 42 ON 15 3 = THUNDER
SNOW, ICE PELLETS, HAIL 4 = ICE PELLETS
TOTAL MONTH: 0.0 INCH 5 = HAIL
GRTST 24HR 0.0 6 = FREEZING RAIN OR DRIZZLE
GRTST DEPTH: 0 7 = DUSTSTORM OR SANDSTORM:
VSBY 1/2 MILE OR LESS
8 = SMOKE OR HAZE
[NO. OF DAYS WITH] [WEATHER - DAYS WITH] 9 = BLOWING SNOW
X = TORNADO
MAX 32 OR BELOW: 0 0.01 INCH OR MORE: 9
MAX 90 OR ABOVE: 1 0.10 INCH OR MORE: 6
MIN 32 OR BELOW: 0 0.50 INCH OR MORE: 2
MIN 0 OR BELOW: 0 1.00 INCH OR MORE: 1
[HDD (BASE 65) ]
TOTAL THIS MO. 51 CLEAR (SCALE 0-3) 13
DPTR FM NORMAL -3 PTCLDY (SCALE 4-7) 12
TOTAL FM JUL 1 1400 CLOUDY (SCALE 8-10) 4
DPTR FM NORMAL -296
[CDD (BASE 65) ]
TOTAL THIS MO. 164
DPTR FM NORMAL 21 [PRESSURE DATA]
TOTAL FM JAN 1 371 HIGHEST SLP 30.24 ON 15
DPTR FM NORMAL 151 LOWEST SLP 29.47 ON 12
[REMARKS]
#FINAL-04-20#