000
CXUS55 KGJT 010910
CF6VEL
PRELIMINARY LOCAL CLIMATOLOGICAL DATA (WS FORM: F-6)
STATION: VERNAL UT
MONTH: SEPTEMBER
YEAR: 2021
LATITUDE: 40 27 N
LONGITUDE: 109 31 W
TEMPERATURE IN F: :PCPN: SNOW: WIND :SUNSHINE: SKY :PK WND
================================================================================
1 2 3 4 5 6A 6B 7 8 9 10 11 12 13 14 15 16 17 18
12Z AVG MX 2MIN
DY MAX MIN AVG DEP HDD CDD WTR SNW DPTH SPD SPD DIR MIN PSBL S-S WX SPD DR
================================================================================
1 73 56 65 -3 0 0 0.43 M M 4.2 20 220 M M 7 1 24 220
2 76 50 63 -4 2 0 T M M 4.0 15 150 M M 2 3 26 160
3 79 55 67 0 0 2 0.00 M M 4.6 17 20 M M 2 24 10
4 82 51 67 1 0 2 0.00 M M 3.9 9 150 M M 0 13 170
5 84 47 66 0 0 1 0.00 M M 4.0 9 210 M M 0 13 220
6 87 46 67 1 0 2 0.00 M M 3.7 9 260 M M 0 12 120
7 87 46 67 1 0 2 0.00 M M 4.1 10 280 M M 0 13 230
8 90 47 69 4 0 4 0.00 M M 3.9 12 310 M M 0 14 310
9 91 48 70 5 0 5 0.00 M M 3.2 9 290 M M 0 11 310
10 93 50 72 8 0 7 T M M 6.5 32 280 M M 1 47 270
11 86 57 72 8 0 7 0.11 M M 6.2 32 260 M M 2 3 43 270
12 84 54 69 5 0 4 T M M 3.4 13 220 M M 2 16 200
13 83 57 70 7 0 5 T M M 5.8 17 10 M M 1 25 50
14 85 53 69 6 0 4 0.01 M M 5.1 13 300 M M 0 15 110
15 86 48 67 5 0 2 0.00 M M 5.1 13 210 M M 0 16 200
16 87 49 68 6 0 3 0.00 M M 5.5 20 200 M M 0 26 190
17 85 48 67 5 0 2 0.00 M M 5.1 15 210 M M 0 22 200
18 76 47 62 1 3 0 0.17 M M 5.9 36 280 M M 4 3 48 280
19 78 48 63 2 2 0 0.01 M M 9.0 30 210 M M 2 40 240
20 65 41 53 -7 12 0 0.00 M M 6.0 16 60 M M 4 24 350
21 67 37 52 -8 13 0 0.00 M M 3.7 14 360 M M 0 19 360
22 74 36 55 -4 10 0 0.00 M M 4.6 9 290 M M 0 14 80
23 78 41 60 1 5 0 0.00 M M 3.2 10 310 M M 0 14 310
24 79 40 60 2 5 0 0.00 M M 3.1 10 300 M M 0 12 300
25 83 42 63 5 2 0 0.00 M M 3.5 10 280 M M 0 14 210
26 82 45 64 6 1 0 0.00 M M 3.2 8 280 M M 0 12 250
27 84 45 65 8 0 0 0.00 M M 3.6 10 300 M M 0 12 250
28 82 48 65 8 0 0 0.25 M M 6.2 16 60 M M 3 13 25 240
29 54 47 51 -5 14 0 0.49 M M 6.3 15 70 M M 10 1 20 70
30 62 44 53 -3 12 0 T M M 5.1 14 30 M M 5 19 30
================================================================================
SM 2402 1423 81 52 1.47 M 141.7 M 45
================================================================================
AV 80.1 47.4 4.7 FASTST M M 2 MAX(MPH)
MISC ----> 36 280 48 280
================================================================================
NOTES:
# LAST OF SEVERAL OCCURRENCES
COLUMN 17 PEAK WIND IN M.P.H.
PRELIMINARY LOCAL CLIMATOLOGICAL DATA (WS FORM: F-6) , PAGE 2
STATION: VERNAL UT
MONTH: SEPTEMBER
YEAR: 2021
LATITUDE: 40 27 N
LONGITUDE: 109 31 W
[TEMPERATURE DATA] [PRECIPITATION DATA] SYMBOLS USED IN COLUMN 16
AVERAGE MONTHLY: 63.8 TOTAL FOR MONTH: 1.47 1 = FOG OR MIST
DPTR FM NORMAL: 1.8 DPTR FM NORMAL: 0.25 2 = FOG REDUCING VISIBILITY
HIGHEST: 93 ON 10 GRTST 24HR 0.73 ON 28-29 TO 1/4 MILE OR LESS
LOWEST: 36 ON 22 3 = THUNDER
SNOW, ICE PELLETS, HAIL 4 = ICE PELLETS
TOTAL MONTH: M 5 = HAIL
GRTST 24HR M ON M 6 = FREEZING RAIN OR DRIZZLE
GRTST DEPTH: M ON M 7 = DUSTSTORM OR SANDSTORM:
VSBY 1/2 MILE OR LESS
8 = SMOKE OR HAZE
[NO. OF DAYS WITH] [WEATHER - DAYS WITH] 9 = BLOWING SNOW
X = TORNADO
MAX 32 OR BELOW: 0 0.01 INCH OR MORE: 7
MAX 90 OR ABOVE: 3 0.10 INCH OR MORE: 5
MIN 32 OR BELOW: 0 0.50 INCH OR MORE: 0
MIN 0 OR BELOW: 0 1.00 INCH OR MORE: 0
[HDD (BASE 65) ]
TOTAL THIS MO. 81 CLEAR (SCALE 0-3) 24
DPTR FM NORMAL -48 PTCLDY (SCALE 4-7) 5
TOTAL FM JUL 1 94 CLOUDY (SCALE 8-10) 1
DPTR FM NORMAL -42
[CDD (BASE 65) ]
TOTAL THIS MO. 52
DPTR FM NORMAL 13 [PRESSURE DATA]
TOTAL FM JAN 1 960 HIGHEST SLP M ON M
DPTR FM NORMAL 290 LOWEST SLP 29.55 ON 28
[REMARKS]
#FINAL-09-21#