000
CXUS55 KVEF 010910
CF6VGT
PRELIMINARY LOCAL CLIMATOLOGICAL DATA (WS FORM: F-6)
STATION: NORTH_LAS_VEGAS NV
MONTH: NOVEMBER
YEAR: 2021
LATITUDE: 36 12 N
LONGITUDE: 115 12 W
TEMPERATURE IN F: :PCPN: SNOW: WIND :SUNSHINE: SKY :PK WND
================================================================================
1 2 3 4 5 6A 6B 7 8 9 10 11 12 13 14 15 16 17 18
12Z AVG MX 2MIN
DY MAX MIN AVG DEP HDD CDD WTR SNW DPTH SPD SPD DIR MIN PSBL S-S WX SPD DR
================================================================================
1 80 56 68 6 0 3 0.00 M M 7.1 18 160 M M 0 26 150
2 79 59 69 7 0 4 0.00 M M 4.3 10 360 M M 0 14 360
3 81 55 68 6 0 3 0.00 M M 3.3 10 320 M M 0 13 90
4 80 56 68 7 0 3 0.00 M M 4.2 10 120 M M 0 12 100
5 80 53 67 6 0 2 0.00 M M 3.6 9 290 M M 0 10 280
6 86 53 70 10 0 5 0.00 M M 7.6 23 210 M M 0 29 210
7 84 56 70 10 0 5 0.00 M M 9.2 22 170 M M 0 28 200
8 81 58 70 11 0 5 0.00 M M 6.6 18 210 M M 0 22 210
9 76 60 68 9 0 3 0.00 M M 10.4 23 220 M M 1 31 210
10 81 61 71 13 0 6 0.00 M M 10.3 24 330 M M 0 29 320
11 80 60 70 12 0 5 0.00 M M 8.0 21 340 M M 0 28 340
12 81 59 70 12 0 5 0.00 M M 4.8 15 360 M M 0 19 350
13 81 55 68 11 0 3 0.00 M M 4.1 12 340 M M 0 14 330
14 81 54 68 11 0 3 0.00 M M 3.1 13 320 M M 0 14 320
15 78 52 65 9 0 0 0.00 M M 4.3 9 80 M M 0 11 80
16 77 56 67 11 0 2 0.00 M M 5.2 14 330 M M 0 16 330
17 73 53 63 7 2 0 0.00 M M 5.4 16 340 M M 0 20 320
18 67 45 56 1 9 0 0.00 M M 3.7 8 110 M M 0 14 130
19 70 51 61 6 4 0 0.00 M M 2.9 8 60 M M 0 10 60
20 73 47 60 6 5 0 0.00 M M 5.0 13 300 M M 0 15 340
21 70 49 60 6 5 0 0.00 M M 8.0 20 320 M M 0 25 340
22 69 43 56 3 9 0 0.00 M M 3.4 10 300 M M 0 8 14 300
23 70 49 60 7 5 0 0.00 M M 5.5 21 310 M M 0 23 320
24 63 52 58 6 7 0 0.00 M M 14.7 26 320 M M 0 37 320
25 65 45 55 3 10 0 0.00 M M 8.9 18 350 M M 0 24 340
26 68 40 54 2 11 0 0.00 M M 3.1 9 300 M M 0 11 330
27 71 42 57 6 8 0 0.00 M M 3.8 12 300 M M 0 12 300
28 73 46 60 9 5 0 0.00 M M 3.4 10 300 M M 0 13 300
29 74 46 60 10 5 0 0.00 M M 3.3 9 320 M M 0 11 310
30 79 51 65 15 0 0 0.00 M M 5.9 17 320 M M 0 23 320
================================================================================
SM 2271 1562 85 57 0.00 M 173.1 M 1
================================================================================
AV 75.7 52.1 5.8 FASTST M M 0 MAX(MPH)
MISC ----> 26 320 37 320
================================================================================
NOTES:
# LAST OF SEVERAL OCCURRENCES
COLUMN 17 PEAK WIND IN M.P.H.
PRELIMINARY LOCAL CLIMATOLOGICAL DATA (WS FORM: F-6) , PAGE 2
STATION: NORTH_LAS_VEGAS NV
MONTH: NOVEMBER
YEAR: 2021
LATITUDE: 36 12 N
LONGITUDE: 115 12 W
[TEMPERATURE DATA] [PRECIPITATION DATA] SYMBOLS USED IN COLUMN 16
AVERAGE MONTHLY: 63.9 TOTAL FOR MONTH: 0.00 1 = FOG OR MIST
DPTR FM NORMAL: 7.7 DPTR FM NORMAL: -0.29 2 = FOG REDUCING VISIBILITY
HIGHEST: 86 ON 6 GRTST 24HR 0.00 ON 1- 1 TO 1/4 MILE OR LESS
LOWEST: 40 ON 26 3 = THUNDER
SNOW, ICE PELLETS, HAIL 4 = ICE PELLETS
TOTAL MONTH: M 5 = HAIL
GRTST 24HR M ON M 6 = FREEZING RAIN OR DRIZZLE
GRTST DEPTH: M ON M 7 = DUSTSTORM OR SANDSTORM:
VSBY 1/2 MILE OR LESS
8 = SMOKE OR HAZE
[NO. OF DAYS WITH] [WEATHER - DAYS WITH] 9 = BLOWING SNOW
X = TORNADO
MAX 32 OR BELOW: 0 0.01 INCH OR MORE: 0
MAX 90 OR ABOVE: 0 0.10 INCH OR MORE: 0
MIN 32 OR BELOW: 0 0.50 INCH OR MORE: 0
MIN 0 OR BELOW: 0 1.00 INCH OR MORE: 0
[HDD (BASE 65) ]
TOTAL THIS MO. 85 CLEAR (SCALE 0-3) 30
DPTR FM NORMAL -191 PTCLDY (SCALE 4-7) 0
TOTAL FM JUL 1 120 CLOUDY (SCALE 8-10) 0
DPTR FM NORMAL -197
[CDD (BASE 65) ]
TOTAL THIS MO. 57
DPTR FM NORMAL 47 [PRESSURE DATA]
TOTAL FM JAN 1 4212 HIGHEST SLP M ON M
DPTR FM NORMAL 804 LOWEST SLP 29.86 ON 7
[REMARKS]
#FINAL-11-21#