000
CXUS53 KSGF 010710
CF6VIH
PRELIMINARY LOCAL CLIMATOLOGICAL DATA (WS FORM: F-6)
STATION: VICHY-ROLLA MO
MONTH: JULY
YEAR: 2022
LATITUDE: 38 7 N
LONGITUDE: 91 46 W
TEMPERATURE IN F: :PCPN: SNOW: WIND :SUNSHINE: SKY :PK WND
================================================================================
1 2 3 4 5 6A 6B 7 8 9 10 11 12 13 14 15 16 17 18
12Z AVG MX 2MIN
DY MAX MIN AVG DEP HDD CDD WTR SNW DPTH SPD SPD DIR MIN PSBL S-S WX SPD DR
================================================================================
1 94 70 82 6 0 17 0.00 M M 6.7 14 230 M M 1 20 190
2 82 71 77 1 0 12 T M M 7.7 13 100 M M 6 3 18 320
3 91 71 81 4 0 16 0.05 M M 7.1 12 100 M M 6 1 18 100
4 98 73 86 9 0 21 0.00 M M 8.1 14 180 M M 0 19 220
5 101 77 89 12 0 24 0.00 M M 8.7 16 210 M M 0 8 22 220
6 99 75 87 10 0 22 0.00 M M 6.7 14 340 M M 1 19 270
7 98 76 87 10 0 22 0.00 M M 7.5 16 310 M M 1 21 330
8 97 71 84 7 0 19 0.21 M M 11.0 26 300 M M 2 13 38 320
9 82 66 74 -3 0 9 0.01 M M 7.9 14 10 M M 8 1 22 10
10 91 65 78 1 0 13 0.00 M M 4.0 10 50 M M 0 1 14 80
11 101 70 86 9 0 21 0.00 M M 9.2 15 200 M M 0 20 230
12 91 66 79 2 0 14 0.00 M M 6.8 15 330 M M 2 24 330
13 92 62 77 -1 0 12 0.00 M M 4.2 10 340 M M 0 18 10
14 96 68 82 4 0 17 0.00 M M 7.3 15 190 M M 0 21 180
15 98 73 86 8 0 21 0.00 M M 11.8 22 210 M M 1 29 200
16 102 75 89 11 0 24 T M M 9.7 21 250 M M 1 30 270
17 85 67 76 -2 0 11 0.34 M M 5.3 21 150 M M 6 1238 32 140
18 91 66 79 1 0 14 0.00 M M 2.7 12 50 M M 5 12 14 60
19 99 68 84 6 0 19 0.00 M M 7.5 15 180 M M 0 19 150
20 101 72 87 9 0 22 0.00 M M 8.5 18 300 M M 0 26 300
21 99 62 81 3 0 16 0.00 M M 4.1 14 240 M M 0 19 230
22 102 67 85 7 0 20 0.00 M M 8.5 17 240 M M 0 25 210
23 104 73 89 11 0 24 0.00 M M 12.8 22 190 M M 0 34 180
24 104 72 88 10 0 23 0.05 M M 11.7 23 280 M M 1 31 280
25 84 70 77 -1 0 12 0.74 M M 6.9 14 90 M M 7 13 22 100
26 96 66 81 3 0 16 0.13 M M 8.6 15 330 M M 4 1 21 330
27 86 69 78 0 0 13 0.04 M M 7.1 38 320 M M 3 13 54 320
28 85 70 78 0 0 13 0.91 M M 4.3 15 340 M M 4 123 20 300
29 85 67 76 -2 0 11 0.00 M M 5.4 13 360 M M 2 1 19 20
30 79 66 73 -5 0 8 0.00 M M 7.5 17 110 M M 2 22 110
31 85 66 76 -2 0 11 0.02 M M 6.8 14 160 M M 0 17 200
================================================================================
SM 2898 2150 0 517 2.50 M 232.1 M 63
================================================================================
AV 93.5 69.4 7.5 FASTST M M 2 MAX(MPH)
MISC ----> 38 320 54 320
================================================================================
NOTES:
# LAST OF SEVERAL OCCURRENCES
COLUMN 17 PEAK WIND IN M.P.H.
PRELIMINARY LOCAL CLIMATOLOGICAL DATA (WS FORM: F-6) , PAGE 2
STATION: VICHY-ROLLA MO
MONTH: JULY
YEAR: 2022
LATITUDE: 38 7 N
LONGITUDE: 91 46 W
[TEMPERATURE DATA] [PRECIPITATION DATA] SYMBOLS USED IN COLUMN 16
AVERAGE MONTHLY: 81.4 TOTAL FOR MONTH: 2.50 1 = FOG OR MIST
DPTR FM NORMAL: 4.0 DPTR FM NORMAL: -1.93 2 = FOG REDUCING VISIBILITY
HIGHEST: 104 ON 24,23 GRTST 24HR 0.91 ON 28-28 TO 1/4 MILE OR LESS
LOWEST: 62 ON 21,13 3 = THUNDER
SNOW, ICE PELLETS, HAIL 4 = ICE PELLETS
TOTAL MONTH: M 5 = HAIL
GRTST 24HR M ON M 6 = FREEZING RAIN OR DRIZZLE
GRTST DEPTH: M ON M 7 = DUSTSTORM OR SANDSTORM:
VSBY 1/2 MILE OR LESS
8 = SMOKE OR HAZE
[NO. OF DAYS WITH] [WEATHER - DAYS WITH] 9 = BLOWING SNOW
X = TORNADO
MAX 32 OR BELOW: 0 0.01 INCH OR MORE: 10
MAX 90 OR ABOVE: 22 0.10 INCH OR MORE: 5
MIN 32 OR BELOW: 0 0.50 INCH OR MORE: 2
MIN 0 OR BELOW: 0 1.00 INCH OR MORE: 0
[HDD (BASE 65) ]
TOTAL THIS MO. 0 CLEAR (SCALE 0-3) 23
DPTR FM NORMAL 0 PTCLDY (SCALE 4-7) 8
TOTAL FM JUL 1 0 CLOUDY (SCALE 8-10) 0
DPTR FM NORMAL 0
[CDD (BASE 65) ]
TOTAL THIS MO. 517
DPTR FM NORMAL 131 [PRESSURE DATA]
TOTAL FM JAN 1 982 HIGHEST SLP M ON M
DPTR FM NORMAL 217 LOWEST SLP 29.72 ON 20
[REMARKS]
#FINAL-07-22#