000
CXUS52 KFFC 011110
CF6VPC
PRELIMINARY LOCAL CLIMATOLOGICAL DATA (WS FORM: F-6)
STATION: CARTERSVILLE
MONTH: DECEMBER
YEAR: 2021
LATITUDE: 34 7 N
LONGITUDE: 84 51 W
TEMPERATURE IN F: :PCPN: SNOW: WIND :SUNSHINE: SKY :PK WND
================================================================================
1 2 3 4 5 6A 6B 7 8 9 10 11 12 13 14 15 16 17 18
12Z AVG MX 2MIN
DY MAX MIN AVG DEP HDD CDD WTR SNW DPTH SPD SPD DIR MIN PSBL S-S WX SPD DR
================================================================================
1 68 37 53 6 12 0 0.00 M M 0.8 8 260 M M 2 1 M M
2 70 39 55 8 10 0 0.00 M M 2.5 12 270 M M 2 17 250
3 73 39 56 10 9 0 0.00 M M 0.8 6 250 M M 1 18 M M
4 70 45 58 12 7 0 0.00 M M 0.6 6 250 M M 6 8 M M
5 61 55 58 12 7 0 M M M 5.1 10 100 M M 9 13 15 100
6 64 43 54 8 11 0 0.43 M M 4.3 9 300 M M 8 1 15 99
7 50 34 42 -4 23 0 0.00 M M 1.5 5 30 M M 8 12 0
8 54 41 48 2 17 0 0.22 M M 3.9 8 290 M M 7 18 15 99
9 57 32 45 0 20 0 0.00 M M 4.5 9 110 M M 5 12 17 110
10 55 46 51 6 14 0 0.36 M M 7.2 10 90 M M 10 1 15 100
11 75 46 61 16 4 0 0.43 M M 7.4 13 280 M M 8 18 24 200
12 52 34 43 -2 22 0 0.00 M M 3.4 9 300 M M 0 15 300
13 55 45 50 5 15 0 0.00 M M 0.0 5 M M M 0 M M
14 64 39 52 8 13 0 0.00 M M 0.9 8 260 M M 0 M M
15 61 37 49 5 16 0 0.00 M M 4.6 10 110 M M 6 18 110
16 70 46 58 14 7 0 0.00 M M 4.2 12 110 M M 9 15 110
17 72 54 63 19 2 0 0.00 M M 2.2 9 180 M M 8 1 16 190
18 72 61 67 23 0 2 0.70 M M 2.4 7 200 M M 9 1 17 99
19 61 39 50 6 15 0 0.01 M M 5.0 9 320 M M 9 1 18 99
20 48 36 42 -2 23 0 0.00 M M 4.1 10 100 M M 3 1 18 110
21 43 39 41 -2 24 0 0.24 M M 4.2 8 270 M M 9 1 14 60
22 52 36 44 1 21 0 0.00 M M 6.7 13 280 M M 1 1 18 280
23 61 28 45 2 20 0 0.00 M M 0.9 6 150 M M 0 M M
24 66 32 49 6 16 0 0.00 M M 4.4 12 170 M M 5 23 180
25 70 55 63 20 2 0 0.00 M M 4.7 10 250 M M 10 20 250
26 73 54 64 21 1 0 0.00 M M 0.7 5 99 M M 4 18 M M
27 70 50 60 17 5 0 0.00 M M 2.3 9 240 M M 9 12 16 240
28 75 61 68 26 0 3 0.00 M M 5.1 12 190 M M 9 18 200
29 72 63 68 26 0 3 1.59 M M 5.1 9 160 M M 9 13 18 99
30 66 61 64 22 1 0 0.99 M M 0.8 6 180 M M 10 123 M M
31 72 59 66 24 0 1 0.00 M M 3.1 8 180 M M 10 1 13 210
================================================================================
SM 1972 1386 337 9 4.97 M 103.3 M 186
================================================================================
AV 63.6 44.7 3.3 FASTST M M 6 MAX(MPH)
MISC ----> 13 280 24 200
================================================================================
NOTES:
# LAST OF SEVERAL OCCURRENCES
COLUMN 17 PEAK WIND IN M.P.H.
PRELIMINARY LOCAL CLIMATOLOGICAL DATA (WS FORM: F-6) , PAGE 2
STATION: CARTERSVILLE
MONTH: DECEMBER
YEAR: 2021
LATITUDE: 34 7 N
LONGITUDE: 84 51 W
[TEMPERATURE DATA] [PRECIPITATION DATA] SYMBOLS USED IN COLUMN 16
AVERAGE MONTHLY: 54.2 TOTAL FOR MONTH: 4.97 1 = FOG OR MIST
DPTR FM NORMAL: 9.9 DPTR FM NORMAL: 0.48 2 = FOG REDUCING VISIBILITY
HIGHEST: 75 ON 28,11 GRTST 24HR 1.59 ON 29-29 TO 1/4 MILE OR LESS
LOWEST: 28 ON 23 3 = THUNDER
SNOW, ICE PELLETS, HAIL 4 = ICE PELLETS
TOTAL MONTH: M 5 = HAIL
GRTST 24HR M ON M 6 = FREEZING RAIN OR DRIZZLE
GRTST DEPTH: M ON M 7 = DUSTSTORM OR SANDSTORM:
VSBY 1/2 MILE OR LESS
8 = SMOKE OR HAZE
[NO. OF DAYS WITH] [WEATHER - DAYS WITH] 9 = BLOWING SNOW
X = TORNADO
MAX 32 OR BELOW: 0 0.01 INCH OR MORE: 9
MAX 90 OR ABOVE: 0 0.10 INCH OR MORE: 8
MIN 32 OR BELOW: 3 0.50 INCH OR MORE: 3
MIN 0 OR BELOW: 0 1.00 INCH OR MORE: 1
[HDD (BASE 65) ]
TOTAL THIS MO. 337 CLEAR (SCALE 0-3) 9
DPTR FM NORMAL -307 PTCLDY (SCALE 4-7) 7
TOTAL FM JUL 1 901 CLOUDY (SCALE 8-10) 15
DPTR FM NORMAL -343
[CDD (BASE 65) ]
TOTAL THIS MO. 9
DPTR FM NORMAL 8 [PRESSURE DATA]
TOTAL FM JAN 1 1691 HIGHEST SLP M ON M
DPTR FM NORMAL 62 LOWEST SLP M ON M
[REMARKS]
#FINAL-12-21#