000
CXUS53 KLBF 011410
CF6VTN
PRELIMINARY LOCAL CLIMATOLOGICAL DATA (WS FORM: F-6)
STATION: VALENTINE
MONTH: SEPTEMBER
YEAR: 2023
LATITUDE: 42 52 N
LONGITUDE: 100 33 W
TEMPERATURE IN F: :PCPN: SNOW: WIND :SUNSHINE: SKY :PK WND
================================================================================
1 2 3 4 5 6A 6B 7 8 9 10 11 12 13 14 15 16 17 18
12Z AVG MX 2MIN
DY MAX MIN AVG DEP HDD CDD WTR SNW DPTH SPD SPD DIR MIN PSBL S-S WX SPD DR
================================================================================
1 103 66 85 15 0 20 0.00 0.0 0 12.0 25 180 M M 0 37 170
2 104 60 82 12 0 17 0.00 0.0 0 7.6 21 200 M M 0 29 200
3 102 66 84 15 0 19 0.00 0.0 0 7.0 16 210 M M 0 8 24 180
4 98 61 80 11 0 15 0.18 0.0 0 10.4 38 290 M M 1 138 56 290
5 66 47 57 -12 8 0 0.02 0.0 0 15.1 32 320 M M 7 138 47 320
6 78 40 59 -9 6 0 0.00 0.0 0 5.5 14 100 M M 0 18 17 100
7 93 48 71 3 0 6 T 0.0 0 9.3 35 250 M M 0 138 47 240
8 88 48 68 0 0 3 0.00 0.0 0 5.7 21 360 M M 0 18 31 40
9 77 60 69 2 0 4 0.42 0.0 0 9.5 26 350 M M 4 13 34 10
10 63 56 60 -7 5 0 1.54 0.0 0 5.9 15 50 M M 9 13 21 90
11 73 52 63 -3 2 0 0.00 0.0 0 3.9 12 200 M M 5 13 190
12 78 49 64 -2 1 0 0.00 0.0 0 8.6 17 170 M M 2 8 26 170
13 79 52 66 0 0 1 0.00 0.0 0 12.8 25 190 M M 0 8 32 190
14 81 52 67 2 0 2 0.02 0.0 0 7.0 20 330 M M 4 1 26 340
15 80 52 66 1 0 1 0.01 0.0 0 5.9 16 320 M M 2 8 22 320
16 78 44 61 -3 4 0 0.00 0.0 0 4.0 12 20 M M 1 16 360
17 84 39 62 -2 3 0 0.00 0.0 0 8.6 20 170 M M 0 27 170
18 90 47 69 6 0 4 0.00 0.0 0 5.0 14 80 M M 0 19 70
19 91 46 69 6 0 4 0.00 0.0 0 6.0 14 230 M M 0 20 170
20 88 48 68 6 0 3 0.10 0.0 0 9.1 25 120 M M 2 3 36 120
21 66 55 61 -1 4 0 1.68 0.0 0 10.1 32 300 M M 5 13 46 300
22 67 54 61 -1 4 0 0.00 0.0 0 5.8 13 110 M M 8 123 16 110
23 70 50 60 -1 5 0 0.11 0.0 0 10.5 26 260 M M 6 13 36 280
24 72 50 61 1 4 0 0.00 0.0 0 11.5 25 290 M M 4 35 280
25 77 45 61 1 4 0 0.00 0.0 0 5.9 14 330 M M 0 19 340
26 73 45 59 0 6 0 0.00 0.0 0 5.7 13 80 M M 1 1 18 90
27 80 47 64 5 1 0 0.00 0.0 0 10.8 23 160 M M 0 30 180
28 81 54 68 10 0 3 0.00 0.0 0 8.1 18 180 M M 0 24 180
29 76 51 64 6 1 0 0.00 0.0 0 8.4 21 360 M M 0 30 350
30 85 47 66 9 0 1 0.00 0.0 0 7.7 20 160 M M 2 12 28 140
================================================================================
SM 2441 1531 58 103 4.08 0.0 243.4 M 63
================================================================================
AV 81.4 51.0 8.1 FASTST M M 2 MAX(MPH)
MISC ----> 38 290 56 290
================================================================================
NOTES:
# LAST OF SEVERAL OCCURRENCES
COLUMN 17 PEAK WIND IN M.P.H.
PRELIMINARY LOCAL CLIMATOLOGICAL DATA (WS FORM: F-6) , PAGE 2
STATION: VALENTINE
MONTH: SEPTEMBER
YEAR: 2023
LATITUDE: 42 52 N
LONGITUDE: 100 33 W
[TEMPERATURE DATA] [PRECIPITATION DATA] SYMBOLS USED IN COLUMN 16
AVERAGE MONTHLY: 66.2 TOTAL FOR MONTH: 4.08 1 = FOG OR MIST
DPTR FM NORMAL: 2.0 DPTR FM NORMAL: 2.36 2 = FOG REDUCING VISIBILITY
HIGHEST: 104 ON 2 GRTST 24HR 1.69 ON 20-21 TO 1/4 MILE OR LESS
LOWEST: 39 ON 17 3 = THUNDER
SNOW, ICE PELLETS, HAIL 4 = ICE PELLETS
TOTAL MONTH: 0.0 INCH 5 = HAIL
GRTST 24HR 0.0 6 = FREEZING RAIN OR DRIZZLE
GRTST DEPTH: 0 7 = DUSTSTORM OR SANDSTORM:
VSBY 1/2 MILE OR LESS
8 = SMOKE OR HAZE
[NO. OF DAYS WITH] [WEATHER - DAYS WITH] 9 = BLOWING SNOW
X = TORNADO
MAX 32 OR BELOW: 0 0.01 INCH OR MORE: 9
MAX 90 OR ABOVE: 7 0.10 INCH OR MORE: 6
MIN 32 OR BELOW: 0 0.50 INCH OR MORE: 2
MIN 0 OR BELOW: 0 1.00 INCH OR MORE: 2
[HDD (BASE 65) ]
TOTAL THIS MO. 58 CLEAR (SCALE 0-3) 21
DPTR FM NORMAL -68 PTCLDY (SCALE 4-7) 7
TOTAL FM JUL 1 72 CLOUDY (SCALE 8-10) 2
DPTR FM NORMAL -74
[CDD (BASE 65) ]
TOTAL THIS MO. 103
DPTR FM NORMAL 2 [PRESSURE DATA]
TOTAL FM JAN 1 853 HIGHEST SLP 30.30 ON 10
DPTR FM NORMAL -67 LOWEST SLP 29.43 ON 4
[REMARKS]
#FINAL-09-23#