528
CXUS56 KMTR 011857
CF6WVI
PRELIMINARY LOCAL CLIMATOLOGICAL DATA (WS FORM: F-6)
STATION: WATSONVILLE AIRPORT
MONTH: DECEMBER
YEAR: 2020
LATITUDE: 36 55 N
LONGITUDE: 121 47 W
TEMPERATURE IN F: :PCPN: SNOW: WIND :SUNSHINE: SKY :PK WND
================================================================================
1 2 3 4 5 6A 6B 7 8 9 10 11 12 13 14 15 16 17 18
12Z AVG MX 2MIN
DY MAX MIN AVG DEP HDD CDD WTR SNW DPTH SPD SPD DIR MIN PSBL S-S WX SPD DR
================================================================================
1 72 34 53 2 12 0 0.00 M M 1.9 8 330 M M 0 11 150
2 68 38 53 2 12 0 0.00 M M 3.0 7 290 M M 0 1 9 200
3 66 39 53 2 12 0 0.00 M M 3.1 12 190 M M 0 13 190
4 73 39 56 5 9 0 0.00 M M 3.2 8 230 M M 0 9 120
5 66 38 52 2 13 0 0.00 M M 3.3 15 250 M M 1 1 17 250
6 64 37 51 1 14 0 0.00 M M 1.9 7 330 M M 0 9 320
7 74 37 56 6 9 0 0.00 M M 3.7 9 320 M M 0 11 360
8 80 42 61 11 4 0 0.00 M M 3.2 13 120 M M 0 15 100
9 72 37 55 5 10 0 0.00 M M 2.5 8 310 M M 0 10 210
10 63 37 50 0 15 0 0.00 M M 3.4 10 270 M M 3 1 12 270
11 56 42 49 -1 16 0 0.19 M M 2.4 10 260 M M 8 1 14 200
12 59 49 54 4 11 0 0.02 M M 0.8 9 200 M M 10 12 10 200
13 55 45 50 0 15 0 0.76 M M 2.6 14 250 M M 10 12 20 220
14 57 37 47 -3 18 0 0.00 M M 2.8 10 250 M M 3 12 12 220
15 59 39 49 -1 16 0 0.00 M M 1.8 8 320 M M 2 9 320
16 67 39 53 3 12 0 0.00 M M 3.2 10 270 M M 1 1 16 280
17 60 41 51 1 14 0 0.65 M M 4.6 15 280 M M 4 1 20 270
18 61 36 49 -1 16 0 0.00 M M 3.2 7 330 M M 0 10 130
19 66 35 51 2 14 0 0.00 M M 2.6 8 320 M M 0 10 320
20 70 37 54 5 11 0 0.00 M M 2.5 9 80 M M 0 12 70
21 69 34 52 3 13 0 0.00 M M 2.7 9 280 M M 0 12 270
22 65 39 52 3 13 0 0.00 M M 4.7 10 60 M M 0 14 60
23 63 35 49 0 16 0 0.00 M M 5.8 15 80 M M 0 18 90
24 68 39 54 5 11 0 0.00 M M 2.9 12 270 M M 2 13 290
25 61 42 52 2 13 0 0.15 M M 5.0 17 230 M M 6 1 23 220
26 60 43 52 2 13 0 0.00 M M 4.2 16 230 M M 4 1 22 230
27 60 41 51 1 14 0 0.06 M M 3.5 15 210 M M 2 19 210
28 59 40 50 0 15 0 0.09 M M 4.6 13 20 M M 5 21 50
29 60 36 48 -2 17 0 0.00 M M 2.5 10 280 M M 0 14 280
30 56 33 45 -5 20 0 0.01 M M 2.7 9 220 M M 2 1 13 230
31 62 39 51 1 14 0 0.10 M M 3.1 12 160 M M 3 128 13 150
================================================================================
SM 1991 1199 412 0 2.03 M 97.4 M 66
================================================================================
AV 64.2 38.7 3.1 FASTST M M 2 MAX(MPH)
MISC ----> 17 230 23 220
================================================================================
NOTES:
# LAST OF SEVERAL OCCURRENCES
COLUMN 17 PEAK WIND IN M.P.H.
PRELIMINARY LOCAL CLIMATOLOGICAL DATA (WS FORM: F-6) , PAGE 2
STATION: WATSONVILLE AIRPORT
MONTH: DECEMBER
YEAR: 2020
LATITUDE: 36 55 N
LONGITUDE: 121 47 W
[TEMPERATURE DATA] [PRECIPITATION DATA] SYMBOLS USED IN COLUMN 16
AVERAGE MONTHLY: 51.5 TOTAL FOR MONTH: 2.03 1 = FOG OR MIST
DPTR FM NORMAL: 1.6 DPTR FM NORMAL: -2.17 2 = FOG REDUCING VISIBILITY
HIGHEST: 80 ON 8 GRTST 24HR 0.76 ON 13-13 TO 1/4 MILE OR LESS
LOWEST: 33 ON 30 3 = THUNDER
SNOW, ICE PELLETS, HAIL 4 = ICE PELLETS
TOTAL MONTH: M 5 = HAIL
GRTST 24HR M ON M 6 = FREEZING RAIN OR DRIZZLE
GRTST DEPTH: M ON M 7 = DUSTSTORM OR SANDSTORM:
VSBY 1/2 MILE OR LESS
8 = SMOKE OR HAZE
[NO. OF DAYS WITH] [WEATHER - DAYS WITH] 9 = BLOWING SNOW
X = TORNADO
MAX 32 OR BELOW: 0 0.01 INCH OR MORE: 9
MAX 90 OR ABOVE: 0 0.10 INCH OR MORE: 5
MIN 32 OR BELOW: 0 0.50 INCH OR MORE: 2
MIN 0 OR BELOW: 0 1.00 INCH OR MORE: 0
[HDD (BASE 65) ]
TOTAL THIS MO. 412 CLEAR (SCALE 0-3) 24
DPTR FM NORMAL -58 PTCLDY (SCALE 4-7) 4
TOTAL FM JUL 1 964 CLOUDY (SCALE 8-10) 3
DPTR FM NORMAL -193
[CDD (BASE 65) ]
TOTAL THIS MO. 0
DPTR FM NORMAL 0 [PRESSURE DATA]
TOTAL FM JAN 1 226 HIGHEST SLP 30.40 ON 30
DPTR FM NORMAL 108 LOWEST SLP 29.67 ON 28
[REMARKS]
#FINAL-12-20#