000
CXUS54 KFWD 240730
CF6XBP
PRELIMINARY LOCAL CLIMATOLOGICAL DATA (WS FORM: F-6)
STATION: BRIDGEPORT
MONTH: APRIL
YEAR: 2024
LATITUDE: 33 10 N
LONGITUDE: 96 30 W
TEMPERATURE IN F: :PCPN: SNOW: WIND :SUNSHINE: SKY :PK WND
================================================================================
1 2 3 4 5 6A 6B 7 8 9 10 11 12 13 14 15 16 17 18
12Z AVG MX 2MIN
DY MAX MIN AVG DEP HDD CDD WTR SNW DPTH SPD SPD DIR MIN PSBL S-S WX SPD DR
================================================================================
1 78 58 68 10 0 3 0.16 M M 7.1 13 150 M M 6 13 18 180
2 60 44 52 -7 13 0 0.00 M M 8.6 16 320 M M 5 26 330
3 70 42 56 -3 9 0 0.00 M M 5.7 10 340 M M 0 22 340
4 82 39 61 2 4 0 0.00 M M 2.4 8 170 M M 0 M M
5 85 45 65 5 0 0 0.00 M M 5.6 16 190 M M 0 24 190
6 77 59 68 8 0 3 0.00 M M 11.9 22 180 M M 4 29 180
7 77 49 63 3 2 0 0.00 M M 7.4 12 190 M M 0 21 250
8 80 42 61 1 4 0 0.60 M M 3.7 12 200 M M 2 3 26 120
9 66 57 62 1 3 0 0.31 M M 7.1 16 60 M M 8 23 40
10 63 46 55 -6 10 0 0.52 M M 6.1 17 360 M M 7 13 31 360
11 70 45 58 -3 7 0 0.00 M M 6.0 12 330 M M 0 18 20
12 79 40 60 -2 5 0 0.00 M M 5.7 14 190 M M 0 20 210
13 81 61 71 9 0 6 0.00 M M 11.4 23 190 M M 0 30 190
14 84 63 74 12 0 9 0.00 M M 8.7 13 170 M M 0 20 170
15 74 68 71 9 0 6 0.00 M M 8.7 16 170 M M 7 24 170
16 85 61 73 10 0 8 0.02 M M 7.4 18 180 M M 3 24 180
17 84 61 73 10 0 8 0.00 M M 5.2 14 160 M M 4 12 18 150
18 82 58 70 7 0 5 M M M 7.8 13 360 M M 3 18 290
19 66 56 61 -3 4 0 0.00 M M 6.7 12 10 M M 10 16 10
20 60 47 54 -10 11 0 1.65 M M 6.7 12 90 M M 10 3 18 90
21 65 44 55 -9 10 0 0.00 M M 5.4 9 360 M M 4 18 350
22 70 39 55 -9 10 0 0.00 M M 5.8 12 190 M M 0 18 180
23 78 57 68 4 0 3 M M M 9.1 15 180 M M 1 22 180
================================================================================
SM 1716 1181 92 51 3.26 M 160.2 M 74
================================================================================
AV 74.6 51.3 7.0 FASTST M M 3 MAX(MPH)
MISC ----> 23 190 31 360
================================================================================
NOTES:
# LAST OF SEVERAL OCCURRENCES
COLUMN 17 PEAK WIND IN M.P.H.
PRELIMINARY LOCAL CLIMATOLOGICAL DATA (WS FORM: F-6) , PAGE 2
STATION: BRIDGEPORT
MONTH: APRIL
YEAR: 2024
LATITUDE: 33 10 N
LONGITUDE: 96 30 W
[TEMPERATURE DATA] [PRECIPITATION DATA] SYMBOLS USED IN COLUMN 16
AVERAGE MONTHLY: 63.0 TOTAL FOR MONTH: 3.26 1 = FOG OR MIST
DPTR FM NORMAL: 1.5 DPTR FM NORMAL: 1.23 2 = FOG REDUCING VISIBILITY
HIGHEST: 85 ON 16, 5 GRTST 24HR 1.65 ON 20-20 TO 1/4 MILE OR LESS
LOWEST: 39 ON 22, 4 3 = THUNDER
SNOW, ICE PELLETS, HAIL 4 = ICE PELLETS
TOTAL MONTH: M 5 = HAIL
GRTST 24HR M ON M 6 = FREEZING RAIN OR DRIZZLE
GRTST DEPTH: M ON M 7 = DUSTSTORM OR SANDSTORM:
VSBY 1/2 MILE OR LESS
8 = SMOKE OR HAZE
[NO. OF DAYS WITH] [WEATHER - DAYS WITH] 9 = BLOWING SNOW
X = TORNADO
MAX 32 OR BELOW: 0 0.01 INCH OR MORE: 6
MAX 90 OR ABOVE: 0 0.10 INCH OR MORE: 5
MIN 32 OR BELOW: 0 0.50 INCH OR MORE: 3
MIN 0 OR BELOW: 0 1.00 INCH OR MORE: 1
[HDD (BASE 65) ]
TOTAL THIS MO. 92 CLEAR (SCALE 0-3) 12
DPTR FM NORMAL -30 PTCLDY (SCALE 4-7) 9
TOTAL FM JUL 1 2162 CLOUDY (SCALE 8-10) 2
DPTR FM NORMAL -758
[CDD (BASE 65) ]
TOTAL THIS MO. 51
DPTR FM NORMAL 11 [PRESSURE DATA]
TOTAL FM JAN 1 87 HIGHEST SLP M ON M
DPTR FM NORMAL 31 LOWEST SLP M ON M
[REMARKS]