000
CXAK56 PAJK 132022
CF6YAK
PRELIMINARY LOCAL CLIMATOLOGICAL DATA (WS FORM: F-6)
STATION: YAKUTAT
MONTH: FEBRUARY
YEAR: 2020
LATITUDE: 59 31 N
LONGITUDE: 139 40 W
TEMPERATURE IN F: :PCPN: SNOW: WIND :SUNSHINE: SKY :PK WND
================================================================================
1 2 3 4 5 6A 6B 7 8 9 10 11 12 13 14 15 16 17 18
12Z AVG MX 2MIN
DY MAX MIN AVG DEP HDD CDD WTR SNW DPTH SPD SPD DIR MIN PSBL S-S WX SPD DR
================================================================================
1 26 7 17 -12 48 0 T M M 2.0 9 60 M M 6 12 11 90
2 24 5 15 -14 50 0 0.01 M M 3.5 12 80 M M 0 1 13 50
3 35 24 30 1 35 0 0.16 M M 11.6 16 40 M M 9 18 19 60
4 40 34 37 8 28 0 0.38 M M 8.2 16 80 M M 10 1 22 80
5 41 33 37 8 28 0 1.13 M M 11.5 23 210 M M 10 1 32 200
6 40 34 37 8 28 0 0.41 M M 5.1 15 240 M M 10 1 20 210
7 M M M M M M M M M 0.0 0 0 M M 0 M M
8 M M M M M M M M M M M M 0 0 0 0 0
9 42 32 37 8 28 0 T M M 2.8 7 200 M M 10 1 8 210
10 37 32 35 6 30 0 1.55 M M 6.3 17 80 M M 10 1 21 70
11 35 26 31 2 34 0 0.07 M M 5.4 14 70 M M 5 1 18 70
12 38 32 35 5 30 0 1.39 M M 9.5 25 120 M M 9 12 40 120
13 38 28 33 3 32 0 0.07 M M 3.5 15 90 M M 9 1 18 90
14 31 24 28 -2 37 0 0.01 M M 5.6 9 80 M M 6 18 11 60
15 30 23 27 -3 38 0 0.03 M M 3.6 7 100 M M 10 18 9 100
16 32 24 28 -2 37 0 0.08 M M 4.7 9 80 M M 10 1 11 80
17 36 24 30 0 35 0 0.29 M M 7.3 12 60 M M 10 12 14 70
18 43 35 39 9 26 0 0.16 M M 14.3 36 120 M M 10 18 55 110
19 41 33 37 7 28 0 0.33 M M 9.1 32 120 M M 10 18 51 120
20 41 33 37 7 28 0 0.65 M M 14.1 39 120 M M 9 128 62 120
21 40 30 35 5 30 0 0.23 M M 10.4 24 210 M M 9 18 32 210
22 33 25 29 -1 36 0 0.37 M M 3.9 18 260 M M 7 12 23 270
23 31 25 28 -2 37 0 0.25 M M 4.0 18 290 M M 10 1 24 290
24 30 20 25 -5 40 0 0.04 M M 7.5 14 50 M M 4 1 17 50
25 36 28 32 2 33 0 0.43 M M 14.9 26 40 M M 10 126 35 30
26 36 33 35 5 30 0 1.15 M M 12.0 18 80 M M 9 12 24 80
27 38 33 36 6 29 0 0.75 M M 4.0 14 90 M M 9 1 19 80
28 35 32 34 4 31 0 0.11 M M 4.9 9 80 M M 10 1 11 90
29 33 29 31 1 34 0 0.25 M M 5.8 12 110 M M 10 1 16 90
================================================================================
SM 962 738 900 0 10.30 M 195.5 0 231
================================================================================
AV 35.6 27.3 7.0 FASTST 0 0 8 MAX(MPH)
MISC ----> # 39 120 # 62 120
================================================================================
NOTES:
# LAST OF SEVERAL OCCURRENCES
COLUMN 17 PEAK WIND IN M.P.H.
PRELIMINARY LOCAL CLIMATOLOGICAL DATA (WS FORM: F-6) , PAGE 2
STATION: YAKUTAT
MONTH: FEBRUARY
YEAR: 2020
LATITUDE: 59 31 N
LONGITUDE: 139 40 W
[TEMPERATURE DATA] [PRECIPITATION DATA] SYMBOLS USED IN COLUMN 16
AVERAGE MONTHLY: 31.5 TOTAL FOR MONTH: 10.30 1 = FOG OR MIST
DPTR FM NORMAL: 1.8 DPTR FM NORMAL: -0.56 2 = FOG REDUCING VISIBILITY
HIGHEST: 43 ON 18 GRTST 24HR 1.55 ON 10-10 TO 1/4 MILE OR LESS
LOWEST: 5 ON 2 3 = THUNDER
SNOW, ICE PELLETS, HAIL 4 = ICE PELLETS
TOTAL MONTH: M 5 = HAIL
GRTST 24HR M ON M 6 = FREEZING RAIN OR DRIZZLE
GRTST DEPTH: M ON M 7 = DUSTSTORM OR SANDSTORM:
VSBY 1/2 MILE OR LESS
8 = SMOKE OR HAZE
[NO. OF DAYS WITH] [WEATHER - DAYS WITH] 9 = BLOWING SNOW
X = TORNADO
MAX 32 OR BELOW: 7 0.01 INCH OR MORE: 25
MAX 90 OR ABOVE: 0 0.10 INCH OR MORE: 18
MIN 32 OR BELOW: 19 0.50 INCH OR MORE: 6
MIN 0 OR BELOW: 0 1.00 INCH OR MORE: 4
[HDD (BASE 65) ]
TOTAL THIS MO. 900 CLEAR (SCALE 0-3) 3
DPTR FM NORMAL -90 PTCLDY (SCALE 4-7) 5
TOTAL FM JUL 1 5158 CLOUDY (SCALE 8-10) 21
DPTR FM NORMAL -992
[CDD (BASE 65) ]
TOTAL THIS MO. 0
DPTR FM NORMAL 0 [PRESSURE DATA]
TOTAL FM JAN 1 0 HIGHEST SLP 30.39 ON 9
DPTR FM NORMAL 0 LOWEST SLP 29.09 ON 20
[REMARKS]
#FINAL-02-20#