000
CXUS56 KPDT 011540
CLMYKM
CLIMATE REPORT
NATIONAL WEATHER SERVICE PENDLETON, OR
840 AM PDT SAT APR 01 2023
...................................
...THE YAKIMA WA CLIMATE SUMMARY FOR THE MONTH OF MARCH 2023...
CLIMATE NORMAL PERIOD 1991 TO 2020
CLIMATE RECORD PERIOD 1946 TO 2023
WEATHER OBSERVED NORMAL DEPART LAST YEAR`S
VALUE DATE(S) VALUE FROM VALUE DATE(S)
NORMAL
................................................................
TEMPERATURE (F)
RECORD
HIGH 80 03/27/2015
LOW 03/04/1960
HIGHEST 62 03/22 73 03/28
03/30
LOWEST 17 03/01 14 03/10
AVG. MAXIMUM 52.1 56.6 -4.5 59.6
AVG. MINIMUM 27.6 30.2 -2.6 32.4
MEAN 39.9 43.4 -3.5 46.0
DAYS MAX >= 90 0 0.0 0.0 0
DAYS MAX <= 32 0 0.3 -0.3 0
DAYS MIN <= 32 26 20.4 5.6 17
DAYS MIN <= 0 0 0.0 0.0 0
PRECIPITATION (INCHES)
RECORD
MAXIMUM 2.63 1957
MINIMUM 0.01 1973
TOTALS 1.12 0.64 0.48 0.11
DAILY AVG. 0.04 0.02 0.02 0.00
DAYS >= .01 9 6.6 2.4 3
DAYS >= .10 3 2.5 0.5 0
DAYS >= .50 1 0.1 0.9 0
DAYS >= 1.00 0 0.0 0.0 0
GREATEST
24 HR. TOTAL 0.53 03/05 TO 03/06 0.08 03/08 TO 03/08
DEGREE DAYS
HEATING TOTAL 770 670 100 584
SINCE 7/1 5166 5005 161 MM
COOLING TOTAL 0 0 0 0
SINCE 1/1 0 0 0 MM
................................................................
WIND (MPH)
AVERAGE WIND SPEED 6.1
RESULTANT WIND SPEED/DIRECTION 3/260
HIGHEST WIND SPEED/DIRECTION 35/270 DATE 03/02
HIGHEST GUST SPEED/DIRECTION 53/290 DATE 03/02
AVERAGE RH (PERCENT) 58
WEATHER CONDITIONS. NUMBER OF DAYS WITH
THUNDERSTORM 0 MIXED PRECIP 0
HEAVY RAIN 0 RAIN 0
LIGHT RAIN 15 FREEZING RAIN 0
LT FREEZING RAIN 0 HAIL 0
HEAVY SNOW 0 SNOW 0
LIGHT SNOW 4 SLEET 0
FOG 6 FOG W/VIS <= 1/4 MILE 1
HAZE 1
- INDICATES NEGATIVE NUMBERS.
R INDICATES RECORD WAS SET OR TIED.
MM INDICATES DATA IS MISSING.
T INDICATES TRACE AMOUNT.
$$