000
CXUS51 KPBZ 141253
CF6ZZV
PRELIMINARY LOCAL CLIMATOLOGICAL DATA (WS FORM: F-6)
STATION: ZANESVILLE OH
MONTH: OCTOBER
YEAR: 2021
LATITUDE: 39 56 N
LONGITUDE: 81 54 W
TEMPERATURE IN F: :PCPN: SNOW: WIND :SUNSHINE: SKY :PK WND
================================================================================
1 2 3 4 5 6A 6B 7 8 9 10 11 12 13 14 15 16 17 18
12Z AVG MX 2MIN
DY MAX MIN AVG DEP HDD CDD WTR SNW DPTH SPD SPD DIR MIN PSBL S-S WX SPD DR
================================================================================
1 72 44 58 -2 7 0 0.00 M M 1.4 7 110 M M 0 18 9 130
2 76 43 60 0 5 0 T M M 3.3 10 170 M M 1 13 160
3 71 66 69 10 0 4 0.17 M M 6.6 13 200 M M 9 1 16 190
4 76 59 68 9 0 3 0.01 M M 4.6 14 190 M M 7 12 18 260
5 80 58 69 11 0 4 0.00 M M 2.5 10 50 M M 5 12 13 50
6 81 62 72 14 0 7 0.06 M M 3.0 10 130 M M 3 13 15 130
7 74 63 69 11 0 4 0.01 M M 2.7 9 180 M M 4 12 11 170
8 75 60 68 11 0 3 T M M 3.9 10 130 M M 6 12 14 200
9 76 60 68 11 0 3 0.00 M M 4.6 10 160 M M 6 1 14 160
10 79 58 69 12 0 4 0.00 M M 5.3 15 160 M M 1 19 170
11 82 59 71 15 0 6 0.00 M M 5.4 13 160 M M 0 15 150
12 79 62 71 15 0 6 0.00 M M 7.7 16 180 M M 4 21 190
13 75 54 65 10 0 0 0.00 M M 2.4 9 200 M M 3 18 14 200
14 82 58 70 15 0 5 0.00 M M 3.5 10 190 M M 3 8 14 260
15 82 66 74 19 0 9 0.13 M M 5.6 20 200 M M 5 13 30 200
16 67 50 59 5 6 0 1.00 M M 10.3 20 310 M M 8 13 29 320
17 63 46 55 1 10 0 0.00 M M 7.3 20 300 M M 7 27 300
18 67 42 55 1 10 0 0.00 M M 4.9 16 280 M M 0 24 310
19 71 38 55 2 10 0 0.00 M M 2.3 15 280 M M 0 21 300
20 72 41 57 4 8 0 0.00 M M 3.3 14 210 M M 0 1 18 200
21 70 50 60 8 5 0 0.16 M M 9.1 18 190 M M 5 1 25 310
22 55 50 53 1 12 0 0.01 M M 3.8 10 290 M M 10 1 14 300
23 56 45 51 -1 14 0 0.25 M M 3.8 10 250 M M 10 1 13 300
24 63 50 57 6 8 0 0.35 M M 5.1 14 200 M M 9 1 19 200
25 66 53 60 9 5 0 0.49 M M 10.3 18 190 M M 5 1 23 180
26 54 43 49 -2 16 0 0.02 M M 11.3 21 330 M M 8 1 29 340
27 53 45 49 -1 16 0 0.00 M M 3.3 10 310 M M 10 13 310
28 69 48 59 9 6 0 0.51 M M 8.0 21 190 M M 5 1 27 190
29 59 53 56 6 9 0 0.53 M M 9.0 20 100 M M 10 1 25 100
30 62 52 57 8 8 0 0.01 M M 4.8 10 140 M M 10 1 14 140
31 59 51 55 6 10 0 0.02 M M 8.3 18 310 M M 10 1 25 310
================================================================================
SM 2166 1629 165 58 3.73 M 167.4 M 164
================================================================================
AV 69.9 52.5 5.4 FASTST M M 5 MAX(MPH)
MISC ----> # 21 190 30 200
================================================================================
NOTES:
# LAST OF SEVERAL OCCURRENCES
COLUMN 17 PEAK WIND IN M.P.H.
PRELIMINARY LOCAL CLIMATOLOGICAL DATA (WS FORM: F-6) , PAGE 2
STATION: ZANESVILLE OH
MONTH: OCTOBER
YEAR: 2021
LATITUDE: 39 56 N
LONGITUDE: 81 54 W
[TEMPERATURE DATA] [PRECIPITATION DATA] SYMBOLS USED IN COLUMN 16
AVERAGE MONTHLY: 61.2 TOTAL FOR MONTH: 3.73 1 = FOG OR MIST
DPTR FM NORMAL: 6.9 DPTR FM NORMAL: 0.92 2 = FOG REDUCING VISIBILITY
HIGHEST: 82 ON 14,11 GRTST 24HR 1.13 ON 15-16 TO 1/4 MILE OR LESS
LOWEST: 38 ON 19 3 = THUNDER
SNOW, ICE PELLETS, HAIL 4 = ICE PELLETS
TOTAL MONTH: M 5 = HAIL
GRTST 24HR M ON M 6 = FREEZING RAIN OR DRIZZLE
GRTST DEPTH: M ON M 7 = DUSTSTORM OR SANDSTORM:
VSBY 1/2 MILE OR LESS
8 = SMOKE OR HAZE
[NO. OF DAYS WITH] [WEATHER - DAYS WITH] 9 = BLOWING SNOW
X = TORNADO
MAX 32 OR BELOW: 0 0.01 INCH OR MORE: 16
MAX 90 OR ABOVE: 0 0.10 INCH OR MORE: 9
MIN 32 OR BELOW: 0 0.50 INCH OR MORE: 3
MIN 0 OR BELOW: 0 1.00 INCH OR MORE: 1
[HDD (BASE 65) ]
TOTAL THIS MO. 165 CLEAR (SCALE 0-3) 10
DPTR FM NORMAL -179 PTCLDY (SCALE 4-7) 12
TOTAL FM JUL 1 213 CLOUDY (SCALE 8-10) 9
DPTR FM NORMAL -211
[CDD (BASE 65) ]
TOTAL THIS MO. 58
DPTR FM NORMAL 44 [PRESSURE DATA]
TOTAL FM JAN 1 1087 HIGHEST SLP 30.31 ON 1
DPTR FM NORMAL 175 LOWEST SLP 29.40 ON 29
[REMARKS]
#FINAL-10-21#