000
CXUS51 KPBZ 010830
CF6ZZV
PRELIMINARY LOCAL CLIMATOLOGICAL DATA (WS FORM: F-6)
STATION: ZANESVILLE OH
MONTH: NOVEMBER
YEAR: 2023
LATITUDE: 39 56 N
LONGITUDE: 81 54 W
TEMPERATURE IN F: :PCPN: SNOW: WIND :SUNSHINE: SKY :PK WND
================================================================================
1 2 3 4 5 6A 6B 7 8 9 10 11 12 13 14 15 16 17 18
12Z AVG MX 2MIN
DY MAX MIN AVG DEP HDD CDD WTR SNW DPTH SPD SPD DIR MIN PSBL S-S WX SPD DR
================================================================================
1 44 26 35 -13 30 0 T M M 5.8 17 320 M M M 24 320
2 51 23 37 -11 28 0 0.00 M M 5.1 16 190 M M M 23 190
3 62 30 46 -2 19 0 0.00 M M 6.6 16 190 M M 0 24 180
4 67 41 54 7 11 0 0.00 M M 4.4 12 190 M M 3 18 180
5 62 35 49 2 16 0 0.00 M M 1.9 9 330 M M 1 14 340
6 67 32 50 3 15 0 0.00 M M 6.4 16 200 M M 1 23 210
7 68 46 57 11 8 0 0.00 M M 7.0 15 260 M M 1 22 250
8 70 36 53 7 12 0 0.00 M M 5.6 16 210 M M 1 24 200
9 73 43 58 12 7 0 0.16 M M 7.9 18 320 M M 5 1 29 260
10 59 37 48 3 17 0 0.00 M M 4.2 15 230 M M 3 23 240
11 52 28 40 -5 25 0 0.00 M M 2.7 10 20 M M 4 16 360
12 56 30 43 -2 22 0 0.00 M M 2.3 10 50 M M 0 8 16 60
13 62 26 44 0 21 0 0.00 M M 5.1 17 270 M M 0 23 260
14 59 26 43 -1 22 0 0.00 M M 1.1 8 320 M M 0 8 13 340
15 68 26 47 3 18 0 0.00 M M 2.7 16 260 M M 0 8 25 260
16 69 29 49 6 16 0 0.00 M M 3.0 13 190 M M 0 18 230
17 62 44 53 10 12 0 0.71 M M 7.9 18 350 M M 9 1 29 180
18 50 31 41 -1 24 0 0.00 M M 4.5 15 340 M M 3 23 350
19 58 26 42 0 23 0 0.00 M M 1.5 10 310 M M 0 17 290
20 50 36 43 1 22 0 T M M 7.5 13 90 M M 1 18 60
21 51 44 48 6 17 0 0.99 M M 7.4 16 280 M M 10 1 26 250
22 46 36 41 0 24 0 T M M 6.6 14 290 M M 9 1 23 300
23 45 30 38 -3 27 0 0.00 M M 4.9 13 180 M M 4 1 20 260
24 44 27 36 -4 29 0 0.00 M M 4.7 13 350 M M 3 1 21 10
25 45 24 35 -5 30 0 0.00 M M 1.7 8 90 M M 0 12 90
26 48 30 39 -1 26 0 0.11 M M 5.9 18 270 M M 7 1 28 260
27 42 31 37 -3 28 0 T M M 11.9 22 270 M M 10 34 270
28 31 20 26 -13 39 0 T M M 9.5 21 280 M M 9 29 280
29 41 16 29 -10 36 0 0.00 M M 7.1 17 210 M M 2 24 200
30 57 26 42 3 23 0 0.00 M M 8.3 20 210 M M 2 28 200
================================================================================
SM 1659 935 647 0 1.97 M 161.2 M 88
================================================================================
AV 55.3 31.2 5.4 FASTST M M 3 MAX(MPH)
MISC ----> 22 270 34 270
================================================================================
NOTES:
# LAST OF SEVERAL OCCURRENCES
COLUMN 17 PEAK WIND IN M.P.H.
PRELIMINARY LOCAL CLIMATOLOGICAL DATA (WS FORM: F-6) , PAGE 2
STATION: ZANESVILLE OH
MONTH: NOVEMBER
YEAR: 2023
LATITUDE: 39 56 N
LONGITUDE: 81 54 W
[TEMPERATURE DATA] [PRECIPITATION DATA] SYMBOLS USED IN COLUMN 16
AVERAGE MONTHLY: 43.2 TOTAL FOR MONTH: 1.97 1 = FOG OR MIST
DPTR FM NORMAL: -0.2 DPTR FM NORMAL: -0.82 2 = FOG REDUCING VISIBILITY
HIGHEST: 73 ON 9 GRTST 24HR 0.99 ON 21-21 TO 1/4 MILE OR LESS
LOWEST: 16 ON 29 3 = THUNDER
SNOW, ICE PELLETS, HAIL 4 = ICE PELLETS
TOTAL MONTH: M 5 = HAIL
GRTST 24HR M ON M 6 = FREEZING RAIN OR DRIZZLE
GRTST DEPTH: M ON M 7 = DUSTSTORM OR SANDSTORM:
VSBY 1/2 MILE OR LESS
8 = SMOKE OR HAZE
[NO. OF DAYS WITH] [WEATHER - DAYS WITH] 9 = BLOWING SNOW
X = TORNADO
MAX 32 OR BELOW: 1 0.01 INCH OR MORE: 4
MAX 90 OR ABOVE: 0 0.10 INCH OR MORE: 4
MIN 32 OR BELOW: 20 0.50 INCH OR MORE: 2
MIN 0 OR BELOW: 0 1.00 INCH OR MORE: 0
[HDD (BASE 65) ]
TOTAL THIS MO. 647 CLEAR (SCALE 0-3) 19
DPTR FM NORMAL 0 PTCLDY (SCALE 4-7) 4
TOTAL FM JUL 1 930 CLOUDY (SCALE 8-10) 7
DPTR FM NORMAL -142
[CDD (BASE 65) ]
TOTAL THIS MO. 0
DPTR FM NORMAL 0 [PRESSURE DATA]
TOTAL FM JAN 1 787 HIGHEST SLP 30.49 ON 14
DPTR FM NORMAL -125 LOWEST SLP 29.71 ON 9
[REMARKS]
#FINAL-11-23#