000
CXUS51 KPBZ 010730
CF6ZZV
PRELIMINARY LOCAL CLIMATOLOGICAL DATA (WS FORM: F-6)
STATION: ZANESVILLE OH
MONTH: JULY
YEAR: 2023
LATITUDE: 39 56 N
LONGITUDE: 81 54 W
TEMPERATURE IN F: :PCPN: SNOW: WIND :SUNSHINE: SKY :PK WND
================================================================================
1 2 3 4 5 6A 6B 7 8 9 10 11 12 13 14 15 16 17 18
12Z AVG MX 2MIN
DY MAX MIN AVG DEP HDD CDD WTR SNW DPTH SPD SPD DIR MIN PSBL S-S WX SPD DR
================================================================================
1 82 71 77 3 0 12 0.02 M M 5.9 17 260 M M 3 1 25 250
2 84 68 76 2 0 11 2.05 M M 6.6 22 170 M M 7 138 32 170
3 82 66 74 0 0 9 0.10 M M 4.3 9 230 M M 7 1 14 260
4 87 66 77 3 0 12 0.00 M M 3.2 12 310 M M 4 12 16 320
5 90 66 78 4 0 13 0.00 M M 1.8 10 130 M M 1 1 16 120
6 87 68 78 4 0 13 0.10 M M 4.1 15 260 M M 2 3 20 260
7 85 68 77 3 0 12 T M M 3.4 12 320 M M 5 2 14 320
8 82 64 73 -1 0 8 T M M 4.3 9 180 M M 2 17 190
9 81 64 73 -1 0 8 0.36 M M 3.8 16 310 M M 4 1 20 340
10 83 58 71 -3 0 6 0.00 M M 1.7 9 310 M M 1 1 14 310
11 85 60 73 -1 0 8 0.00 M M 4.4 14 260 M M 1 19 260
12 86 64 75 1 0 10 0.00 M M 5.1 14 210 M M 1 18 200
13 89 70 80 6 0 15 T M M 7.1 28 210 M M 3 39 210
14 87 69 78 4 0 13 0.00 M M 3.0 12 290 M M 5 1 16 270
15 83 64 74 0 0 9 0.05 M M 3.2 12 110 M M 3 1 14 110
16 84 69 77 3 0 12 0.01 M M 5.2 14 260 M M 5 18 22 260
17 83 65 74 0 0 9 0.14 M M 6.5 13 190 M M 2 138 17 290
18 82 62 72 -2 0 7 T M M 4.3 10 190 M M 4 1 13 200
19 84 68 76 2 0 11 0.00 M M 1.9 8 310 M M 7 1 10 220
20 87 65 76 2 0 11 0.21 M M 4.8 25 330 M M 6 123 34 320
21 79 62 71 -3 0 6 0.00 M M 4.0 14 310 M M 5 12 17 320
22 82 56 69 -5 0 4 0.00 M M 1.9 12 340 M M 1 1 14 340
23 85 58 72 -2 0 7 0.00 M M 3.0 12 170 M M 1 18 200
24 86 60 73 -1 0 8 0.37 M M 4.3 20 300 M M 2 13 27 320
25 83 61 72 -2 0 7 0.00 M M 2.3 9 210 M M 4 1 12 210
26 91 63 77 3 0 12 0.00 M M 7.8 20 200 M M 2 1 24 200
27 88 75 82 8 0 17 0.10 M M 6.2 17 260 M M 5 13 25 260
28 88 71 80 6 0 15 T M M 5.5 15 200 M M 2 13 20 200
29 84 68 76 2 0 11 0.27 M M 6.6 20 350 M M 6 13 28 330
30 84 61 73 -1 0 8 0.23 M M 2.0 13 40 M M 3 123 16 30
31 80 61 71 -3 0 6 0.00 M M 3.4 12 50 M M 2 1 15 20
================================================================================
SM 2623 2011 0 310 4.01 M 131.6 M 106
================================================================================
AV 84.6 64.9 4.2 FASTST M M 3 MAX(MPH)
MISC ----> 28 210 39 210
================================================================================
NOTES:
# LAST OF SEVERAL OCCURRENCES
COLUMN 17 PEAK WIND IN M.P.H.
PRELIMINARY LOCAL CLIMATOLOGICAL DATA (WS FORM: F-6) , PAGE 2
STATION: ZANESVILLE OH
MONTH: JULY
YEAR: 2023
LATITUDE: 39 56 N
LONGITUDE: 81 54 W
[TEMPERATURE DATA] [PRECIPITATION DATA] SYMBOLS USED IN COLUMN 16
AVERAGE MONTHLY: 74.7 TOTAL FOR MONTH: 4.01 1 = FOG OR MIST
DPTR FM NORMAL: 0.5 DPTR FM NORMAL: 0.28 2 = FOG REDUCING VISIBILITY
HIGHEST: 91 ON 26 GRTST 24HR 2.05 ON 2- 2 TO 1/4 MILE OR LESS
LOWEST: 56 ON 22 3 = THUNDER
SNOW, ICE PELLETS, HAIL 4 = ICE PELLETS
TOTAL MONTH: M 5 = HAIL
GRTST 24HR M ON M 6 = FREEZING RAIN OR DRIZZLE
GRTST DEPTH: M ON M 7 = DUSTSTORM OR SANDSTORM:
VSBY 1/2 MILE OR LESS
8 = SMOKE OR HAZE
[NO. OF DAYS WITH] [WEATHER - DAYS WITH] 9 = BLOWING SNOW
X = TORNADO
MAX 32 OR BELOW: 0 0.01 INCH OR MORE: 13
MAX 90 OR ABOVE: 2 0.10 INCH OR MORE: 10
MIN 32 OR BELOW: 0 0.50 INCH OR MORE: 1
MIN 0 OR BELOW: 0 1.00 INCH OR MORE: 1
[HDD (BASE 65) ]
TOTAL THIS MO. 0 CLEAR (SCALE 0-3) 16
DPTR FM NORMAL -2 PTCLDY (SCALE 4-7) 15
TOTAL FM JUL 1 0 CLOUDY (SCALE 8-10) 0
DPTR FM NORMAL 0
[CDD (BASE 65) ]
TOTAL THIS MO. 310
DPTR FM NORMAL 23 [PRESSURE DATA]
TOTAL FM JAN 1 462 HIGHEST SLP 30.15 ON 31
DPTR FM NORMAL -90 LOWEST SLP 29.76 ON 13
[REMARKS]
#FINAL-07-23#