000
CXUS53 KUNR 210945
CF62WX
PRELIMINARY LOCAL CLIMATOLOGICAL DATA (WS FORM: F-6)

                                          STATION:   BUFFALO SD
                                          MONTH:     JANUARY
                                          YEAR:      2018
                                          LATITUDE:   45 35 N
                                          LONGITUDE: 103 33 W

  TEMPERATURE IN F:       :PCPN:    SNOW:  WIND      :SUNSHINE: SKY     :PK WND
================================================================================
1   2   3   4   5  6A  6B    7    8   9   10  11  12  13   14  15   16   17  18
                                     12Z  AVG MX 2MIN
DY MAX MIN AVG DEP HDD CDD  WTR  SNW DPTH SPD SPD DIR MIN PSBL S-S WX    SPD DR
================================================================================

 1  -3 -24 -13 -33  78   0 0.00    M    M  5.0 13 290   M    M   M        14 290
 2  26  -9   9 -11  56   0 0.00    M    M 18.6 29 280   M    M   M        35 280
 3  28  11  20   0  45   0 0.00    M    M  6.5 18 300   M    M   M        19 310
 4  35  15  25   5  40   0 0.00    M    M  9.2 21 310   M    M   M        22 300
 5  19  13  16  -4  49   0 0.00    M    M 11.9 18 170   M    M   M        23 160
 6  41  14  28   8  37   0 0.00    M    M  9.3 22 290   M    M   M        26 290
 7  40  27  34  14  31   0 0.00    M    M 16.5 35 300   M    M   M        40 300
 8  41  24  33  13  32   0 0.00    M    M  3.4 13 280   M    M   M        14 280
 9  43  28  36  16  29   0 0.00    M    M  6.6 15 280   M    M   M        17 280
10  41  -6  18  -2  47   0 0.00    M    M 25.0 43 320   M    M   M        50 320
11  -1  -9  -5 -25  70   0 0.00    M    M 15.5 36 300   M    M   M        41 300
12   3  -5  -1 -21  66   0 0.00    M    M  6.0 14 100   M    M   M        15 100
13  28  -5  12  -8  53   0 0.18    M    M 10.4 26 290   M    M   M        30 280
14  36  -3  17  -3  48   0 0.02    M    M 23.1 40 330   M    M   M        46 320
15  -3 -20 -11 -31  76   0 0.00    M    M 15.3 30 330   M    M   M        35 320
16  15 -18  -1 -21  66   0 0.00    M    M  7.5 15 180   M    M   M        17 180
17  36   0  18  -2  47   0 0.00    M    M 11.8 24 250   M    M   M        28 250
18  46  34  40  20  25   0 0.00    M    M  9.2 24 250   M    M   M        30 240
19  44  30  37  16  28   0 0.01    M    M  7.0 24 340   M    M   M        29 330
20  38  27  33  12  32   0 0.00    M    M  8.8 17 310   M    M   M        20 300
================================================================================
SM  553  124       955   0  0.21    M    226.6          M        M
================================================================================
AV 27.7  6.2                              11.3 FASTST   M    M   3    MAX(MPH)
                                 MISC ---->  # 43 320               # 50  320
================================================================================
NOTES:
# LAST OF SEVERAL OCCURRENCES

COLUMN 17 PEAK WIND IN M.P.H.

PRELIMINARY LOCAL CLIMATOLOGICAL DATA (WS FORM: F-6) , PAGE 2

                                          STATION:  BUFFALO SD
                                          MONTH:    JANUARY
                                          YEAR:     2018
                                          LATITUDE:   45 35 N
                                          LONGITUDE: 103 33 W

[TEMPERATURE DATA]      [PRECIPITATION DATA]       SYMBOLS USED IN COLUMN 16

AVERAGE MONTHLY: 16.9   TOTAL FOR MONTH:   0.21    1 = FOG OR MIST
DPTR FM NORMAL:  -3.2   DPTR FM NORMAL:    0.03    2 = FOG REDUCING VISIBILITY
HIGHEST:    46 ON 18    GRTST 24HR  0.18 ON 13-13      TO 1/4 MILE OR LESS
LOWEST:    -24 ON  1                               3 = THUNDER
                        SNOW, ICE PELLETS, HAIL    4 = ICE PELLETS
                        TOTAL MONTH:    M          5 = HAIL
                        GRTST 24HR    M  ON   M    6 = FREEZING RAIN OR DRIZZLE
                        GRTST DEPTH:  M  ON   M    7 = DUSTSTORM OR SANDSTORM:
                                                       VSBY 1/2 MILE OR LESS
                                                   8 = SMOKE OR HAZE
[NO. OF DAYS WITH]      [WEATHER - DAYS WITH]      9 = BLOWING SNOW
                                                   X = TORNADO
MAX 32 OR BELOW:   9    0.01 INCH OR MORE:   3
MAX 90 OR ABOVE:   0    0.10 INCH OR MORE:   1
MIN 32 OR BELOW:  19    0.50 INCH OR MORE:   0
MIN  0 OR BELOW:  10    1.00 INCH OR MORE:   0

[HDD (BASE 65) ]
TOTAL THIS MO.   955    CLEAR  (SCALE 0-3)   0
DPTR FM NORMAL    58    PTCLDY (SCALE 4-7)   0
TOTAL FM JUL 1  3939    CLOUDY (SCALE 8-10)  0
DPTR FM NORMAL  -218

[CDD (BASE 65) ]
TOTAL THIS MO.     0
DPTR FM NORMAL     0    [PRESSURE DATA]
TOTAL FM JAN 1     0    HIGHEST SLP M ON M
DPTR FM NORMAL     0    LOWEST  SLP 29.16 ON 10

[REMARKS]
