000
CXUS54 KEWX 280910
CF63T5
PRELIMINARY LOCAL CLIMATOLOGICAL DATA (WS FORM: F-6)

                                          STATION:   LA GRANGE
                                          MONTH:     APRIL
                                          YEAR:      2017
                                          LATITUDE:   29 54 N
                                          LONGITUDE:  96 57 W

  TEMPERATURE IN F:       :PCPN:    SNOW:  WIND      :SUNSHINE: SKY     :PK WND
================================================================================
1   2   3   4   5  6A  6B    7    8   9   10  11  12  13   14  15   16   17  18
                                     12Z  AVG MX 2MIN
DY MAX MIN AVG DEP HDD CDD  WTR  SNW DPTH SPD SPD DIR MIN PSBL S-S WX    SPD DR
================================================================================

 1  81  62  72   M   0   7 0.00    M    M  7.2 13 140   M    M   7        20 150
 2  83  62  73   M   0   8 0.31    M    M  5.6 10 300   M    M   5 13      M  M
 3  85  54  70   M   0   5 0.00    M    M  6.0 12 260   M    M   0         M  M
 4  88  60  74   M   0   9 0.00    M    M  7.6 16 180   M    M   1 12     20 180
 5  74  50  62   M   3   0 0.00    M    M 10.0 20 340   M    M   1 1      27 330
 6  76  46  61   M   4   0 0.00    M    M  0.2  4  40   M    M   0         M  M
 7  80  48  64   M   1   0 0.00    M    M  4.9 10 200   M    M   0         M  M
 8  80  57  69   M   0   4 0.00    M    M  8.5 15 190   M    M   3        24 190
 9  81  62  72   M   0   7 0.00    M    M  9.4 16 190   M    M   6        23 170
10  83  72  78   M   0  13 0.00    M    M  7.2 13 150   M    M  10        17 150
11  77  62  70   M   0   5 0.65    M    M  4.3 12  50   M    M   9 3      25  50
12  81  62  72   M   0   7 0.00    M    M  3.4  8 140   M    M   7 1       M  M
13  82  64  73   M   0   8 0.02    M    M  4.3 10 130   M    M   6 1      16 130
14  84  59  72   M   0   7 0.00    M    M  4.2  8 120   M    M   5 128     M  M
15  83  64  74   M   0   9 0.00    M    M  4.4  9 150   M    M   5 1       M  M
16  85  67  76   M   0  11 0.00    M    M  6.1 12 170   M    M   5        16 160
17  79  66  73   M   0   8 1.88    M    M  4.3 14 220   M    M   9 13     20 220
18  79  66  73   M   0   8 0.30    M    M  2.8  8 150   M    M   8 13     16 130
19  82  68  75   M   0  10 0.01    M    M  4.3  9 160   M    M   7 1       M  M
20  85  70  78   M   0  13 0.00    M    M  6.0  9 170   M    M   6         M  M
21  87  70  79   M   0  14 0.00    M    M  8.8 14 160   M    M   7        21 180
22  74  60  67   M   0   2 0.00    M    M  8.2 15 350   M    M  10 1      22 350
23  75  51  63   M   2   0 0.00    M    M  7.4 17  10   M    M   1        24  10
24  80  48  64   M   1   0 0.00    M    M  4.5 10 160   M    M   0        16 170
25  86  62  74   M   0   9 0.00    M    M 10.5 17 160   M    M   6        22 170
26  92  64  78   M   0  13 0.00    M    M 10.2 16 320   M    M   5        23 320
27  82  53  68   M   0   3 0.00  0.0    0  4.9 14 170   M    M   1        17 170
================================================================================
SM 2204 1629        11 180  3.17     0.0 165.2          M      130
================================================================================
AV 81.6 60.3                               6.1 FASTST   M    M   5    MAX(MPH)
                                 MISC ---->  # 20 340               # 27  330
================================================================================
NOTES:
# LAST OF SEVERAL OCCURRENCES

COLUMN 17 PEAK WIND IN M.P.H.

PRELIMINARY LOCAL CLIMATOLOGICAL DATA (WS FORM: F-6) , PAGE 2

                                          STATION:  LA GRANGE
                                          MONTH:    APRIL
                                          YEAR:     2017
                                          LATITUDE:   29 54 N
                                          LONGITUDE:  96 57 W

[TEMPERATURE DATA]      [PRECIPITATION DATA]       SYMBOLS USED IN COLUMN 16

AVERAGE MONTHLY: 71.0   TOTAL FOR MONTH:   3.17    1 = FOG OR MIST
DPTR FM NORMAL:     M   DPTR FM NORMAL:       M    2 = FOG REDUCING VISIBILITY
HIGHEST:    92 ON 26    GRTST 24HR  1.88 ON 17-17      TO 1/4 MILE OR LESS
LOWEST:     46 ON  6                               3 = THUNDER
                        SNOW, ICE PELLETS, HAIL    4 = ICE PELLETS
                        TOTAL MONTH:   0.0 INCH    5 = HAIL
                        GRTST 24HR     0.0         6 = FREEZING RAIN OR DRIZZLE
                        GRTST DEPTH:   0           7 = DUSTSTORM OR SANDSTORM:
                                                       VSBY 1/2 MILE OR LESS
                                                   8 = SMOKE OR HAZE
[NO. OF DAYS WITH]      [WEATHER - DAYS WITH]      9 = BLOWING SNOW
                                                   X = TORNADO
MAX 32 OR BELOW:   0    0.01 INCH OR MORE:   6
MAX 90 OR ABOVE:   1    0.10 INCH OR MORE:   4
MIN 32 OR BELOW:   0    0.50 INCH OR MORE:   2
MIN  0 OR BELOW:   0    1.00 INCH OR MORE:   1

[HDD (BASE 65) ]
TOTAL THIS MO.    11    CLEAR  (SCALE 0-3)   8
DPTR FM NORMAL     M    PTCLDY (SCALE 4-7)  15
TOTAL FM JUL 1   732    CLOUDY (SCALE 8-10)  4
DPTR FM NORMAL     M

[CDD (BASE 65) ]
TOTAL THIS MO.   180
DPTR FM NORMAL     M    [PRESSURE DATA]
TOTAL FM JAN 1   524    HIGHEST SLP M ON M
DPTR FM NORMAL     M    LOWEST  SLP M ON M

[REMARKS]
