000
CXUS54 KMAF 291100
CF66R6
PRELIMINARY LOCAL CLIMATOLOGICAL DATA (WS FORM: F-6)

                                          STATION:   Terrell County Airport
                                          MONTH:     AUGUST
                                          YEAR:      2015
                                          LATITUDE:   30  2 N
                                          LONGITUDE: 102 13 W

  TEMPERATURE IN F:       :PCPN:    SNOW:  WIND      :SUNSHINE: SKY     :PK WND
================================================================================
1   2   3   4   5  6A  6B    7    8   9   10  11  12  13   14  15   16   17  18
                                     12Z  AVG MX 2MIN
DY MAX MIN AVG DEP HDD CDD  WTR  SNW DPTH SPD SPD DIR MIN PSBL S-S WX    SPD DR
================================================================================

 1 101  75  88   5   0  23 0.00  0.0    0  7.6 35  80   M    M   0        44  80
 2 102  74  88   5   0  23 0.00  0.0    0  8.9 18 170   M    M   0        26 160
 3 102  74  88   5   0  23 0.00  0.0    0  7.4 16 150   M    M   0        22 160
 4 102  76  89   6   0  24 0.00  0.0    0  6.3 15 170   M    M   0        26 180
 5 104  78  91   8   0  26 0.00  0.0    0  7.3 15 160   M    M   0        22 160
 6 103  75  89   6   0  24 0.00  0.0    0  7.0 17 160   M    M   0        25 170
 7 104  78  91   8   0  26 0.00  0.0    0  8.2 23 170   M    M   0        28 160
 8 105  78  92   9   0  27 0.00  0.0    0  9.2 16 150   M    M   0        25 170
 9 103  78  91   8   0  26 0.00  0.0    0  7.6 16 140   M    M   0        24 160
10 103  76  90   7   0  25 0.00  0.0    0  7.1 14 170   M    M   0        25 160
11 103  75  89   6   0  24 0.00  0.0    0  8.7 20 160   M    M   0        28  80
12 103  75  89   6   0  24 0.00  0.0    0  7.5 39  70   M    M   0        50  70
13 104  73  89   6   0  24 0.00  0.0    0  6.9 15 100   M    M   0        23  90
14 106  78  92   9   0  27 0.00  0.0    0  8.4 35  70   M    M   0        43  70
15 101  76  89   6   0  24 0.00  0.0    0  6.9 23  60   M    M   0        30  60
16 100  75  88   5   0  23 0.00  0.0    0  7.0 15 160   M    M   0        25  80
17 100  72  86   3   0  21 0.00  0.0    0  6.6 17 160   M    M   0        25 160
18 102  74  88   6   0  23 0.00  0.0    0  7.8 18 200   M    M   0        23 190
19 104  74  89   7   0  24 0.18  0.0    0  7.2 29 100   M    M   0        40 100
20  96  71  84   2   0  19 0.00  0.0    0  9.5 25 130   M    M   0        35 140
21  98  72  85   3   0  20 0.00  0.0    0  7.8 15 150   M    M   0        24 160
22 103  74  89   7   0  24 0.00  0.0    0  8.2 16 210   M    M   0        22 150
23 100  76  88   6   0  23 0.00  0.0    0  7.0 18 150   M    M   0        26 160
24 101  78  90   8   0  25 0.00  0.0    0  7.2 16 150   M    M   0        25 170
25 101  73  87   5   0  22 0.00  0.0    0  7.3 17  70   M    M   0        24 180
26 100  75  88   6   0  23 0.00  0.0    0  7.5 16  20   M    M   0        26 160
27 100  73  87   5   0  22 0.00  0.0    0  8.0 16 200   M    M   0        25 170
28 102  69  86   5   0  21 0.00  0.0    0  7.2 16 170   M    M   0        24 170
================================================================================
SM 2853 2095         0 660  0.18     0.0 213.3          M        0
================================================================================
AV101.9 74.8                               7.6 FASTST   M    M   0    MAX(MPH)
                                 MISC ---->  # 39  70               # 50   70
================================================================================
NOTES:
# LAST OF SEVERAL OCCURRENCES

COLUMN 17 PEAK WIND IN M.P.H.

PRELIMINARY LOCAL CLIMATOLOGICAL DATA (WS FORM: F-6) , PAGE 2

                                          STATION:  Terrell County Airport
                                          MONTH:    AUGUST
                                          YEAR:     2015
                                          LATITUDE:   30  2 N
                                          LONGITUDE: 102 13 W

[TEMPERATURE DATA]      [PRECIPITATION DATA]       SYMBOLS USED IN COLUMN 16

AVERAGE MONTHLY: 88.4   TOTAL FOR MONTH:   0.18    1 = FOG OR MIST
DPTR FM NORMAL:   5.8   DPTR FM NORMAL:   -1.48    2 = FOG REDUCING VISIBILITY
HIGHEST:   106 ON 14    GRTST 24HR  0.18 ON 19-19      TO 1/4 MILE OR LESS
LOWEST:     69 ON 28                               3 = THUNDER
                        SNOW, ICE PELLETS, HAIL    4 = ICE PELLETS
                        TOTAL MONTH:   0.0 INCH    5 = HAIL
                        GRTST 24HR     0.0         6 = FREEZING RAIN OR DRIZZLE
                        GRTST DEPTH:   0           7 = DUSTSTORM OR SANDSTORM:
                                                       VSBY 1/2 MILE OR LESS
                                                   8 = SMOKE OR HAZE
[NO. OF DAYS WITH]      [WEATHER - DAYS WITH]      9 = BLOWING SNOW
                                                   X = TORNADO
MAX 32 OR BELOW:   0    0.01 INCH OR MORE:   1
MAX 90 OR ABOVE:  28    0.10 INCH OR MORE:   1
MIN 32 OR BELOW:   0    0.50 INCH OR MORE:   0
MIN  0 OR BELOW:   0    1.00 INCH OR MORE:   0

[HDD (BASE 65) ]
TOTAL THIS MO.     0    CLEAR  (SCALE 0-3)  28
DPTR FM NORMAL     0    PTCLDY (SCALE 4-7)   0
TOTAL FM JUL 1     0    CLOUDY (SCALE 8-10)  0
DPTR FM NORMAL     0

[CDD (BASE 65) ]
TOTAL THIS MO.   660
DPTR FM NORMAL   167    [PRESSURE DATA]
TOTAL FM JAN 1  2432    HIGHEST SLP M ON M
DPTR FM NORMAL   290    LOWEST  SLP 29.55 ON 18

[REMARKS]
