000
CXUS55 KABR 291400
CF68D3
PRELIMINARY LOCAL CLIMATOLOGICAL DATA (WS FORM: F-6)

                                          STATION:   SISSETON SD
                                          MONTH:     MARCH
                                          YEAR:      2017
                                          LATITUDE:   45 40 N
                                          LONGITUDE:  96 59 W

  TEMPERATURE IN F:       :PCPN:    SNOW:  WIND      :SUNSHINE: SKY     :PK WND
================================================================================
1   2   3   4   5  6A  6B    7    8   9   10  11  12  13   14  15   16   17  18
                                     12Z  AVG MX 2MIN
DY MAX MIN AVG DEP HDD CDD  WTR  SNW DPTH SPD SPD DIR MIN PSBL S-S WX    SPD DR
================================================================================

 1  29  11  20  -3  45   0 0.00  0.0    3 15.9 26 340   M    M   0        31 330
 2  25   5  15  -9  50   0 0.00  0.0    3  6.9 13 360   M    M   0        16  10
 3  32   3  18  -6  47   0 0.00  0.0    3 12.9 23 160   M    M   0        27 160
 4  47  18  33   8  32   0 0.00  0.0    3 17.5 35 170   M    M   0        42 150
 5  67  32  50  25  15   0 0.00  0.0    2  7.3 16 240   M    M   0        20 260
 6  65  26  46  20  19   0 0.00  0.0    0 20.5 46 280   M    M   0        60 290
 7  43  27  35   9  30   0 0.00  0.0    0 30.2 49 310   M    M   0        64 300
 8  33  18  26   0  39   0 0.00  0.0    0 20.7 41 320   M    M   0        53 320
 9  23   5  14 -13  51   0    T    T    0 14.2 21  20   M    M   0        26  20
10  14  -2   6 -21  59   0 0.00  0.0    T  9.4 17  30   M    M   0        20 360
11  19   7  13 -15  52   0 0.00  0.0    T  8.5 14  40   M    M   0        16  70
12  17  10  14 -14  51   0 0.24  3.4    T 12.6 24 130   M    M   0        29 130
13  21  -4   9 -20  56   0 0.00  0.0    3  7.4 20  40   M    M   0        36  70
14  21  -7   7 -22  58   0 0.00  0.0    3  5.6 16 190   M    M   0        19 190
15  31   0  16 -14  49   0 0.00  0.0    3 11.8 20 170   M    M   0        23 160
16  37  24  31   1  34   0 0.00  0.0    3 13.0 25 170   M    M   0        32 170
17  40  31  36   6  29   0 0.00  0.0    1 20.6 36 340   M    M   0        44 330
18  42  21  32   1  33   0 0.00  0.0    1  9.5 23 350   M    M   0        29 340
19  64  33  49  18  16   0 0.00  0.0    0 14.8 23 350   M    M   0        28 180
20  54  31  43  11  22   0 0.00  0.0    0 10.0 22 360   M    M   0        28 360
21  32  17  25  -7  40   0 0.00  0.0    0 13.0 23  20   M    M   0        28  30
22  34  17  26  -7  39   0    T    T    0 18.1 30 170   M    M   0        37 160
23  42  33  38   5  27   0 0.02  0.0    0 10.4 23 170   M    M   0        27 170
24  46  28  37   3  28   0 0.00  0.0    0 11.0 20  10   M    M   0        23  10
25  39  26  33  -1  32   0 0.00  0.0    0  8.2 17 150   M    M   0        20 160
26  48  33  41   7  24   0 0.00  0.0    0  2.5  9 150   M    M   0        12 160
27  58  32  45  10  20   0 0.00  0.0    0  3.4 10 170   M    M   0        13 180
28  61  29  45   9  20   0 0.00  0.0    0  4.4  9 170   M    M   0        12 350
================================================================================
SM 1084  504      1017   0  0.26     3.4 340.3          M        0
================================================================================
AV 38.7 18.0                              12.2 FASTST   M    M   0    MAX(MPH)
                                 MISC ---->  # 49 310               # 64  300
================================================================================
NOTES:
# LAST OF SEVERAL OCCURRENCES

COLUMN 17 PEAK WIND IN M.P.H.

PRELIMINARY LOCAL CLIMATOLOGICAL DATA (WS FORM: F-6) , PAGE 2

                                          STATION:  SISSETON SD
                                          MONTH:    MARCH
                                          YEAR:     2017
                                          LATITUDE:   45 40 N
                                          LONGITUDE:  96 59 W

[TEMPERATURE DATA]      [PRECIPITATION DATA]       SYMBOLS USED IN COLUMN 16

AVERAGE MONTHLY: 28.4   TOTAL FOR MONTH:   0.26    1 = FOG OR MIST
DPTR FM NORMAL:  -1.0   DPTR FM NORMAL:   -0.69    2 = FOG REDUCING VISIBILITY
HIGHEST:    67 ON  5    GRTST 24HR  0.24 ON 12-12      TO 1/4 MILE OR LESS
LOWEST:     -7 ON 14                               3 = THUNDER
                        SNOW, ICE PELLETS, HAIL    4 = ICE PELLETS
                        TOTAL MONTH:   3.4 INCHES  5 = HAIL
                        GRTST 24HR   3.4 ON   M    6 = FREEZING RAIN OR DRIZZLE
                        GRTST DEPTH:   3 ON 16,15  7 = DUSTSTORM OR SANDSTORM:
                                                       VSBY 1/2 MILE OR LESS
                                                   8 = SMOKE OR HAZE
[NO. OF DAYS WITH]      [WEATHER - DAYS WITH]      9 = BLOWING SNOW
                                                   X = TORNADO
MAX 32 OR BELOW:  11    0.01 INCH OR MORE:   2
MAX 90 OR ABOVE:   0    0.10 INCH OR MORE:   1
MIN 32 OR BELOW:  25    0.50 INCH OR MORE:   0
MIN  0 OR BELOW:   4    1.00 INCH OR MORE:   0

[HDD (BASE 65) ]
TOTAL THIS MO.  1017    CLEAR  (SCALE 0-3)  28
DPTR FM NORMAL    19    PTCLDY (SCALE 4-7)   0
TOTAL FM JUL 1  6281    CLOUDY (SCALE 8-10)  0
DPTR FM NORMAL  -976

[CDD (BASE 65) ]
TOTAL THIS MO.     0
DPTR FM NORMAL     0    [PRESSURE DATA]
TOTAL FM JAN 1     0    HIGHEST SLP M ON M
DPTR FM NORMAL     0    LOWEST  SLP 29.02 ON  6

[REMARKS]
