000
CXUS55 KABR 231400
CF68D3
PRELIMINARY LOCAL CLIMATOLOGICAL DATA (WS FORM: F-6)

                                          STATION:   SISSETON SD
                                          MONTH:     JULY
                                          YEAR:      2017
                                          LATITUDE:   45 40 N
                                          LONGITUDE:  96 59 W

  TEMPERATURE IN F:       :PCPN:    SNOW:  WIND      :SUNSHINE: SKY     :PK WND
================================================================================
1   2   3   4   5  6A  6B    7    8   9   10  11  12  13   14  15   16   17  18
                                     12Z  AVG MX 2MIN
DY MAX MIN AVG DEP HDD CDD  WTR  SNW DPTH SPD SPD DIR MIN PSBL S-S WX    SPD DR
================================================================================

 1  84  53  69  -1   0   4 0.00  0.0    0  8.8 23 230   M    M   0        30 220
 2  78  53  66  -4   0   1 0.00  0.0    0  6.7 15  20   M    M   0        18  30
 3  85  52  69  -1   0   4 0.00  0.0    0  6.9 17 150   M    M   0        22 130
 4  94  62  78   8   0  13 0.00  0.0    0  9.4 17 220   M    M   0        25 220
 5  98  72  85  15   0  20 0.00  0.0    0 10.0 22 220   M    M   0        28 230
 6  91  60  76   5   0  11 0.01  0.0    0 10.7 23  10   M    M   0        31 360
 7  87  57  72   1   0   7 0.00  0.0    0 10.4 24 350   M    M   0        31 320
 8  89  54  72   1   0   7 0.00  0.0    0  4.6 14 350   M    M   0        18 330
 9  95  66  81  10   0  16 0.00  0.0    0 11.3 35 190   M    M   0        41 190
10  87  62  75   4   0  10 0.00  0.0    0  7.1 15  20   M    M   0        19  20
11  95  60  78   7   0  13 0.00  0.0    0  8.2 18 200   M    M   0        24 150
12  80  62  71   0   0   6 0.00  0.0    0 16.1 28 330   M    M   0        33 330
13  73  58  66  -5   0   1 0.00  0.0    0  9.2 17 350   M    M   0        20 360
14  83  47  65  -6   0   0 0.00  0.0    0  7.2 16  10   M    M   0        20 180
15  87  61  74   2   0   9 0.00  0.0    0 11.9 18  10   M    M   0        24 360
16  85  53  69  -3   0   4 0.00  0.0    0  7.6 17 130   M    M   0        20 120
17 101  67  84  12   0  19 0.08  0.0    0 12.5 28 220   M    M   0 3      37 210
18  83  59  71  -1   0   6 0.10  0.0    0  7.1 38 330   M    M   0 3      52 330
19  79  55  67  -5   0   2 0.30  0.0    0  6.4 24 170   M    M   0        29 170
20  88  58  73   1   0   8 0.00  0.0    0  5.3 15 150   M    M   0        20 140
21  91  69  80   8   0  15 0.00  0.0    0  9.1 39  30   M    M   0        51  30
22  89  63  76   4   0  11 0.15  0.0    0  9.0 20 180   M    M   0        27 170
================================================================================
SM 1922 1303         0 187  0.64     0.0 195.5          M        0
================================================================================
AV 87.4 59.2                               8.9 FASTST   M    M   0    MAX(MPH)
                                 MISC ---->  # 39  30               # 52  330
================================================================================
NOTES:
# LAST OF SEVERAL OCCURRENCES

COLUMN 17 PEAK WIND IN M.P.H.

PRELIMINARY LOCAL CLIMATOLOGICAL DATA (WS FORM: F-6) , PAGE 2

                                          STATION:  SISSETON SD
                                          MONTH:    JULY
                                          YEAR:     2017
                                          LATITUDE:   45 40 N
                                          LONGITUDE:  96 59 W

[TEMPERATURE DATA]      [PRECIPITATION DATA]       SYMBOLS USED IN COLUMN 16

AVERAGE MONTHLY: 73.3   TOTAL FOR MONTH:   0.64    1 = FOG OR MIST
DPTR FM NORMAL:   2.2   DPTR FM NORMAL:   -2.01    2 = FOG REDUCING VISIBILITY
HIGHEST:   101 ON 17    GRTST 24HR  0.30 ON 19-19      TO 1/4 MILE OR LESS
LOWEST:     47 ON 14                               3 = THUNDER
                        SNOW, ICE PELLETS, HAIL    4 = ICE PELLETS
                        TOTAL MONTH:   0.0 INCH    5 = HAIL
                        GRTST 24HR     0.0         6 = FREEZING RAIN OR DRIZZLE
                        GRTST DEPTH:   0           7 = DUSTSTORM OR SANDSTORM:
                                                       VSBY 1/2 MILE OR LESS
                                                   8 = SMOKE OR HAZE
[NO. OF DAYS WITH]      [WEATHER - DAYS WITH]      9 = BLOWING SNOW
                                                   X = TORNADO
MAX 32 OR BELOW:   0    0.01 INCH OR MORE:   5
MAX 90 OR ABOVE:   7    0.10 INCH OR MORE:   3
MIN 32 OR BELOW:   0    0.50 INCH OR MORE:   0
MIN  0 OR BELOW:   0    1.00 INCH OR MORE:   0

[HDD (BASE 65) ]
TOTAL THIS MO.     0    CLEAR  (SCALE 0-3)  22
DPTR FM NORMAL    -3    PTCLDY (SCALE 4-7)   0
TOTAL FM JUL 1     0    CLOUDY (SCALE 8-10)  0
DPTR FM NORMAL    -3

[CDD (BASE 65) ]
TOTAL THIS MO.   187
DPTR FM NORMAL    44    [PRESSURE DATA]
TOTAL FM JAN 1   349    HIGHEST SLP M ON M
DPTR FM NORMAL    89    LOWEST  SLP 29.60 ON 11

[REMARKS]
