000
CXUS55 KABQ 271000
CF6ABQ
PRELIMINARY LOCAL CLIMATOLOGICAL DATA (WS FORM: F-6)

                                          STATION:   ALBUQUERQUE  NM
                                          MONTH:     JANUARY
                                          YEAR:      2015
                                          LATITUDE:   35  2 N
                                          LONGITUDE: 106 37 W

  TEMPERATURE IN F:       :PCPN:    SNOW:  WIND      :SUNSHINE: SKY     :PK WND
================================================================================
1   2   3   4   5  6A  6B    7    8   9   10  11  12  13   14  15   16   17  18
                                     12Z  AVG MX 2MIN
DY MAX MIN AVG DEP HDD CDD  WTR  SNW DPTH SPD SPD DIR MIN PSBL S-S WX    SPD DR
================================================================================

 1  33  15  24 -11  41   0 0.02  0.3    T  4.9 22 100   M    M   7 1      27  90
 2  43  19  31  -4  34   0 0.02  0.3    0  9.2 17  80   M    M   7 1      21  90
 3  36  21  29  -6  36   0    T    T    T  6.3 15  10   M    M   2 1      18 350
 4  42  17  30  -6  35   0 0.00  0.0    0  3.1 10 170   M    M   2        14 210
 5  46  22  34  -2  31   0 0.00  0.0    0  3.7 12 180   M    M   3        14 160
 6  56  29  43   7  22   0 0.00  0.0    0  6.7 18  10   M    M   1        21 350
 7  53  25  39   3  26   0 0.00  0.0    0 14.5 39  90   M    M   1        50  80
 8  41  21  31  -5  34   0 0.00  0.0    0  3.5  9 160   M    M   3        10 150
 9  42  28  35  -1  30   0 0.00  0.0    0 12.7 26  90   M    M   5        33  90
10  44  32  38   2  27   0 0.00  0.0    0  5.5 12 190   M    M   6        16 200
11  53  32  43   7  22   0    T  0.0    0  4.8 10 360   M    M   6        14 360
12  45  31  38   2  27   0    T  0.0    0 10.3 24  90   M    M   8        27  90
13  37  31  34  -2  31   0 0.04  0.4    0  5.2 15  80   M    M  10 18     17  80
14  39  27  33  -3  32   0 0.13  1.2    0  9.5 23  90   M    M   8 12     28  90
15  49  26  38   2  27   0 0.00  0.0    0  3.7 13 330   M    M   0 1      16 350
16  50  23  37   1  28   0 0.00  0.0    0  3.5  9 180   M    M   1        12 340
17  56  29  43   7  22   0 0.00  0.0    0  6.3 21 340   M    M   2        26 320
18  55  23  39   3  26   0 0.00  0.0    0  5.0 16  10   M    M   3        18  10
19  58  30  44   7  21   0 0.00  0.0    0  3.6  8 360   M    M   3        12 190
20  57  34  46   9  19   0 0.00  0.0    0  7.1 20  80   M    M   6        23  80
21  47  30  39   2  26   0 0.21  1.1    0 16.3 39  70   M    M  10 1      50  60
22  36  24  30  -7  35   0 0.00  0.0    1 17.0 39  70   M    M   7        52  80
23  41  18  30  -7  35   0 0.00  0.0    0  2.3  8 270   M    M   1        10 270
24  51  23  37   0  28   0 0.00  0.0    0  5.8 17 360   M    M   2        23 360
25  56  25  41   4  24   0 0.00  0.0    0  3.5 10 350   M    M   1        14  10
26  58  30  44   7  21   0 0.00  0.0    0  4.3 14 360   M    M   3        17 360
================================================================================
SM 1224  665       740   0  0.42     3.3 178.3          M      108
================================================================================
AV 47.1 25.6                               6.9 FASTST   M    M   4    MAX(MPH)
                                 MISC ---->  # 39  90               # 52   80
================================================================================
NOTES:
# LAST OF SEVERAL OCCURRENCES

COLUMN 17 PEAK WIND IN M.P.H.

PRELIMINARY LOCAL CLIMATOLOGICAL DATA (WS FORM: F-6) , PAGE 2

                                          STATION:  ALBUQUERQUE  NM
                                          MONTH:    JANUARY
                                          YEAR:     2015
                                          LATITUDE:   35  2 N
                                          LONGITUDE: 106 37 W

[TEMPERATURE DATA]      [PRECIPITATION DATA]       SYMBOLS USED IN COLUMN 16

AVERAGE MONTHLY: 36.3   TOTAL FOR MONTH:   0.42    1 = FOG OR MIST
DPTR FM NORMAL:   0.1   DPTR FM NORMAL:    0.11    2 = FOG REDUCING VISIBILITY
HIGHEST:    58 ON 26,19 GRTST 24HR  0.21 ON 21-21      TO 1/4 MILE OR LESS
LOWEST:     15 ON  1                               3 = THUNDER
                        SNOW, ICE PELLETS, HAIL    4 = ICE PELLETS
                        TOTAL MONTH:   3.3 INCHES  5 = HAIL
                        GRTST 24HR   1.2 ON   M    6 = FREEZING RAIN OR DRIZZLE
                        GRTST DEPTH:   1 ON 22     7 = DUSTSTORM OR SANDSTORM:
                                                       VSBY 1/2 MILE OR LESS
                                                   8 = SMOKE OR HAZE
[NO. OF DAYS WITH]      [WEATHER - DAYS WITH]      9 = BLOWING SNOW
                                                   X = TORNADO
MAX 32 OR BELOW:   0    0.01 INCH OR MORE:   5
MAX 90 OR ABOVE:   0    0.10 INCH OR MORE:   2
MIN 32 OR BELOW:  25    0.50 INCH OR MORE:   0
MIN  0 OR BELOW:   0    1.00 INCH OR MORE:   0

[HDD (BASE 65) ]
TOTAL THIS MO.   740    CLEAR  (SCALE 0-3)  13
DPTR FM NORMAL   -10    PTCLDY (SCALE 4-7)   9
TOTAL FM JUL 1  2210    CLOUDY (SCALE 8-10)  4
DPTR FM NORMAL  -297

[CDD (BASE 65) ]
TOTAL THIS MO.     0
DPTR FM NORMAL     0    [PRESSURE DATA]
TOTAL FM JAN 1     0    HIGHEST SLP M ON M
DPTR FM NORMAL     0    LOWEST  SLP 29.85 ON  3

[REMARKS]
