000
CXUS55 KABR 221400
CF6ABR
PRELIMINARY LOCAL CLIMATOLOGICAL DATA (WS FORM: F-6)

                                          STATION:   ABERDEEN SD
                                          MONTH:     JANUARY
                                          YEAR:      2018
                                          LATITUDE:   45 27 N
                                          LONGITUDE:  98 26 W

  TEMPERATURE IN F:       :PCPN:    SNOW:  WIND      :SUNSHINE: SKY     :PK WND
================================================================================
1   2   3   4   5  6A  6B    7    8   9   10  11  12  13   14  15   16   17  18
                                     12Z  AVG MX 2MIN
DY MAX MIN AVG DEP HDD CDD  WTR  SNW DPTH SPD SPD DIR MIN PSBL S-S WX    SPD DR
================================================================================

 1  -9 -32 -20 -32  85   0 0.00  0.0    2  6.2  9 200   M    M   0        11 200
 2  24 -25   0 -12  65   0    T    T    2 12.5 35 350   M    M   4 1      43 350
 3   7 -14  -3 -15  68   0 0.00  0.0    2  4.5 15 330   M    M   3        19 330
 4  15   2   9  -3  56   0 0.00  0.0    2  7.1 14  30   M    M  10        17  30
 5  11   4   8  -4  57   0    T    T    1  8.5 16 160   M    M  10        20 160
 6  22   4  13   1  52   0    T    T    1 17.7 28 180   M    M   7 18     36 180
 7  40  13  27  15  38   0 0.00  0.0    T  9.9 23 330   M    M   4 18     29 330
 8  38  10  24  12  41   0 0.00  0.0    T  5.0 14 250   M    M   2 1      17 250
 9  43  18  31  19  34   0 0.00  0.0    T  4.8 12 160   M    M   1 1      13 160
10  40   8  24  12  41   0 0.01    T    0 14.6 31 350   M    M   4 1      39 350
11   8  -9   0 -12  65   0    T  0.2    T 18.2 33 340   M    M   6 18     39 330
12   2 -15  -6 -18  71   0 0.00  0.0    T  6.3 13  30   M    M   5        15  30
13  10 -20  -5 -17  70   0 0.00  0.0    T  5.8 15 160   M    M   1        18 170
14  26   0  13   1  52   0 0.03  0.4    T 14.4 30 350   M    M  10 18     36 330
15   0  -9  -4 -16  69   0    T    M    0 19.0 28 350   M    M   6 8      34 350
16  12 -19  -3 -15  68   0 0.00  0.0    T  9.1 17 180   M    M   2 8      21 180
17  42   2  22  10  43   0 0.00  0.0    T 10.8 17 210   M    M   0        21 210
18  41  14  28  16  37   0 0.00  0.0    T  7.6 12 180   M    M   0        14 180
19  52  18  35  23  30   0 0.00  0.0    0  6.9 17 320   M    M   0        22 320
20  50  17  34  22  31   0 0.00  0.0    0  4.2 12 300   M    M   7        13 300
21  34  25  30  18  35   0 0.00  0.0    0  8.1 18  30   M    M   8        23  20
================================================================================
SM  508   -8      1108   0  0.04     0.6 201.2          M       90
================================================================================
AV 24.2 -0.4                               9.6 FASTST   M    M   4    MAX(MPH)
                                 MISC ---->  # 35 350               # 43  350
================================================================================
NOTES:
# LAST OF SEVERAL OCCURRENCES

COLUMN 17 PEAK WIND IN M.P.H.

PRELIMINARY LOCAL CLIMATOLOGICAL DATA (WS FORM: F-6) , PAGE 2

                                          STATION:  ABERDEEN SD
                                          MONTH:    JANUARY
                                          YEAR:     2018
                                          LATITUDE:   45 27 N
                                          LONGITUDE:  98 26 W

[TEMPERATURE DATA]      [PRECIPITATION DATA]       SYMBOLS USED IN COLUMN 16

AVERAGE MONTHLY: 11.9   TOTAL FOR MONTH:   0.04    1 = FOG OR MIST
DPTR FM NORMAL:  -0.1   DPTR FM NORMAL:   -0.30    2 = FOG REDUCING VISIBILITY
HIGHEST:    52 ON 19    GRTST 24HR  0.03 ON 14-14      TO 1/4 MILE OR LESS
LOWEST:    -32 ON  1                               3 = THUNDER
                        SNOW, ICE PELLETS, HAIL    4 = ICE PELLETS
                        TOTAL MONTH:   0.6 INCH    5 = HAIL
                        GRTST 24HR   0.4 ON 14-14  6 = FREEZING RAIN OR DRIZZLE
                        GRTST DEPTH:   2 ON  4, 3  7 = DUSTSTORM OR SANDSTORM:
                                                       VSBY 1/2 MILE OR LESS
                                                   8 = SMOKE OR HAZE
[NO. OF DAYS WITH]      [WEATHER - DAYS WITH]      9 = BLOWING SNOW
                                                   X = TORNADO
MAX 32 OR BELOW:  12    0.01 INCH OR MORE:   2
MAX 90 OR ABOVE:   0    0.10 INCH OR MORE:   0
MIN 32 OR BELOW:  21    0.50 INCH OR MORE:   0
MIN  0 OR BELOW:   9    1.00 INCH OR MORE:   0

[HDD (BASE 65) ]
TOTAL THIS MO.  1108    CLEAR  (SCALE 0-3)   9
DPTR FM NORMAL    -5    PTCLDY (SCALE 4-7)   9
TOTAL FM JUL 1  4348    CLOUDY (SCALE 8-10)  3
DPTR FM NORMAL  -256

[CDD (BASE 65) ]
TOTAL THIS MO.     0
DPTR FM NORMAL     0    [PRESSURE DATA]
TOTAL FM JAN 1     0    HIGHEST SLP M ON M
DPTR FM NORMAL     0    LOWEST  SLP 29.44 ON 10

[REMARKS]
