629
CXUS55 KABR 271400
CF6ABR
PRELIMINARY LOCAL CLIMATOLOGICAL DATA (WS FORM: F-6)

                                          STATION:   ABERDEEN SD
                                          MONTH:     APRIL
                                          YEAR:      2017
                                          LATITUDE:   45 27 N
                                          LONGITUDE:  98 26 W

  TEMPERATURE IN F:       :PCPN:    SNOW:  WIND      :SUNSHINE: SKY     :PK WND
================================================================================
1   2   3   4   5  6A  6B    7    8   9   10  11  12  13   14  15   16   17  18
                                     12Z  AVG MX 2MIN
DY MAX MIN AVG DEP HDD CDD  WTR  SNW DPTH SPD SPD DIR MIN PSBL S-S WX    SPD DR
================================================================================

 1  65  29  47  10  18   0 0.00  0.0    0  7.0 17 170   M    M   2 12     21 160
 2  69  30  50  12  15   0 0.00  0.0    0 12.5 23 330   M    M   3        29 210
 3  60  41  51  13  14   0 0.00  0.0    0 11.8 24  20   M    M   3        29  20
 4  63  33  48   9  17   0 0.00  0.0    0  7.6 30 320   M    M   4        38 320
 5  54  29  42   3  23   0 0.10    T    0  7.8 20 330   M    M   6 135    25 330
 6  56  24  40   0  25   0 0.00  0.0    0  6.2 12 140   M    M   0        13 150
 7  72  29  51  11  14   0 0.00  0.0    0 20.6 37 170   M    M   0        48 170
 8  76  48  62  21   3   0 0.01  0.0    0 12.5 26 340   M    M   1        33 330
 9  63  30  47   6  18   0    T  0.0    0 14.0 30  30   M    M   4        37  30
10  46  26  36  -6  29   0 0.00  0.0    0 15.3 26  10   M    M   3        34  10
11  61  15  38  -4  27   0 0.00  0.0    0  6.9 16 170   M    M   0 8      19 170
12  65  32  49   6  16   0 0.00  0.0    0  3.7 18 160   M    M   3 12     21 160
13  63  29  46   3  19   0 0.00  0.0    0 11.4 23 140   M    M   8 128    35 140
14  74  48  61  17   4   0 0.00  0.0    0 15.5 36 170   M    M   6 138    44 160
15  63  39  51   7  14   0 0.08    T    0 10.5 28 320   M    M   6 35     35 330
16  68  28  48   3  17   0 0.00  0.0    0 12.2 29 270   M    M   2        36 250
17  58  25  42  -3  23   0 0.28  0.0    0  9.8 20 100   M    M   2        26  90
18  55  41  48   2  17   0 0.51  0.0    0 13.5 28 330   M    M   9 1      33 330
19  46  36  41  -5  24   0 0.22  0.0    0  9.1 18  60   M    M   6 1      23  60
20  54  34  44  -3  21   0    T  0.0    0  8.2 17 360   M    M   9        22 350
21  65  32  49   2  16   0 0.00  0.0    0  4.9 10  70   M    M   1 12     16  10
22  70  30  50   2  15   0 0.00  0.0    0  9.1 23  30   M    M   0 1      29 240
23  71  34  53   5  12   0 0.00  0.0    0 15.1 25  30   M    M   3        30  30
24  54  36  45  -3  20   0    T  0.0    0 12.7 22 350   M    M   5        27 320
25  37  32  35 -14  30   0 0.00  0.0    0 19.6 28 360   M    M  10        35 360
26  32  27  30 -19  35   0 0.18  1.8    T 16.8 25 350   M    M  10 168    31 350
================================================================================
SM 1560  837       486   0  1.38     1.8 294.3          M      106
================================================================================
AV 60.0 32.2                              11.3 FASTST   M    M   4    MAX(MPH)
                                 MISC ---->  # 37 170               # 48  170
================================================================================
NOTES:
# LAST OF SEVERAL OCCURRENCES

COLUMN 17 PEAK WIND IN M.P.H.

PRELIMINARY LOCAL CLIMATOLOGICAL DATA (WS FORM: F-6) , PAGE 2

                                          STATION:  ABERDEEN SD
                                          MONTH:    APRIL
                                          YEAR:     2017
                                          LATITUDE:   45 27 N
                                          LONGITUDE:  98 26 W

[TEMPERATURE DATA]      [PRECIPITATION DATA]       SYMBOLS USED IN COLUMN 16

AVERAGE MONTHLY: 46.1   TOTAL FOR MONTH:   1.38    1 = FOG OR MIST
DPTR FM NORMAL:   2.7   DPTR FM NORMAL:   -0.12    2 = FOG REDUCING VISIBILITY
HIGHEST:    76 ON  8    GRTST 24HR  0.51 ON 18-18      TO 1/4 MILE OR LESS
LOWEST:     15 ON 11                               3 = THUNDER
                        SNOW, ICE PELLETS, HAIL    4 = ICE PELLETS
                        TOTAL MONTH:   1.8 INCHES  5 = HAIL
                        GRTST 24HR   1.8 ON 26-26  6 = FREEZING RAIN OR DRIZZLE
                        GRTST DEPTH:   T           7 = DUSTSTORM OR SANDSTORM:
                                                       VSBY 1/2 MILE OR LESS
                                                   8 = SMOKE OR HAZE
[NO. OF DAYS WITH]      [WEATHER - DAYS WITH]      9 = BLOWING SNOW
                                                   X = TORNADO
MAX 32 OR BELOW:   1    0.01 INCH OR MORE:   7
MAX 90 OR ABOVE:   0    0.10 INCH OR MORE:   5
MIN 32 OR BELOW:  16    0.50 INCH OR MORE:   1
MIN  0 OR BELOW:   0    1.00 INCH OR MORE:   0

[HDD (BASE 65) ]
TOTAL THIS MO.   486    CLEAR  (SCALE 0-3)  12
DPTR FM NORMAL   -76    PTCLDY (SCALE 4-7)  10
TOTAL FM JUL 1  7147    CLOUDY (SCALE 8-10)  4
DPTR FM NORMAL  -966

[CDD (BASE 65) ]
TOTAL THIS MO.     0
DPTR FM NORMAL     0    [PRESSURE DATA]
TOTAL FM JAN 1     0    HIGHEST SLP M ON M
DPTR FM NORMAL     0    LOWEST  SLP 29.44 ON  8

[REMARKS]
