000
CXUS52 KTAE 270800
CF6ABY
PRELIMINARY LOCAL CLIMATOLOGICAL DATA (WS FORM: F-6)

                                          STATION:   ALBANY
                                          MONTH:     SEPTEMBER
                                          YEAR:      2016
                                          LATITUDE:   31 31 N
                                          LONGITUDE:  84 11 W

  TEMPERATURE IN F:       :PCPN:    SNOW:  WIND      :SUNSHINE: SKY     :PK WND
================================================================================
1   2   3   4   5  6A  6B    7    8   9   10  11  12  13   14  15   16   17  18
                                     12Z  AVG MX 2MIN
DY MAX MIN AVG DEP HDD CDD  WTR  SNW DPTH SPD SPD DIR MIN PSBL S-S WX    SPD DR
================================================================================

 1  88  74  81   0   0  16 0.32  0.0    0  7.2 22 120   M    M   7 18     27 130
 2  89  74  82   1   0  17 1.39  0.0    0 11.7 26  10   M    M   7 1      38  30
 3  90  69  80  -1   0  15 0.00  0.0    0  6.7 14 150   M    M   3        19 120
 4  89  74  82   2   0  17 0.05  0.0    0  6.9 15 100   M    M   9 1      19 130
 5  90  71  81   1   0  16 0.00  0.0    0  4.9 15  50   M    M   3        21 120
 6  91  64  78  -2   0  13 0.00  0.0    0  1.7 12  40   M    M   0        14  50
 7  92  65  79  -1   0  14 0.00  0.0    0  2.0  9 140   M    M   0 18     13 120
 8  93  65  79  -1   0  14 0.00  0.0    0  2.2  9 160   M    M   0        12 190
 9  94  67  81   1   0  16 0.00  0.0    0  2.2 10 190   M    M   0        15 160
10  93  69  81   2   0  16 0.00  0.0    0  2.1 12  10   M    M   0 1       M  M
11  94  71  83   4   0  18 0.41  0.0    0  4.2 21  10   M    M   1 13     29  10
12  94  71  83   4   0  18 0.74  0.0    0  4.3 18 120   M    M   2 13     23 130
13  90  72  81   2   0  16    T  0.0    0  8.7 26 120   M    M   3 1      37 120
14  90  73  82   4   0  17 0.00  0.0    0  6.0 14  50   M    M   6 1      26  30
15  92  72  82   4   0  17 0.00  0.0    0  4.3 14  90   M    M   1        19 110
16  91  71  81   3   0  16 0.00  0.0    0  6.1 15  70   M    M   3        17  70
17  90  72  81   3   0  16    T  0.0    0  3.8 13  90   M    M   5 1      17  80
18  88  75  82   5   0  17 0.20  0.0    0  5.2 16 190   M    M   6 13     21 190
19  92  74  83   6   0  18 0.00  0.0    0  2.3  9 340   M    M   5 1      23  90
20  92  71  82   5   0  17 0.00  0.0    0  4.1 13  50   M    M   1 1      29  30
21  93  70  82   6   0  17 0.00  0.0    0  3.7 16  20   M    M   4        27  30
22  92  72  82   6   0  17 0.00  0.0    0  5.4 15 340   M    M   3        24 340
23  95  70  83   7   0  18 0.00  0.0    0  2.6 12  50   M    M   2        24  20
24  94  70  82   6   0  17 0.00  0.0    0  2.4 14  40   M    M   1        18  50
25  95  70  83   8   0  18 0.17  0.0    0  4.8 17 280   M    M   2 138    22 290
26  93  71  82   7   0  17 0.01  0.0    0  3.2 20 140   M    M   2 3      25 140
================================================================================
SM 2384 1837         0 428  3.29     0.0 118.7          M       76
================================================================================
AV 91.7 70.7                               4.6 FASTST   M    M   3    MAX(MPH)
                                 MISC ---->  # 26  10               # 38   30
================================================================================
NOTES:
# LAST OF SEVERAL OCCURRENCES

COLUMN 17 PEAK WIND IN M.P.H.

PRELIMINARY LOCAL CLIMATOLOGICAL DATA (WS FORM: F-6) , PAGE 2

                                          STATION:  ALBANY
                                          MONTH:    SEPTEMBER
                                          YEAR:     2016
                                          LATITUDE:   31 31 N
                                          LONGITUDE:  84 11 W

[TEMPERATURE DATA]      [PRECIPITATION DATA]       SYMBOLS USED IN COLUMN 16

AVERAGE MONTHLY: 81.2   TOTAL FOR MONTH:   3.29    1 = FOG OR MIST
DPTR FM NORMAL:   2.9   DPTR FM NORMAL:    0.18    2 = FOG REDUCING VISIBILITY
HIGHEST:    95 ON 25,23 GRTST 24HR  1.71 ON  1- 2      TO 1/4 MILE OR LESS
LOWEST:     64 ON  6                               3 = THUNDER
                        SNOW, ICE PELLETS, HAIL    4 = ICE PELLETS
                        TOTAL MONTH:   0.0 INCH    5 = HAIL
                        GRTST 24HR     0.0         6 = FREEZING RAIN OR DRIZZLE
                        GRTST DEPTH:   0           7 = DUSTSTORM OR SANDSTORM:
                                                       VSBY 1/2 MILE OR LESS
                                                   8 = SMOKE OR HAZE
[NO. OF DAYS WITH]      [WEATHER - DAYS WITH]      9 = BLOWING SNOW
                                                   X = TORNADO
MAX 32 OR BELOW:   0    0.01 INCH OR MORE:   8
MAX 90 OR ABOVE:  22    0.10 INCH OR MORE:   6
MIN 32 OR BELOW:   0    0.50 INCH OR MORE:   2
MIN  0 OR BELOW:   0    1.00 INCH OR MORE:   1

[HDD (BASE 65) ]
TOTAL THIS MO.     0    CLEAR  (SCALE 0-3)  18
DPTR FM NORMAL     0    PTCLDY (SCALE 4-7)   7
TOTAL FM JUL 1     0    CLOUDY (SCALE 8-10)  1
DPTR FM NORMAL     0

[CDD (BASE 65) ]
TOTAL THIS MO.   428
DPTR FM NORMAL    81    [PRESSURE DATA]
TOTAL FM JAN 1  2665    HIGHEST SLP M ON M
DPTR FM NORMAL   345    LOWEST  SLP 29.69 ON  2

[REMARKS]
