000
CXUS51 KPHI 220800
CF6ACY
PRELIMINARY LOCAL CLIMATOLOGICAL DATA (WS FORM: F-6)

                                          STATION:   ATLANTIC CITY NJ
                                          MONTH:     NOVEMBER
                                          YEAR:      2017
                                          LATITUDE:   39 27 N
                                          LONGITUDE:  74 34 W

  TEMPERATURE IN F:       :PCPN:    SNOW:  WIND      :SUNSHINE: SKY     :PK WND
================================================================================
1   2   3   4   5  6A  6B    7    8   9   10  11  12  13   14  15   16   17  18
                                     12Z  AVG MX 2MIN
DY MAX MIN AVG DEP HDD CDD  WTR  SNW DPTH SPD SPD DIR MIN PSBL S-S WX    SPD DR
================================================================================

 1  64  35  50  -1  15   0 0.00  0.0    0  5.8 17 110   M    M   3        24 110
 2  75  57  66  15   0   1 0.00  0.0    0  6.8 15 190   M    M   0 12     24 200
 3  78  52  65  14   0   0 0.00  0.0    0  7.6 20 350   M    M   4 12     27 360
 4  60  42  51   1  14   0    T  0.0    0  8.1 17  80   M    M   3        24  90
 5  68  56  62  12   3   0 0.23  0.0    0  6.1 13 120   M    M   7 1      17 110
 6  70  49  60  10   5   0 0.00  0.0    0  9.5 17 230   M    M   7        26 220
 7  51  40  46  -4  19   0 0.88  0.0    0 11.6 20  10   M    M   6 1      27  10
 8  50  42  46  -3  19   0 0.00  0.0    0 10.5 17 360   M    M   9 1      26  10
 9  59  42  51   2  14   0 0.00  0.0    0  4.6 16  80   M    M   6        22  80
10  52  25  39 -10  26   0    T  0.0    0 15.1 30 350   M    M   2 1      42 350
11  42  21  32 -16  33   0 0.00  0.0    0  5.0 15 340   M    M   0        21 330
12  50  25  38 -10  27   0 0.00  0.0    0  1.3  6 330   M    M   1         9 300
13  50  35  43  -5  22   0 0.48  0.0    0  7.1 14  10   M    M   9 18     19 360
14  53  32  43  -4  22   0 0.00  0.0    0  7.3 14 340   M    M   3 1      20 320
15  54  38  46  -1  19   0 0.00  0.0    0  7.9 15  50   M    M   6 8      24  40
16  62  44  53   6  12   0 0.08  0.0    0 11.7 24 310   M    M   5 1      36 250
17  52  29  41  -5  24   0 0.00  0.0    0 10.2 22 330   M    M   1        30 310
18  61  26  44  -2  21   0 0.00  0.0    0 10.1 22 200   M    M   2        33 180
19  63  40  52   6  13   0 0.25  0.0    0 18.4 35 290   M    M   5 1      52 290
20  48  37  43  -2  22   0 0.00  0.0    0 10.0 22 260   M    M   0        30 250
21  60  36  48   3  17   0 0.00  0.0    0 11.0 23 220   M    M   1        35 230
================================================================================
SM 1222  803       347   1  1.92     0.0 185.7          M       80
================================================================================
AV 58.2 38.2                               8.8 FASTST   M    M   4    MAX(MPH)
                                 MISC ---->  # 35 290               # 52  290
================================================================================
NOTES:
# LAST OF SEVERAL OCCURRENCES

COLUMN 17 PEAK WIND IN M.P.H.

PRELIMINARY LOCAL CLIMATOLOGICAL DATA (WS FORM: F-6) , PAGE 2

                                          STATION:  ATLANTIC CITY NJ
                                          MONTH:    NOVEMBER
                                          YEAR:     2017
                                          LATITUDE:   39 27 N
                                          LONGITUDE:  74 34 W

[TEMPERATURE DATA]      [PRECIPITATION DATA]       SYMBOLS USED IN COLUMN 16

AVERAGE MONTHLY: 48.2   TOTAL FOR MONTH:   1.92    1 = FOG OR MIST
DPTR FM NORMAL:  -0.0   DPTR FM NORMAL:   -0.33    2 = FOG REDUCING VISIBILITY
HIGHEST:    78 ON  3    GRTST 24HR  0.88 ON  7- 7      TO 1/4 MILE OR LESS
LOWEST:     21 ON 11                               3 = THUNDER
                        SNOW, ICE PELLETS, HAIL    4 = ICE PELLETS
                        TOTAL MONTH:   0.0 INCH    5 = HAIL
                        GRTST 24HR     0.0         6 = FREEZING RAIN OR DRIZZLE
                        GRTST DEPTH:   0           7 = DUSTSTORM OR SANDSTORM:
                                                       VSBY 1/2 MILE OR LESS
                                                   8 = SMOKE OR HAZE
[NO. OF DAYS WITH]      [WEATHER - DAYS WITH]      9 = BLOWING SNOW
                                                   X = TORNADO
MAX 32 OR BELOW:   0    0.01 INCH OR MORE:   5
MAX 90 OR ABOVE:   0    0.10 INCH OR MORE:   4
MIN 32 OR BELOW:   6    0.50 INCH OR MORE:   1
MIN  0 OR BELOW:   0    1.00 INCH OR MORE:   0

[HDD (BASE 65) ]
TOTAL THIS MO.   347    CLEAR  (SCALE 0-3)  10
DPTR FM NORMAL    -6    PTCLDY (SCALE 4-7)   9
TOTAL FM JUL 1   511    CLOUDY (SCALE 8-10)  2
DPTR FM NORMAL  -200

[CDD (BASE 65) ]
TOTAL THIS MO.     1
DPTR FM NORMAL     1    [PRESSURE DATA]
TOTAL FM JAN 1  1264    HIGHEST SLP M ON M
DPTR FM NORMAL   210    LOWEST  SLP 29.30 ON 19

[REMARKS]
