000
CXUS53 KGRB 200723
CF6AIG
PRELIMINARY LOCAL CLIMATOLOGICAL DATA (WS FORM: F-6)

                                          STATION:   ANTIGO AWOS
                                          MONTH:     JULY
                                          YEAR:      2017
                                          LATITUDE:   45  9 N
                                          LONGITUDE:  89  8 W

  TEMPERATURE IN F:       :PCPN:    SNOW:  WIND      :SUNSHINE: SKY     :PK WND
================================================================================
1   2   3   4   5  6A  6B    7    8   9   10  11  12  13   14  15   16   17  18
                                     12Z  AVG MX 2MIN
DY MAX MIN AVG DEP HDD CDD  WTR  SNW DPTH SPD SPD DIR MIN PSBL S-S WX    SPD DR
================================================================================

 1  72  53  63  -3   2   0 0.00  0.0    0  5.7 12 290   M    M   5        18 300
 2  74  56  65  -1   0   0 0.06  0.0    0  6.5 15 290   M    M   3        17 310
 3  75  47  61  -5   4   0 0.00  0.0    0  2.6  6 150   M    M   1         M  M
 4  77  51  64  -2   1   0 0.00  0.0    0  5.0 10 150   M    M   0 1       9 160
 5  77  59  68   2   0   3 0.18  0.0    0  5.4 10 200   M    M   3         M  M
 6  83  60  72   6   0   7 0.00  0.0    0  5.8 15 250   M    M   2 1      20 300
 7  77  55  66  -1   0   1 0.18  0.0    0  6.9 13 340   M    M   3        20 340
 8  75  44  60  -7   5   0 0.00  0.0    0  6.1 14 270   M    M   2        21 270
 9  73  55  64  -3   1   0 0.08  0.0    0  5.2 15 300   M    M   6 1      20 300
10  81  60  71   4   0   6 0.00  0.0    0  3.0  7 340   M    M   6 12      M  M
11  84  57  71   4   0   6 0.00  0.0    0  3.5 12 220   M    M   4 12     20 220
12  81  64  73   6   0   8 0.69  0.0    0  6.6 14  90   M    M   7 1       M  M
13  69  56  63  -4   2   0 0.00  0.0    0  7.2 12 300   M    M  10 1       M  M
14  73  54  64  -3   1   0 0.00  0.0    0  5.4 13 350   M    M   7        16  10
15  82  50  66  -1   0   1 0.00  0.0    0  7.7 15 360   M    M   2 1      22 360
16  72  55  64  -3   1   0 0.00  0.0    0  7.1 14  10   M    M   2        18  10
17  77  45  61  -6   4   0 0.00  0.0    0  5.7 13 200   M    M   2         M  M
18  84  62  73   6   0   8 0.02  0.0    0  8.6 14 270   M    M   4        20 270
19  80  52  66  -1   0   1 0.00  0.0    0  4.1  9 120   M    M   2 128     M  M
================================================================================
SM 1466 1035        21  41  1.21     0.0 108.1          M       71
================================================================================
AV 77.2 54.5                               5.7 FASTST   M    M   4    MAX(MPH)
                                 MISC ---->  # 15 290               # 22  360
================================================================================
NOTES:
# LAST OF SEVERAL OCCURRENCES

COLUMN 17 PEAK WIND IN M.P.H.

PRELIMINARY LOCAL CLIMATOLOGICAL DATA (WS FORM: F-6) , PAGE 2

                                          STATION:  ANTIGO AWOS
                                          MONTH:    JULY
                                          YEAR:     2017
                                          LATITUDE:   45  9 N
                                          LONGITUDE:  89  8 W

[TEMPERATURE DATA]      [PRECIPITATION DATA]       SYMBOLS USED IN COLUMN 16

AVERAGE MONTHLY: 65.8   TOTAL FOR MONTH:   1.21    1 = FOG OR MIST
DPTR FM NORMAL:  -0.9   DPTR FM NORMAL:   -0.72    2 = FOG REDUCING VISIBILITY
HIGHEST:    84 ON 18,11 GRTST 24HR  0.69 ON 12-12      TO 1/4 MILE OR LESS
LOWEST:     44 ON  8                               3 = THUNDER
                        SNOW, ICE PELLETS, HAIL    4 = ICE PELLETS
                        TOTAL MONTH:   0.0 INCH    5 = HAIL
                        GRTST 24HR     0.0         6 = FREEZING RAIN OR DRIZZLE
                        GRTST DEPTH:   0           7 = DUSTSTORM OR SANDSTORM:
                                                       VSBY 1/2 MILE OR LESS
                                                   8 = SMOKE OR HAZE
[NO. OF DAYS WITH]      [WEATHER - DAYS WITH]      9 = BLOWING SNOW
                                                   X = TORNADO
MAX 32 OR BELOW:   0    0.01 INCH OR MORE:   6
MAX 90 OR ABOVE:   0    0.10 INCH OR MORE:   3
MIN 32 OR BELOW:   0    0.50 INCH OR MORE:   1
MIN  0 OR BELOW:   0    1.00 INCH OR MORE:   0

[HDD (BASE 65) ]
TOTAL THIS MO.    21    CLEAR  (SCALE 0-3)  10
DPTR FM NORMAL   -14    PTCLDY (SCALE 4-7)   8
TOTAL FM JUL 1    21    CLOUDY (SCALE 8-10)  1
DPTR FM NORMAL   -14

[CDD (BASE 65) ]
TOTAL THIS MO.    41
DPTR FM NORMAL   -16    [PRESSURE DATA]
TOTAL FM JAN 1    85    HIGHEST SLP M ON M
DPTR FM NORMAL   -31    LOWEST  SLP M ON M

[REMARKS]
