965
CXUS56 KSGX 241445
CF6AJO
PRELIMINARY LOCAL CLIMATOLOGICAL DATA (WS FORM: F-6)

                                          STATION:   CORONA AIRPORT CA
                                          MONTH:     MARCH
                                          YEAR:      2017
                                          LATITUDE:   33 53 N
                                          LONGITUDE: 117 36 W

  TEMPERATURE IN F:       :PCPN:    SNOW:  WIND      :SUNSHINE: SKY     :PK WND
================================================================================
1   2   3   4   5  6A  6B    7    8   9   10  11  12  13   14  15   16   17  18
                                     12Z  AVG MX 2MIN
DY MAX MIN AVG DEP HDD CDD  WTR  SNW DPTH SPD SPD DIR MIN PSBL S-S WX    SPD DR
================================================================================

 1  72  33  53   M  12   0 0.00  0.0    0  8.9 17  40   M    M   0        30  40
 2  78  51  65   M   0   0 0.00  0.0    0 11.4 16  90   M    M   0        23  90
 3  81  44  63   M   2   0 0.00  0.0    0  6.4 12 130   M    M   0         M  M
 4  71  38  55   M  10   0 0.00  0.0    0  3.3 14 260   M    M   0         M  M
 5  64  39  52   M  13   0    T  0.0    0  5.1 15 240   M    M   6 1      21 240
 6  64  31  48   M  17   0 0.00  0.0    M  3.7 10 320   M    M   0         M  M
 7  77  37  57   M   8   0 0.00  0.0    0  3.2 10 140   M    M   0         M  M
 8  87  40  64   M   1   0 0.00  0.0    0  4.6 15 140   M    M   0        20 140
 9  87  42  65   M   0   0 0.00  0.0    0  3.2 13 260   M    M   0        18 260
10  82  41  62   M   3   0 0.00  0.0    0  3.0 13 280   M    M   0         M  M
11  83  41  62   M   3   0 0.00    M    0  3.5 13 260   M    M   0 128    20 260
12  87  41  64   M   1   0 0.00  0.0    0  3.9 12 300   M    M   0 128     M  M
13  90  42  66   M   0   1 0.00    M    0  4.0 12 260   M    M   0 128     M  M
14  89  43  66   M   0   1 0.00    M    0  3.2 12 290   M    M   0 128     M  M
15  87  46  67   M   0   2 0.00  0.0    0  3.9 13 260   M    M   0        20 260
16  82  43  63   M   2   0 0.00  0.0    0  3.5 14 310   M    M   0         M  M
17  82  47  65   M   0   0 0.00  0.0    0  4.0 12 270   M    M   0 1       M  M
18  80  53  67   M   0   2 0.00  0.0    0  5.5 15 280   M    M   3 128    17 280
19  80  45  63   M   2   0 0.00    M    0  6.7 12 270   M    M   1 12     21 270
20  71  52  62   M   3   0 0.00  0.0    M  5.6 14 260   M    M   6        22 270
21  66  44  55   M  10   0 0.12    M    0  3.6  9 300   M    M   7 1       M  M
22  68  55  62   M   3   0 0.06  0.0    0  7.4 16 240   M    M   5 1      23 240
23  68  39  54   M  11   0 0.00  0.0    0  4.8 14 260   M    M   1        20 260
================================================================================
SM 1796  987       101   6  0.18     0.0 112.4          M       29
================================================================================
AV 78.1 42.9                               4.9 FASTST   M    M   1    MAX(MPH)
                                 MISC ---->    17   M                 30    M
================================================================================
NOTES:
# LAST OF SEVERAL OCCURRENCES

COLUMN 17 PEAK WIND IN M.P.H.

PRELIMINARY LOCAL CLIMATOLOGICAL DATA (WS FORM: F-6) , PAGE 2

                                          STATION:  CORONA AIRPORT CA
                                          MONTH:    MARCH
                                          YEAR:     2017
                                          LATITUDE:   33 53 N
                                          LONGITUDE: 117 36 W

[TEMPERATURE DATA]      [PRECIPITATION DATA]       SYMBOLS USED IN COLUMN 16

AVERAGE MONTHLY: 60.5   TOTAL FOR MONTH:   0.18    1 = FOG OR MIST
DPTR FM NORMAL:     M   DPTR FM NORMAL:       M    2 = FOG REDUCING VISIBILITY
HIGHEST:    90 ON 13    GRTST 24HR  0.12 ON 21-21      TO 1/4 MILE OR LESS
LOWEST:     31 ON  6                               3 = THUNDER
                        SNOW, ICE PELLETS, HAIL    4 = ICE PELLETS
                        TOTAL MONTH:   0.0 INCH    5 = HAIL
                        GRTST 24HR     0.0         6 = FREEZING RAIN OR DRIZZLE
                        GRTST DEPTH:   0           7 = DUSTSTORM OR SANDSTORM:
                                                       VSBY 1/2 MILE OR LESS
                                                   8 = SMOKE OR HAZE
[NO. OF DAYS WITH]      [WEATHER - DAYS WITH]      9 = BLOWING SNOW
                                                   X = TORNADO
MAX 32 OR BELOW:   0    0.01 INCH OR MORE:   2
MAX 90 OR ABOVE:   1    0.10 INCH OR MORE:   1
MIN 32 OR BELOW:   1    0.50 INCH OR MORE:   0
MIN  0 OR BELOW:   0    1.00 INCH OR MORE:   0

[HDD (BASE 65) ]
TOTAL THIS MO.   101    CLEAR  (SCALE 0-3)  19
DPTR FM NORMAL     M    PTCLDY (SCALE 4-7)   4
TOTAL FM JUL 1  1317    CLOUDY (SCALE 8-10)  0
DPTR FM NORMAL     M

[CDD (BASE 65) ]
TOTAL THIS MO.     6
DPTR FM NORMAL     M    [PRESSURE DATA]
TOTAL FM JAN 1     8    HIGHEST SLP M ON M
DPTR FM NORMAL     M    LOWEST  SLP M ON M

[REMARKS]
