000
CXAK56 PAKN 311211
CF6AKN

PRELIMINARY LOCAL CLIMATOLOGICAL DATA (WS FORM: F-6)

                                          STATION:   KING SALMON
                                          MONTH:     08
                                          YEAR:      2016
                                          LATITUDE:   58 41 N
                                          LONGITUDE: 156 39 W

  TEMPERATURE IN F:       :PCPN:    SNOW:  WIND      :SUNSHINE: SKY     :PK WND
================================================================================
1   2   3   4   5  6A  6B    7     8   9   10  11  12  13   14  15   16  17  18
                                      12Z  AVG MX 2MIN
DY MAX MIN AVG DEP HDD CDD  WTR   SNW DPTH SPD SPD DIR MIN PSBL S-S WX   SPD DR
================================================================================

 1  64  51  58   2   7   0  0.43  0.0   0  8.6 20  160   M    M   M 1     26 160
 2  68  47  58   2   7   0  0.00  0.0   0  8.1 18  240   M    M   M       24 240
 3  68  47  58   2   7   0  0.18  0.0   0  4.3 10   80   M    M   M 1     15 140
 4  66  58  62   6   3   0  0.37  0.0   0  8.1 18  170   M    M   M 1     23 170
 5  70  58  64   8   1   0  0.22  0.0   0 12.2 24  170   M    M   M 1     32 160
 6  61  56  59   3   6   0  0.30  0.0   0  9.3 24  160   M    M   M 1     31 160
 7  66  55  61   6   4   0  0.06  0.0   0  7.5 18  230   M    M   M 1     24 230
 8  64  55  60   5   5   0  0.18  0.0   0 12.8 22  240   M    M   M 1     28 220
 9  63  54  59   4   6   0  0.02  0.0   0  8.8 16  240   M    M   M 1     22 220
10  58  53  56   1   9   0  0.71  0.0   0  8.2 15  190   M    M   M 1     19 190
11  67  52  60   5   5   0  0.11  0.0   0  3.5 13  140   M    M   M 1     15 130
12  64  50  57   2   8   0  0.04  0.0   0  4.1 13  150   M    M   M 1     17 160
13  63  55  59   4   6   0  0.15  0.0   0  5.2 14   70   M    M   M 1     19  80
14  72  53  63   8   2   0  0.01  0.0   0  7.6 18   20   M    M   M       23  20
15  71  51  61   6   4   0  0.16  0.0   0  7.0 15  190   M    M   M 1     20 190
16  72  48  60   5   5   0     T  0.0   0  4.1 18   90   M    M   M 1     24  90
17  68  54  61   6   4   0  0.16  0.0   0 12.0 31   90   M    M   M 1     42  90
18  67  51  59   4   6   0  0.05  0.0   0  6.2 21  170   M    M   M 1     27 170
19  68  50  59   4   6   0  0.01  0.0   0  5.5 10  180   M    M   M       14 180
20  61  56  59   5   6   0  0.01  0.0   0 11.4 21  170   M    M   M 1     27 180
21  58  54  56   2   9   0  0.82  0.0   0 19.6 29  160   M    M   M 1     36 160
22  58  55  57   3   8   0  0.56  0.0   0  9.0 18  170   M    M   M 1     23 170
23  70  55  63   9   2   0  0.16  0.0   0  5.6 21  180   M    M   M 1     26 180
24  68  56  62   8   3   0  0.13  0.0   0 11.6 25  170   M    M   M 1     35 170
25  71  48  60   6   5   0     T  0.0   0  6.7 14  270   M    M   M 2     18 240
26  72  47  60   6   5   0  0.00  0.0   0  4.3 14  270   M    M   M 2     17 320
27  76  46  61   8   4   0  0.00  0.0   0  8.7 20  350   M    M   M 1     25 350
28  73  53  63  10   2   0  0.00  0.0   0  8.2 20  350   M    M   M       25  10
29  73  41  57   4   8   0  0.00  0.0   0  6.0 16  270   M    M   M 2     21 310
30  74  49  62   9   3   0  0.00  0.0   0  3.6  9  290   M    M   M 2     14 320
================================================================================
SM 2014 1558       156   0  4.84 0.0    237.8           M        M
================================================================================
AV 67.1 51.9                              7.9 FASTST  PSBL  %   M    MAX(MPH)
                                 MISC ---->     31   90                 42  90
================================================================================
NOTES:
# LAST OF SEVERAL OCCURRENCES

COLUMN 17 PEAK WIND IN M.P.H.

PRELIMINARY LOCAL CLIMATOLOGICAL DATA (WS FORM: F-6) , PAGE 2

                                          STATION:   KING SALMON
                                          MONTH:     08
                                          YEAR:      2016
                                          LATITUDE:  58 41 N
                                          LONGITUDE: 156 39 W

[TEMPERATURE DATA]      [PRECIPITATION DATA]       SYMBOLS USED IN COLUMN 16

AVERAGE MONTHLY:59.5   TOTAL FOR MONTH: 4.84       1 = FOG
DPTR FM NORMAL:  4.8   DPTR FM NORMAL: 1.99       2 = FOG REDUCING VISIBILITY
HIGHEST:    76 ON 27    GRTST 24HR   0.82 ON 21        TO 1/4 MILE OR LESS
LOWEST:     41 ON 29                               3 = THUNDER
                        SNOW, ICE PELLETS, HAIL    4 = ICE PELLETS
                        TOTAL MONTH: 0.0         5 = HAIL
                        GRTST 24HR   0.0           6 = GLAZE OR RIME
                        GRTST DEPTH:    0          7 = BLOWING DUST OR SAND:
                                                       VSBY 1/2 MILE OR LESS
                                                   8 = SMOKE OR HAZE
[NO. OF DAYS WITH]      [WEATHER - DAYS WITH]      9 = BLOWING SNOW
                                                   X = TORNADO
MAX 32 OR BELOW:   0    0.01 INCH OR MORE:  22
MAX 70 OR ABOVE:  11    0.10 INCH OR MORE:  15
MIN 32 OR BELOW:   0    0.50 INCH OR MORE:   3
MIN  0 OR BELOW:   0    1.00 INCH OR MORE:   0

[HDD (BASE 65) ]
TOTAL THIS MO.   156    CLEAR  (SCALE 0-3)   M
DPTR FM NORMAL  -154    PTCLDY (SCALE 4-7)   M
SEASONAL TOTAL   332    CLOUDY (SCALE 8-10)  M
DPTR FM NORMAL  -268

[CDD (BASE 65) ]
TOTAL THIS MO.     0
DPTR FM NORMAL     0    [PRESSURE DATA]
SEASONAL TOTAL     0    HIGHEST SLP     M
DPTR FM NORMAL     0    LOWEST  SLP     M

[REMARKS]
