000
CXUS55 KBOU 220757
CF6AKO
PRELIMINARY LOCAL CLIMATOLOGICAL DATA (WS FORM: F-6)

                                          STATION:   AKRON CO
                                          MONTH:     OCTOBER
                                          YEAR:      2017
                                          LATITUDE:   40 10 N
                                          LONGITUDE: 103 13 W

  TEMPERATURE IN F:       :PCPN:    SNOW:  WIND      :SUNSHINE: SKY     :PK WND
================================================================================
1   2   3   4   5  6A  6B    7    8   9   10  11  12  13   14  15   16   17  18
                                     12Z  AVG MX 2MIN
DY MAX MIN AVG DEP HDD CDD  WTR  SNW DPTH SPD SPD DIR MIN PSBL S-S WX    SPD DR
================================================================================

 1  74  43  59   3   6   0 0.30    M    M 10.5 38 360   M    M   2 138    46 350
 2  61  41  51  -5  14   0    T    M    M 11.8 30 340   M    M   8        36 340
 3  61  36  49  -6  16   0 0.00    M    M  7.9 15 340   M    M   5 1      19 310
 4  56  49  53  -2  12   0 0.00    M    M 14.3 25 140   M    M  10 12     30 140
 5  57  49  53  -1  12   0    T    M    M  7.9 16 350   M    M  10 12     19 340
 6  56  40  48  -6  17   0 0.01    M    M 10.4 39 300   M    M   8 12     49 300
 7  75  38  57   4   8   0 0.00    M    M 11.8 20 260   M    M   0        26 240
 8  64  40  52  -1  13   0    T    M    M 15.2 31  60   M    M   2        40  50
 9  40  31  36 -17  29   0 0.16    M    M 11.7 20  10   M    M   9 1       M  M
10  57  28  43  -9  22   0 0.00    M    M 10.2 17 170   M    M   0        22 170
11  73  34  54   2  11   0 0.00    M    M  8.2 17 170   M    M   0        22 170
12  82  42  62  10   3   0 0.00    M    M 11.5 28  30   M    M   0        35  40
13  65  40  53   2  12   0 0.00    M    M  9.9 16 130   M    M   3        21 140
14  56  27  42  -9  23   0 0.00    M    M 16.1 43 350   M    M   5 12     52 360
15  61  26  44  -6  21   0 0.00    M    M  7.5 14 200   M    M   0        19 200
16  78  40  59   9   6   0 0.00    M    M  8.8 18 290   M    M   0        26 280
17  79  38  59   9   6   0 0.00    M    M 11.5 21 220   M    M   0        24 220
18  77  46  62  12   3   0 0.00    M    M 12.2 21 330   M    M   0        27 350
19  81  41  61  12   4   0    T    M    M 12.9 23 170   M    M   0 8      30 170
20  78  45  62  13   3   0 0.00    M    M 11.7 28 340   M    M   0        34 340
21  57  30  44  -4  21   0 0.03    M    M 19.5 43 320   M    M   2        52 310
================================================================================
SM 1388  804       262   0  0.50    M    241.5          M       64
================================================================================
AV 66.1 38.3                              11.5 FASTST   M    M   3    MAX(MPH)
                                 MISC ---->  # 43 350               # 52  360
================================================================================
NOTES:
# LAST OF SEVERAL OCCURRENCES

COLUMN 17 PEAK WIND IN M.P.H.

PRELIMINARY LOCAL CLIMATOLOGICAL DATA (WS FORM: F-6) , PAGE 2

                                          STATION:  AKRON CO
                                          MONTH:    OCTOBER
                                          YEAR:     2017
                                          LATITUDE:   40 10 N
                                          LONGITUDE: 103 13 W

[TEMPERATURE DATA]      [PRECIPITATION DATA]       SYMBOLS USED IN COLUMN 16

AVERAGE MONTHLY: 52.2   TOTAL FOR MONTH:   0.50    1 = FOG OR MIST
DPTR FM NORMAL:   0.1   DPTR FM NORMAL:   -0.34    2 = FOG REDUCING VISIBILITY
HIGHEST:    82 ON 12    GRTST 24HR  0.30 ON  1- 1      TO 1/4 MILE OR LESS
LOWEST:     26 ON 15                               3 = THUNDER
                        SNOW, ICE PELLETS, HAIL    4 = ICE PELLETS
                        TOTAL MONTH:    M          5 = HAIL
                        GRTST 24HR    M  ON   M    6 = FREEZING RAIN OR DRIZZLE
                        GRTST DEPTH:  M  ON   M    7 = DUSTSTORM OR SANDSTORM:
                                                       VSBY 1/2 MILE OR LESS
                                                   8 = SMOKE OR HAZE
[NO. OF DAYS WITH]      [WEATHER - DAYS WITH]      9 = BLOWING SNOW
                                                   X = TORNADO
MAX 32 OR BELOW:   0    0.01 INCH OR MORE:   4
MAX 90 OR ABOVE:   0    0.10 INCH OR MORE:   2
MIN 32 OR BELOW:   5    0.50 INCH OR MORE:   0
MIN  0 OR BELOW:   0    1.00 INCH OR MORE:   0

[HDD (BASE 65) ]
TOTAL THIS MO.   262    CLEAR  (SCALE 0-3)  13
DPTR FM NORMAL   -16    PTCLDY (SCALE 4-7)   5
TOTAL FM JUL 1   406    CLOUDY (SCALE 8-10)  3
DPTR FM NORMAL   -32

[CDD (BASE 65) ]
TOTAL THIS MO.     0
DPTR FM NORMAL    -1    [PRESSURE DATA]
TOTAL FM JAN 1   875    HIGHEST SLP M ON M
DPTR FM NORMAL   122    LOWEST  SLP 29.31 ON 20

[REMARKS]
