000
CXUS54 KCRP 291300
CF6ALI
PRELIMINARY LOCAL CLIMATOLOGICAL DATA (WS FORM: F-6)

                                          STATION:   ALICE
                                          MONTH:     JULY
                                          YEAR:      2015
                                          LATITUDE:   27 44 N
                                          LONGITUDE:  98  1 W

  TEMPERATURE IN F:       :PCPN:    SNOW:  WIND      :SUNSHINE: SKY     :PK WND
================================================================================
1   2   3   4   5  6A  6B    7    8   9   10  11  12  13   14  15   16   17  18
                                     12Z  AVG MX 2MIN
DY MAX MIN AVG DEP HDD CDD  WTR  SNW DPTH SPD SPD DIR MIN PSBL S-S WX    SPD DR
================================================================================

 1  88  71  80  -5   0  15 0.77  0.0    0  7.0 29 150   M    M   3 13     39 140
 2  91  71  81  -4   0  16 0.31  0.0    0 10.8 39 160   M    M   4 13     47 150
 3  93  75  84  -1   0  19 0.00  0.0    0 11.4 23 140   M    M   4 1      29 120
 4  94  77  86   1   0  21    T  0.0    0 10.6 26 150   M    M   4 1      32 150
 5  94  75  85   0   0  20 0.00  0.0    0 13.5 24 140   M    M   6 1      30 150
 6  94  77  86   1   0  21    T  0.0    0 14.3 26 130   M    M   5 1      42 110
 7  95  79  87   2   0  22 0.00  0.0    0   M   M   M   M    M   5 18      M  M
 8  95  78  87   2   0  22 0.00  0.0    0 15.2 25 130   M    M   8 18     33 130
 9  94  78  86   1   0  21 0.00  0.0    0 12.6 23 130   M    M   6 18     29 130
10  94  74  84  -1   0  19 0.00  0.0    0  9.2 21 130   M    M   3 1      28  90
11  95  71  83  -2   0  18 0.00  0.0    0  8.3 20 150   M    M   4 12     35 130
12  97  72  85   0   0  20 0.00  0.0    0  8.3 28 120   M    M   3 12     42 110
13  98  74  86   1   0  21 0.00  0.0    0  8.9 18 130   M    M   1 1      34  50
14  97  74  86   1   0  21 0.00  0.0    0  9.9 21 130   M    M   2 1      29 200
15  96  73  85  -1   0  20 0.00  0.0    0 10.8 22 130   M    M   1 1      36 110
16  97  72  85  -1   0  20 0.00  0.0    0  9.2 20 130   M    M   1 12     24 130
17  98  73  86   0   0  21 0.00  0.0    0 11.0 23 140   M    M   2 1      29 130
18  98  77  88   2   0  23 0.00  0.0    0 11.9 23 140   M    M   4 1      41 130
19  98  77  88   2   0  23 0.00  0.0    0 10.8 22 130   M    M   4 18     28 130
20  99  73  86   0   0  21 0.00  0.0    0 10.2 22 140   M    M   2 1      27 140
21  98  75  87   1   0  22 0.00  0.0    0 10.4 22 140   M    M   1 1      29 140
22  99  75  87   1   0  22 0.00  0.0    0 11.7 24 130   M    M   3 1      30 150
23  98  77  88   2   0  23 0.00  0.0    0 12.8 25 130   M    M   3 1      33 120
24  99  78  89   3   0  24 0.00  0.0    0 10.9 22 130   M    M   4 1      27 130
25 101  72  87   1   0  22 0.00  0.0    0  8.7 22 130   M    M   3 12     28 120
26 104  76  90   4   0  25 0.00  0.0    0  9.3 21 130   M    M   2 1      27 130
27  99  77  88   2   0  23 0.00  0.0    0 11.5 23 140   M    M   2 1      29 150
28 100  78  89   3   0  24 0.00  0.0    0 12.5 24 130   M    M   3 1      32 140
================================================================================
SM 2703 2099         0 589  1.08     0.0 291.8          M       93
================================================================================
AV 96.5 75.0                              10.8 FASTST   M    M   3    MAX(MPH)
                                 MISC ---->  # 39 160               # 47  150
================================================================================
NOTES:
# LAST OF SEVERAL OCCURRENCES

COLUMN 17 PEAK WIND IN M.P.H.

PRELIMINARY LOCAL CLIMATOLOGICAL DATA (WS FORM: F-6) , PAGE 2

                                          STATION:  ALICE
                                          MONTH:    JULY
                                          YEAR:     2015
                                          LATITUDE:   27 44 N
                                          LONGITUDE:  98  1 W

[TEMPERATURE DATA]      [PRECIPITATION DATA]       SYMBOLS USED IN COLUMN 16

AVERAGE MONTHLY: 85.8   TOTAL FOR MONTH:   1.08    1 = FOG OR MIST
DPTR FM NORMAL:   0.2   DPTR FM NORMAL:   -1.23    2 = FOG REDUCING VISIBILITY
HIGHEST:   104 ON 26    GRTST 24HR  1.11 ON 30- 1      TO 1/4 MILE OR LESS
LOWEST:     71 ON 11, 2                            3 = THUNDER
                        SNOW, ICE PELLETS, HAIL    4 = ICE PELLETS
                        TOTAL MONTH:   0.0 INCH    5 = HAIL
                        GRTST 24HR     0.0         6 = FREEZING RAIN OR DRIZZLE
                        GRTST DEPTH:   0           7 = DUSTSTORM OR SANDSTORM:
                                                       VSBY 1/2 MILE OR LESS
                                                   8 = SMOKE OR HAZE
[NO. OF DAYS WITH]      [WEATHER - DAYS WITH]      9 = BLOWING SNOW
                                                   X = TORNADO
MAX 32 OR BELOW:   0    0.01 INCH OR MORE:   2
MAX 90 OR ABOVE:  27    0.10 INCH OR MORE:   2
MIN 32 OR BELOW:   0    0.50 INCH OR MORE:   1
MIN  0 OR BELOW:   0    1.00 INCH OR MORE:   0

[HDD (BASE 65) ]
TOTAL THIS MO.     0    CLEAR  (SCALE 0-3)  13
DPTR FM NORMAL     0    PTCLDY (SCALE 4-7)  15
TOTAL FM JUL 1     0    CLOUDY (SCALE 8-10)  0
DPTR FM NORMAL     0

[CDD (BASE 65) ]
TOTAL THIS MO.   589
DPTR FM NORMAL    17    [PRESSURE DATA]
TOTAL FM JAN 1  2098    HIGHEST SLP M ON M
DPTR FM NORMAL    44    LOWEST  SLP 29.75 ON 21

[REMARKS]
