000
CXUS54 KAMA 251015
CF6AMA
PRELIMINARY LOCAL CLIMATOLOGICAL DATA (WS FORM: F-6)

                                          STATION:   AMARILLO
                                          MONTH:     OCTOBER
                                          YEAR:      2014
                                          LATITUDE:   35 13 N
                                          LONGITUDE: 101 42 W

  TEMPERATURE IN F:       :PCPN:    SNOW:  WIND      :SUNSHINE: SKY     :PK WND
================================================================================
1   2   3   4   5  6A  6B    7    8   9   10  11  12  13   14  15   16   17  18
                                     12Z  AVG MX 2MIN
DY MAX MIN AVG DEP HDD CDD  WTR  SNW DPTH SPD SPD DIR MIN PSBL S-S WX    SPD DR
================================================================================

 1  84  49  67   3   0   2 0.00  0.0    0  8.3 16 210   M    M   0        20 210
 2  71  49  60  -3   5   0 0.00  0.0    0 14.6 28 340   M    M   0        36 360
 3  65  43  54  -9  11   0 0.00  0.0    0 10.4 33  10   M    M   0        43 360
 4  75  42  59  -3   6   0 0.00  0.0    0 10.1 23 190   M    M   0        29 200
 5  83  47  65   3   0   0 0.00  0.0    0  7.8 17  70   M    M   1        23  60
 6  84  51  68   6   0   3 0.00  0.0    0  7.9 17 190   M    M   0        23 210
 7  86  48  67   6   0   2 0.00  0.0    0  6.9 18 120   M    M   0        23 120
 8  88  52  70   9   0   5 0.00  0.0    0  9.2 23 170   M    M   0        28 160
 9  82  59  71  10   0   6 0.01  0.0    0 10.4 26 330   M    M   3        34 320
10  59  44  52  -8  13   0 0.02  0.0    0 16.5 25 360   M    M   8 1      32 360
11  64  44  54  -6  11   0 0.00  0.0    0  8.1 17 360   M    M   6 1      21 350
12  83  46  65   5   0   0 0.11    M    0 18.3 40 280   M    M   1 13     51 320
13  63  44  54  -5  11   0 0.39    M    0 22.3 38 350   M    M   3 1      48 350
14  73  42  58  -1   7   0 0.00  0.0    0  9.3 18 280   M    M   0        24 260
15  82  43  63   4   2   0 0.00  0.0    0 10.3 20 190   M    M   0        25 190
16  87  52  70  12   0   5 0.00  0.0    0 11.6 22 240   M    M   0        29 240
17  70  47  59   1   6   0 0.00  0.0    0  8.8 16  70   M    M   0        19  50
18  67  43  55  -3  10   0    T  0.0    0  7.8 16 110   M    M   2        19 130
19  74  45  60   3   5   0 0.00  0.0    0 12.5 23 190   M    M   1        28 190
20  79  52  66   9   0   1 0.00  0.0    0  5.7 13 200   M    M   1 1      17 200
21  77  50  64   7   1   0 0.00  0.0    0 10.6 21 150   M    M   3 1      26 150
22  71  58  65   9   0   0 0.55  0.0    0 13.8 22 190   M    M   8 13     26 150
23  77  58  68  12   0   3 0.00  0.0    0  9.6 20 190   M    M   3 1      26 180
24  86  51  69  13   0   4 0.00  0.0    0  7.9 14 230   M    M   0 1      20 230
================================================================================
SM 1830 1159        88  31  1.08     0.0 258.7          M       40
================================================================================
AV 76.2 48.3                              10.8 FASTST   M    M   2    MAX(MPH)
                                 MISC ---->  # 40 280               # 51  320
================================================================================
NOTES:
# LAST OF SEVERAL OCCURRENCES

COLUMN 17 PEAK WIND IN M.P.H.

PRELIMINARY LOCAL CLIMATOLOGICAL DATA (WS FORM: F-6) , PAGE 2

                                          STATION:  AMARILLO
                                          MONTH:    OCTOBER
                                          YEAR:     2014
                                          LATITUDE:   35 13 N
                                          LONGITUDE: 101 42 W

[TEMPERATURE DATA]      [PRECIPITATION DATA]       SYMBOLS USED IN COLUMN 16

AVERAGE MONTHLY: 62.3   TOTAL FOR MONTH:   1.08    1 = FOG OR MIST
DPTR FM NORMAL:   2.7   DPTR FM NORMAL:   -0.29    2 = FOG REDUCING VISIBILITY
HIGHEST:    88 ON  8    GRTST 24HR  0.55 ON 22-22      TO 1/4 MILE OR LESS
LOWEST:     42 ON 14, 4                            3 = THUNDER
                        SNOW, ICE PELLETS, HAIL    4 = ICE PELLETS
                        TOTAL MONTH:   0.0 INCH    5 = HAIL
                        GRTST 24HR     0.0         6 = FREEZING RAIN OR DRIZZLE
                        GRTST DEPTH:   0           7 = DUSTSTORM OR SANDSTORM:
                                                       VSBY 1/2 MILE OR LESS
                                                   8 = SMOKE OR HAZE
[NO. OF DAYS WITH]      [WEATHER - DAYS WITH]      9 = BLOWING SNOW
                                                   X = TORNADO
MAX 32 OR BELOW:   0    0.01 INCH OR MORE:   5
MAX 90 OR ABOVE:   0    0.10 INCH OR MORE:   3
MIN 32 OR BELOW:   0    0.50 INCH OR MORE:   1
MIN  0 OR BELOW:   0    1.00 INCH OR MORE:   0

[HDD (BASE 65) ]
TOTAL THIS MO.    88    CLEAR  (SCALE 0-3)  20
DPTR FM NORMAL   -69    PTCLDY (SCALE 4-7)   2
TOTAL FM JUL 1   112    CLOUDY (SCALE 8-10)  2
DPTR FM NORMAL   -89

[CDD (BASE 65) ]
TOTAL THIS MO.    31
DPTR FM NORMAL     6    [PRESSURE DATA]
TOTAL FM JAN 1  1523    HIGHEST SLP M ON M
DPTR FM NORMAL   128    LOWEST  SLP 29.42 ON 12

[REMARKS]
