000
CXUS54 KAMA 211015
CF6AMA
PRELIMINARY LOCAL CLIMATOLOGICAL DATA (WS FORM: F-6)

                                          STATION:   AMARILLO
                                          MONTH:     OCTOBER
                                          YEAR:      2017
                                          LATITUDE:   35 13 N
                                          LONGITUDE: 101 42 W

  TEMPERATURE IN F:       :PCPN:    SNOW:  WIND      :SUNSHINE: SKY     :PK WND
================================================================================
1   2   3   4   5  6A  6B    7    8   9   10  11  12  13   14  15   16   17  18
                                     12Z  AVG MX 2MIN
DY MAX MIN AVG DEP HDD CDD  WTR  SNW DPTH SPD SPD DIR MIN PSBL S-S WX    SPD DR
================================================================================

 1  75  60  68   4   0   3 0.00  0.0    0 19.2 30 170   M    M   7 1      38 190
 2  84  63  74  11   0   9 0.00  0.0    0 22.8 31 170   M    M   4 1      39 170
 3  68  65  67   4   0   2 0.55  0.0    0 13.6 30 190   M    M   9 13     37 170
 4  75  63  69   7   0   4 0.39  0.0    0  8.9 18 140   M    M   9 13     23 140
 5  68  62  65   3   0   0 1.04  0.0    0 12.0 24 340   M    M  10 1      34 330
 6  82  56  69   7   0   4 0.16  0.0    0 18.2 32 300   M    M   2 138    48 300
 7  78  44  61   0   4   0 0.00  0.0    0 10.4 17 180   M    M   0        23 180
 8  84  50  67   6   0   2 0.00  0.0    0 13.1 22 210   M    M   0        28 220
 9  58  40  49 -12  16   0 0.05  0.0    0 23.0 36 350   M    M   8        43 340
10  61  35  48 -12  17   0 0.00  0.0    0 11.0 26 340   M    M   1        34 350
11  73  36  55  -5  10   0 0.00  0.0    0 15.9 28 190   M    M   0        35 200
12  85  51  68   8   0   3 0.00  0.0    0 13.3 22 210   M    M   0        27 200
13  87  59  73  14   0   8 0.01  0.0    0 10.3 23 180   M    M   1 3      28 190
14  86  49  68   9   0   3    T  0.0    0 18.9 41  10   M    M   0        52  10
15  64  38  51  -8  14   0 0.00  0.0    0  6.7 23  10   M    M   0        32  10
16  71  37  54  -4  11   0 0.00  0.0    0 12.3 22 200   M    M   0        28 200
17  83  43  63   5   2   0 0.00  0.0    0 12.6 22 220   M    M   0        25 200
18  80  44  62   4   3   0 0.00  0.0    0  9.7 17 210   M    M   0        24 220
19  78  50  64   7   1   0    T  0.0    0 15.3 26 160   M    M   1        33 160
20  80  55  68  11   0   3 0.00  0.0    0 21.5 31 210   M    M   2        39 210
================================================================================
SM 1520 1000        78  41  2.20     0.0 288.7          M       54
================================================================================
AV 76.0 50.0                              14.4 FASTST   M    M   3    MAX(MPH)
                                 MISC ---->  # 41  10               # 52   10
================================================================================
NOTES:
# LAST OF SEVERAL OCCURRENCES

COLUMN 17 PEAK WIND IN M.P.H.

PRELIMINARY LOCAL CLIMATOLOGICAL DATA (WS FORM: F-6) , PAGE 2

                                          STATION:  AMARILLO
                                          MONTH:    OCTOBER
                                          YEAR:     2017
                                          LATITUDE:   35 13 N
                                          LONGITUDE: 101 42 W

[TEMPERATURE DATA]      [PRECIPITATION DATA]       SYMBOLS USED IN COLUMN 16

AVERAGE MONTHLY: 63.0   TOTAL FOR MONTH:   2.20    1 = FOG OR MIST
DPTR FM NORMAL:   2.8   DPTR FM NORMAL:    1.03    2 = FOG REDUCING VISIBILITY
HIGHEST:    87 ON 13    GRTST 24HR  1.04 ON  5- 5      TO 1/4 MILE OR LESS
LOWEST:     35 ON 10                               3 = THUNDER
                        SNOW, ICE PELLETS, HAIL    4 = ICE PELLETS
                        TOTAL MONTH:   0.0 INCH    5 = HAIL
                        GRTST 24HR     0.0         6 = FREEZING RAIN OR DRIZZLE
                        GRTST DEPTH:   0           7 = DUSTSTORM OR SANDSTORM:
                                                       VSBY 1/2 MILE OR LESS
                                                   8 = SMOKE OR HAZE
[NO. OF DAYS WITH]      [WEATHER - DAYS WITH]      9 = BLOWING SNOW
                                                   X = TORNADO
MAX 32 OR BELOW:   0    0.01 INCH OR MORE:   6
MAX 90 OR ABOVE:   0    0.10 INCH OR MORE:   4
MIN 32 OR BELOW:   0    0.50 INCH OR MORE:   2
MIN  0 OR BELOW:   0    1.00 INCH OR MORE:   1

[HDD (BASE 65) ]
TOTAL THIS MO.    78    CLEAR  (SCALE 0-3)  14
DPTR FM NORMAL   -42    PTCLDY (SCALE 4-7)   3
TOTAL FM JUL 1   122    CLOUDY (SCALE 8-10)  3
DPTR FM NORMAL   -42

[CDD (BASE 65) ]
TOTAL THIS MO.    41
DPTR FM NORMAL    16    [PRESSURE DATA]
TOTAL FM JAN 1  1479    HIGHEST SLP M ON M
DPTR FM NORMAL    84    LOWEST  SLP 29.48 ON  8

[REMARKS]
