000
CXUS52 KJAX 280800
CF6AMG
PRELIMINARY LOCAL CLIMATOLOGICAL DATA (WS FORM: F-6)

                                          STATION:   ALMA GA
                                          MONTH:     JUNE
                                          YEAR:      2017
                                          LATITUDE:   31 32 N
                                          LONGITUDE:  82 30 W

  TEMPERATURE IN F:       :PCPN:    SNOW:  WIND      :SUNSHINE: SKY     :PK WND
================================================================================
1   2   3   4   5  6A  6B    7    8   9   10  11  12  13   14  15   16   17  18
                                     12Z  AVG MX 2MIN
DY MAX MIN AVG DEP HDD CDD  WTR  SNW DPTH SPD SPD DIR MIN PSBL S-S WX    SPD DR
================================================================================

 1  85  68  77  -1   0  12    T  0.0    0  2.2  8 310   M    M   3 12     10 340
 2  90  70  80   2   0  15    T  0.0    0  2.8 15 150   M    M   3 13     19 150
 3  92  68  80   2   0  15 0.00  0.0    0  2.6 14 150   M    M   3 12     18 150
 4  92  70  81   3   0  16 0.09  0.0    0  4.2 18 180   M    M   2 13     26 180
 5  90  72  81   3   0  16 0.63  0.0    0  5.6 22 250   M    M   6 138    34 210
 6  81  72  77  -1   0  12 0.09  0.0    0  2.8  8 170   M    M   5 1      10 160
 7  79  67  73  -6   0   8 0.92  0.0    0  3.9 12  40   M    M   9 13     22  30
 8  83  63  73  -6   0   8 0.24  0.0    0  4.1 10 350   M    M   5 1      18  40
 9  87  60  74  -5   0   9 0.00  0.0    0  2.6 10 130   M    M   1 1      14 140
10  91  60  76  -3   0  11 0.00  0.0    0  3.8 13 130   M    M   1 1      20 120
11  87  73  80   1   0  15    T  0.0    0  5.5 14 100   M    M   4        21 100
12  81  73  77  -2   0  12 0.16  0.0    0  1.7 12 140   M    M   5 138    15 150
13  88  71  80   0   0  15 0.00  0.0    0  1.8 14 190   M    M   4 1      19 190
14  90  69  80   0   0  15 0.00  0.0    0  3.4 13 280   M    M   2 13     16 280
15  92  71  82   2   0  17 0.00  0.0    0  6.2 17 210   M    M   2        24 210
16  92  73  83   3   0  18 0.00  0.0    0  6.8 12 170   M    M   3        17 310
17  94  72  83   3   0  18    T  0.0    0  5.3 26 180   M    M   4 13     35 190
18  93  68  81   1   0  16 0.00  0.0    0  4.6 13 130   M    M   2 1      16 160
19  92  74  83   3   0  18 0.42  0.0    0  5.5 23 180   M    M   3 1      34 180
20  80  74  77  -3   0  12 0.03  0.0    0  2.4  7  60   M    M   8 1       9  40
21  87  74  81   0   0  16 0.03  0.0    0  3.4 10 140   M    M   5 1      14 150
22  92  74  83   2   0  18    T  0.0    0  3.5 12 110   M    M   2 13     18 120
23  93  74  84   3   0  19 0.25  0.0    0  4.9 24 240   M    M   2 138    32 250
24  94  73  84   3   0  19 0.00  0.0    0  5.8 14 220   M    M   2 12     19 290
25  91  74  83   2   0  18 0.15  0.0    0  4.6 17 280   M    M   4 13     23 280
26  89  70  80  -1   0  15 0.00  0.0    0  2.6 13 100   M    M   4 1      18 100
27  89  70  80  -1   0  15 0.06  0.0    0  2.4 14 110   M    M   5 123    19 350
================================================================================
SM 2394 1897         0 398  3.07     0.0 105.0          M       99
================================================================================
AV 88.7 70.3                               3.9 FASTST   M    M   4    MAX(MPH)
                                 MISC ---->  # 26 180               # 35  190
================================================================================
NOTES:
# LAST OF SEVERAL OCCURRENCES

COLUMN 17 PEAK WIND IN M.P.H.

PRELIMINARY LOCAL CLIMATOLOGICAL DATA (WS FORM: F-6) , PAGE 2

                                          STATION:  ALMA GA
                                          MONTH:    JUNE
                                          YEAR:     2017
                                          LATITUDE:   31 32 N
                                          LONGITUDE:  82 30 W

[TEMPERATURE DATA]      [PRECIPITATION DATA]       SYMBOLS USED IN COLUMN 16

AVERAGE MONTHLY: 79.5   TOTAL FOR MONTH:   3.07    1 = FOG OR MIST
DPTR FM NORMAL:  -0.1   DPTR FM NORMAL:   -1.78    2 = FOG REDUCING VISIBILITY
HIGHEST:    94 ON 24,17 GRTST 24HR  0.92 ON  7- 7      TO 1/4 MILE OR LESS
LOWEST:     60 ON 10, 9                            3 = THUNDER
                        SNOW, ICE PELLETS, HAIL    4 = ICE PELLETS
                        TOTAL MONTH:   0.0 INCH    5 = HAIL
                        GRTST 24HR     0.0         6 = FREEZING RAIN OR DRIZZLE
                        GRTST DEPTH:   0           7 = DUSTSTORM OR SANDSTORM:
                                                       VSBY 1/2 MILE OR LESS
                                                   8 = SMOKE OR HAZE
[NO. OF DAYS WITH]      [WEATHER - DAYS WITH]      9 = BLOWING SNOW
                                                   X = TORNADO
MAX 32 OR BELOW:   0    0.01 INCH OR MORE:  12
MAX 90 OR ABOVE:  15    0.10 INCH OR MORE:   7
MIN 32 OR BELOW:   0    0.50 INCH OR MORE:   2
MIN  0 OR BELOW:   0    1.00 INCH OR MORE:   0

[HDD (BASE 65) ]
TOTAL THIS MO.     0    CLEAR  (SCALE 0-3)  13
DPTR FM NORMAL     0    PTCLDY (SCALE 4-7)  13
TOTAL FM JUL 1  1083    CLOUDY (SCALE 8-10)  1
DPTR FM NORMAL  -576

[CDD (BASE 65) ]
TOTAL THIS MO.   398
DPTR FM NORMAL     4    [PRESSURE DATA]
TOTAL FM JAN 1   997    HIGHEST SLP M ON M
DPTR FM NORMAL   173    LOWEST  SLP 29.64 ON  6

[REMARKS]
