000
CXUS54 KBMX 271216
CF6ANB
PRELIMINARY LOCAL CLIMATOLOGICAL DATA (WS FORM: F-6)

                                          STATION:   ANNISTON
                                          MONTH:     SEPTEMBER
                                          YEAR:      2016
                                          LATITUDE:   33 35 N
                                          LONGITUDE:  85 51 W

  TEMPERATURE IN F:       :PCPN:    SNOW:  WIND      :SUNSHINE: SKY     :PK WND
================================================================================
1   2   3   4   5  6A  6B    7    8   9   10  11  12  13   14  15   16   17  18
                                     12Z  AVG MX 2MIN
DY MAX MIN AVG DEP HDD CDD  WTR  SNW DPTH SPD SPD DIR MIN PSBL S-S WX    SPD DR
================================================================================

 1  97  72  85   7   0  20 0.14  0.0    0  3.6 14 340   M    M   5 13     18 360
 2  93  73  83   5   0  18 0.33  0.0    0  5.5 15 320   M    M   7 13     21 320
 3  86  70  78   1   0  13 0.00  0.0    0  6.5 13 110   M    M   4        18 100
 4  91  69  80   3   0  15 0.00  0.0    0  5.3 14  90   M    M   1        17 100
 5  91  68  80   3   0  15 0.00  0.0    0  3.3 10 170   M    M   1        15 110
 6  95  65  80   3   0  15 0.00  0.0    0  2.3 12 240   M    M   1        14 210
 7  96  66  81   5   0  16 0.00  0.0    0  2.2 13 250   M    M   5        16 250
 8  95  65  80   4   0  15 0.00  0.0    0  3.2 14 240   M    M   2        19 250
 9  94  63  79   3   0  14 0.00  0.0    0  2.9 15 260   M    M   1        21 250
10  94  64  79   3   0  14 0.00  0.0    0  4.3 15 220   M    M   2        20 210
11  92  69  81   6   0  16 0.00  0.0    0  3.8 14 240   M    M   1        17 230
12  95  67  81   6   0  16 0.00  0.0    0  3.6 10  60   M    M   0        14  60
13  89  69  79   4   0  14 0.00  0.0    0  5.2 12  60   M    M   1        16  70
14  96  68  82   8   0  17 0.00  0.0    0  4.5 15  80   M    M   1        19  60
15  99  67  83   9   0  18 0.00  0.0    0  2.4 10 100   M    M   1        16 130
16  92  72  82   8   0  17 0.00  0.0    0  6.1 15 130   M    M   0        21 130
17  82  73  78   5   0  13 0.01  0.0    0  3.0 14 180   M    M   7        16 140
18  86  71  79   6   0  14 0.12  0.0    0  4.3 17 280   M    M   7 1      23 280
19  93  68  81   9   0  16 0.00  0.0    0  2.7 13 360   M    M   4 1      18  30
20  95  64  80   8   0  15 0.00  0.0    0  3.2 13  60   M    M   2 1      16 100
21  95  65  80   8   0  15 0.00  0.0    0  3.8 12 290   M    M   3        16 300
22  96  71  84  13   0  19 0.00  0.0    0  4.3 14  20   M    M   1        17  30
23  97  70  84  13   0  19 0.00  0.0    0  3.6 16  10   M    M   1        20  20
24  97  67  82  11   0  17 0.00  0.0    0  2.5 10 340   M    M   1        13  10
25  98  68  83  13   0  18 0.00  0.0    0  2.8 13 100   M    M   0        16 100
26  94  66  80  10   0  15 0.01  0.0    0  3.7 18  10   M    M   2 8      24  20
================================================================================
SM 2428 1770         0 414  0.61     0.0  98.6          M       61
================================================================================
AV 93.4 68.1                               3.8 FASTST   M    M   2    MAX(MPH)
                                 MISC ---->  # 18  10               # 24   20
================================================================================
NOTES:
# LAST OF SEVERAL OCCURRENCES

COLUMN 17 PEAK WIND IN M.P.H.

PRELIMINARY LOCAL CLIMATOLOGICAL DATA (WS FORM: F-6) , PAGE 2

                                          STATION:  ANNISTON
                                          MONTH:    SEPTEMBER
                                          YEAR:     2016
                                          LATITUDE:   33 35 N
                                          LONGITUDE:  85 51 W

[TEMPERATURE DATA]      [PRECIPITATION DATA]       SYMBOLS USED IN COLUMN 16

AVERAGE MONTHLY: 80.7   TOTAL FOR MONTH:   0.61    1 = FOG OR MIST
DPTR FM NORMAL:   6.5   DPTR FM NORMAL:   -1.92    2 = FOG REDUCING VISIBILITY
HIGHEST:    99 ON 15    GRTST 24HR  0.39 ON  1- 2      TO 1/4 MILE OR LESS
LOWEST:     63 ON  9                               3 = THUNDER
                        SNOW, ICE PELLETS, HAIL    4 = ICE PELLETS
                        TOTAL MONTH:   0.0 INCH    5 = HAIL
                        GRTST 24HR     0.0         6 = FREEZING RAIN OR DRIZZLE
                        GRTST DEPTH:   0           7 = DUSTSTORM OR SANDSTORM:
                                                       VSBY 1/2 MILE OR LESS
                                                   8 = SMOKE OR HAZE
[NO. OF DAYS WITH]      [WEATHER - DAYS WITH]      9 = BLOWING SNOW
                                                   X = TORNADO
MAX 32 OR BELOW:   0    0.01 INCH OR MORE:   5
MAX 90 OR ABOVE:  22    0.10 INCH OR MORE:   3
MIN 32 OR BELOW:   0    0.50 INCH OR MORE:   0
MIN  0 OR BELOW:   0    1.00 INCH OR MORE:   0

[HDD (BASE 65) ]
TOTAL THIS MO.     0    CLEAR  (SCALE 0-3)  19
DPTR FM NORMAL    -6    PTCLDY (SCALE 4-7)   7
TOTAL FM JUL 1     0    CLOUDY (SCALE 8-10)  0
DPTR FM NORMAL    -6

[CDD (BASE 65) ]
TOTAL THIS MO.   414
DPTR FM NORMAL   168    [PRESSURE DATA]
TOTAL FM JAN 1  2238    HIGHEST SLP M ON M
DPTR FM NORMAL   475    LOWEST  SLP 29.81 ON  1

[REMARKS]
