000
CXUS54 KBMX 231216
CF6ANB
PRELIMINARY LOCAL CLIMATOLOGICAL DATA (WS FORM: F-6)

                                          STATION:   ANNISTON
                                          MONTH:     APRIL
                                          YEAR:      2014
                                          LATITUDE:   33 35 N
                                          LONGITUDE:  85 51 W

  TEMPERATURE IN F:       :PCPN:    SNOW:  WIND      :SUNSHINE: SKY     :PK WND
================================================================================
1   2   3   4   5  6A  6B    7    8   9   10  11  12  13   14  15   16   17  18
                                     12Z  AVG MX 2MIN
DY MAX MIN AVG DEP HDD CDD  WTR  SNW DPTH SPD SPD DIR MIN PSBL S-S WX    SPD DR
================================================================================

 1  82  45  64   6   1   0 0.00  0.0    0  3.6 16 250   M    M   1        20 230
 2  80  46  63   5   2   0 0.00  0.0    0  4.0 16 230   M    M   2        21 250
 3  81  58  70  11   0   5 0.00  0.0    0  6.1 18 240   M    M   3        25 250
 4  68  58  63   4   2   0 0.22  0.0    0  7.6 37 250   M    M   8 18     50 250
 5  67  46  57  -2   8   0 0.00  0.0    0  4.6 13 360   M    M   1        17  10
 6  60  50  55  -4  10   0 0.99  0.0    0  6.4 15 110   M    M   9 13     27 110
 7  74  53  64   4   1   0 2.68  0.0    0 10.5 23 360   M    M   9 13     30  10
 8  65  46  56  -4   9   0 0.00  0.0    0  7.3 16 360   M    M   6        22 360
 9  70  43  57  -3   8   0 0.00  0.0    0  4.9 14 280   M    M   2        22 290
10  76  40  58  -2   7   0 0.00  0.0    0  4.9 15 240   M    M   0        20 240
11  75  46  61   0   4   0 0.00  0.0    0  4.6 15 240   M    M   1        20 250
12  82  48  65   4   0   0 0.00  0.0    0  3.1 15 230   M    M   0 1      20 220
13  83  53  68   7   0   3 0.00  0.0    0  7.5 18 170   M    M   1        26 190
14  71  61  66   5   0   1 1.24  0.0    0  4.1 13 320   M    M   7 1      19 300
15  61  39  50 -12  15   0 0.25  0.0    0  8.2 18 340   M    M   7 18     27 350
16  66  34  50 -12  15   0 0.00  0.0    0  5.8 14  60   M    M   0        20 130
17  69  43  56  -6   9   0 0.00  0.0    0  7.7 16  90   M    M   2        21  90
18  59  51  55  -7  10   0 0.66  0.0    0  7.2 16  60   M    M   9 1      21  60
19  73  52  63   0   2   0 0.03  0.0    0  6.9 17  10   M    M   7 1      24  10
20  78  47  63   0   2   0 0.00  0.0    0  3.8 14  80   M    M   0        19  90
21  79  49  64   1   1   0 0.00  0.0    0  2.8 13 280   M    M   1        17 250
22  71  54  63   0   2   0 0.04  0.0    0  4.3 12 240   M    M   7 1      15 230
================================================================================
SM 1590 1062       108   9  6.11     0.0 125.9          M       83
================================================================================
AV 72.3 48.3                               5.7 FASTST   M    M   4    MAX(MPH)
                                 MISC ---->  # 37 250               # 50  250
================================================================================
NOTES:
# LAST OF SEVERAL OCCURRENCES

COLUMN 17 PEAK WIND IN M.P.H.

PRELIMINARY LOCAL CLIMATOLOGICAL DATA (WS FORM: F-6) , PAGE 2

                                          STATION:  ANNISTON
                                          MONTH:    APRIL
                                          YEAR:     2014
                                          LATITUDE:   33 35 N
                                          LONGITUDE:  85 51 W

[TEMPERATURE DATA]      [PRECIPITATION DATA]       SYMBOLS USED IN COLUMN 16

AVERAGE MONTHLY: 60.3   TOTAL FOR MONTH:   6.11    1 = FOG OR MIST
DPTR FM NORMAL:  -0.5   DPTR FM NORMAL:    3.08    2 = FOG REDUCING VISIBILITY
HIGHEST:    83 ON 13    GRTST 24HR  3.55 ON  6- 7      TO 1/4 MILE OR LESS
LOWEST:     34 ON 16                               3 = THUNDER
                        SNOW, ICE PELLETS, HAIL    4 = ICE PELLETS
                        TOTAL MONTH:   0.0 INCH    5 = HAIL
                        GRTST 24HR     0.0         6 = FREEZING RAIN OR DRIZZLE
                        GRTST DEPTH:   0           7 = DUSTSTORM OR SANDSTORM:
                                                       VSBY 1/2 MILE OR LESS
                                                   8 = SMOKE OR HAZE
[NO. OF DAYS WITH]      [WEATHER - DAYS WITH]      9 = BLOWING SNOW
                                                   X = TORNADO
MAX 32 OR BELOW:   0    0.01 INCH OR MORE:   8
MAX 90 OR ABOVE:   0    0.10 INCH OR MORE:   6
MIN 32 OR BELOW:   0    0.50 INCH OR MORE:   4
MIN  0 OR BELOW:   0    1.00 INCH OR MORE:   2

[HDD (BASE 65) ]
TOTAL THIS MO.   108    CLEAR  (SCALE 0-3)  12
DPTR FM NORMAL   -16    PTCLDY (SCALE 4-7)   6
TOTAL FM JUL 1  2971    CLOUDY (SCALE 8-10)  4
DPTR FM NORMAL   239

[CDD (BASE 65) ]
TOTAL THIS MO.     9
DPTR FM NORMAL   -21    [PRESSURE DATA]
TOTAL FM JAN 1     9    HIGHEST SLP M ON M
DPTR FM NORMAL   -34    LOWEST  SLP 29.64 ON  7

[REMARKS]
