000
CXAK56 PAFC 221320
CF6ANC
PRELIMINARY LOCAL CLIMATOLOGICAL DATA (WS FORM: F-6)

                                          STATION:   ANCHORAGE AK
                                          MONTH:     FEBRUARY
                                          YEAR:      2017
                                          LATITUDE:   61 10 N
                                          LONGITUDE: 150  2 W

  TEMPERATURE IN F:       :PCPN:    SNOW:  WIND      :SUNSHINE: SKY     :PK WND
================================================================================
1   2   3   4   5  6A  6B    7    8   9   10  11  12  13   14  15   16   17  18
                                     12Z  AVG MX 2MIN
DY MAX MIN AVG DEP HDD CDD  WTR  SNW DPTH SPD SPD DIR MIN PSBL S-S WX    SPD DR
================================================================================

 1  31  18  25   7  40   0 0.00  0.0   21  4.7 10  10   M    M   5        16 140
 2  22   7  15  -3  50   0 0.00  0.0   20  3.7  8 110   M    M   3 12     14 130
 3  22   9  16  -2  49   0 0.00  0.0   20  1.5  7 150   M    M   6 12      7 160
 4  23   7  15  -3  50   0 0.00  0.0   20  1.5  6  90   M    M   3 128     8 150
 5  17   4  11  -7  54   0 0.00  0.0   20  1.6  7 120   M    M   8 128     7 120
 6  20   7  14  -5  51   0 0.00  0.0   20  1.6  6 170   M    M   7 12      7 100
 7  19   4  12  -7  53   0 0.00  0.0   20  1.2  5 160   M    M   7 12      5  10
 8  19   4  12  -7  53   0 0.09  2.1   21  2.7  8 340   M    M  10 12     12 170
 9  20  14  17  -2  48   0 0.09  2.7   24  5.3 17 350   M    M  10 1      21 340
10  14   8  11  -8  54   0 0.12  2.6   25  6.6 16 350   M    M   9 18     20 330
11  12  -5   4 -16  61   0    T  0.2   25  4.6 10 360   M    M   4 1      12  40
12  18  -8   5 -15  60   0    T    T   24  8.4 20 360   M    M   6 18     25 350
13  32  19  26   6  39   0 0.05  0.4   23  5.8 15 350   M    M   9 15     19 350
14  43  29  36  16  29   0    T    T   22  9.2 24 140   M    M   9        38 150
15  36  27  32  12  33   0 0.18  3.0   20  8.6 20 190   M    M   9 1      36 200
16  33  22  28   8  37   0 0.00  0.0   22  5.8 14 290   M    M   8        17 340
17  30  24  27   6  38   0 0.08  1.3   22  2.7  9 310   M    M  10 18     11 300
18  29  26  28   7  37   0 0.03  0.8   23  1.9  8  60   M    M  10 12     14  10
19  28  20  24   3  41   0 0.11  3.4   24  6.1 12 230   M    M   9 1      15 230
20  20   8  14  -7  51   0 0.01  0.9   26  4.6 13  30   M    M  10 18     16  30
21  14  -4   5 -16  60   0    T    M   26  4.3 10  10   M    M   6 1      15 360
================================================================================
SM  502  240       988   0  0.76    17.4  92.4          M      158
================================================================================
AV 23.9 11.4                               4.4 FASTST   M    M   8    MAX(MPH)
                                 MISC ---->  # 24 140               # 38  150
================================================================================
NOTES:
# LAST OF SEVERAL OCCURRENCES

COLUMN 17 PEAK WIND IN M.P.H.

PRELIMINARY LOCAL CLIMATOLOGICAL DATA (WS FORM: F-6) , PAGE 2

                                          STATION:  ANCHORAGE AK
                                          MONTH:    FEBRUARY
                                          YEAR:     2017
                                          LATITUDE:   61 10 N
                                          LONGITUDE: 150  2 W

[TEMPERATURE DATA]      [PRECIPITATION DATA]       SYMBOLS USED IN COLUMN 16

AVERAGE MONTHLY: 17.7   TOTAL FOR MONTH:   0.76    1 = FOG OR MIST
DPTR FM NORMAL:  -1.9   DPTR FM NORMAL:    0.19    2 = FOG REDUCING VISIBILITY
HIGHEST:    43 ON 14    GRTST 24HR  0.18 ON  8- 9      TO 1/4 MILE OR LESS
LOWEST:     -8 ON 12                               3 = THUNDER
                        SNOW, ICE PELLETS, HAIL    4 = ICE PELLETS
                        TOTAL MONTH:  17.4 INCHES  5 = HAIL
                        GRTST 24HR   3.4 ON   M    6 = FREEZING RAIN OR DRIZZLE
                        GRTST DEPTH:  26 ON 21,20  7 = DUSTSTORM OR SANDSTORM:
                                                       VSBY 1/2 MILE OR LESS
                                                   8 = SMOKE OR HAZE
[NO. OF DAYS WITH]      [WEATHER - DAYS WITH]      9 = BLOWING SNOW
                                                   X = TORNADO
MAX 32 OR BELOW:  18    0.01 INCH OR MORE:   9
MAX 90 OR ABOVE:   0    0.10 INCH OR MORE:   3
MIN 32 OR BELOW:  21    0.50 INCH OR MORE:   0
MIN  0 OR BELOW:   3    1.00 INCH OR MORE:   0

[HDD (BASE 65) ]
TOTAL THIS MO.   988    CLEAR  (SCALE 0-3)   2
DPTR FM NORMAL    32    PTCLDY (SCALE 4-7)   8
TOTAL FM JUL 1  6737    CLOUDY (SCALE 8-10) 11
DPTR FM NORMAL  -294

[CDD (BASE 65) ]
TOTAL THIS MO.     0
DPTR FM NORMAL     0    [PRESSURE DATA]
TOTAL FM JAN 1     0    HIGHEST SLP M ON M
DPTR FM NORMAL     0    LOWEST  SLP 28.53 ON 14

[REMARKS]
