000
CXAK56 PAFC 261320
CF6ANC
PRELIMINARY LOCAL CLIMATOLOGICAL DATA (WS FORM: F-6)

                                          STATION:   ANCHORAGE AK
                                          MONTH:     MARCH
                                          YEAR:      2015
                                          LATITUDE:   61 10 N
                                          LONGITUDE: 150  2 W

  TEMPERATURE IN F:       :PCPN:    SNOW:  WIND      :SUNSHINE: SKY     :PK WND
================================================================================
1   2   3   4   5  6A  6B    7    8   9   10  11  12  13   14  15   16   17  18
                                     12Z  AVG MX 2MIN
DY MAX MIN AVG DEP HDD CDD  WTR  SNW DPTH SPD SPD DIR MIN PSBL S-S WX    SPD DR
================================================================================

 1  30  22  26   3  39   0    T    T    1  3.4  7  20   M    M  10 12      M  M
 2  34  22  28   5  37   0 0.00  0.0    1  2.7  7  20   M    M  10 12      M  M
 3  37  30  34  11  31   0 0.01  0.2    1  2.2  6 320   M    M  10         M  M
 4  38  32  35  11  30   0    T    T    1  1.1  4 340   M    M  10 12      M  M
 5  40  32  36  12  29   0 0.03  0.0    1  1.1  6 180   M    M   9 12      M  M
 6  41  32  37  13  28   0 0.20  0.0    T  4.4 13 190   M    M   9 12     25 190
 7  42  30  36  12  29   0 0.51    T    T 15.4 24 200   M    M   7 1      38 150
 8  33  21  27   3  38   0    T    T    T 10.0 16 180   M    M   6        30 210
 9  25  12  19  -6  46   0 0.00  0.0    T 10.4 15 350   M    M   2        23 350
10  20   8  14 -11  51   0 0.00  0.0    T  8.2 15 360   M    M   0        20 360
11  18   4  11 -14  54   0 0.00  0.0    T  7.6 12 350   M    M   0         M  M
12  16   2   9 -16  56   0 0.00  0.0    T  8.0 18 360   M    M   2        24 350
13  15   2   9 -17  56   0 0.00  0.0    T 10.1 17 350   M    M   7        24 350
14  14  -2   6 -20  59   0 0.00  0.0    0  5.7 12 350   M    M   2         M  M
15  14   0   7 -19  58   0 0.01    T    T 10.8 16 360   M    M   7 1      25 360
16  41  14  28   2  37   0 0.01    T    T 14.0 22 140   M    M   9        39 150
17  49  29  39  12  26   0 0.00  0.0    T  6.4 18 150   M    M   5        30 150
18  41  31  36   9  29   0 0.00  0.0    T  3.3  7 320   M    M   7         M  M
19  41  29  35   8  30   0 0.00  0.0    0  2.3  6 300   M    M   7         M  M
20  45  26  36   9  29   0 0.00  0.0    0  5.0 10 360   M    M   5         M  M
21  46  25  36   8  29   0 0.00  0.0    0  3.0  9 150   M    M   5         M  M
22  46  30  38  10  27   0 0.00  0.0    0  2.1  6  30   M    M   6         M  M
23  46  26  36   8  29   0 0.00  0.0    0  2.3  7  20   M    M   2         M  M
24  48  25  37   9  28   0 0.00  0.0    0  2.9  9  60   M    M   2 8       M  M
25  47  27  37   8  28   0 0.00  0.0    0  6.1 17  10   M    M   6         M  M
================================================================================
SM  867  509       933   0  0.77     0.2 148.5          M      145
================================================================================
AV 34.7 20.4                               5.9 FASTST   M    M   6    MAX(MPH)
                                 MISC ---->    24   M                 39    M
================================================================================
NOTES:
# LAST OF SEVERAL OCCURRENCES

COLUMN 17 PEAK WIND IN M.P.H.

PRELIMINARY LOCAL CLIMATOLOGICAL DATA (WS FORM: F-6) , PAGE 2

                                          STATION:  ANCHORAGE AK
                                          MONTH:    MARCH
                                          YEAR:     2015
                                          LATITUDE:   61 10 N
                                          LONGITUDE: 150  2 W

[TEMPERATURE DATA]      [PRECIPITATION DATA]       SYMBOLS USED IN COLUMN 16

AVERAGE MONTHLY: 27.5   TOTAL FOR MONTH:   0.77    1 = FOG OR MIST
DPTR FM NORMAL:   1.8   DPTR FM NORMAL:    0.27    2 = FOG REDUCING VISIBILITY
HIGHEST:    49 ON 17    GRTST 24HR  0.51 ON  7- 7      TO 1/4 MILE OR LESS
LOWEST:     -2 ON 14                               3 = THUNDER
                        SNOW, ICE PELLETS, HAIL    4 = ICE PELLETS
                        TOTAL MONTH:   0.2 INCH    5 = HAIL
                        GRTST 24HR   0.2 ON   M    6 = FREEZING RAIN OR DRIZZLE
                        GRTST DEPTH:   1 ON  5, 4  7 = DUSTSTORM OR SANDSTORM:
                                                       VSBY 1/2 MILE OR LESS
                                                   8 = SMOKE OR HAZE
[NO. OF DAYS WITH]      [WEATHER - DAYS WITH]      9 = BLOWING SNOW
                                                   X = TORNADO
MAX 32 OR BELOW:   8    0.01 INCH OR MORE:   6
MAX 90 OR ABOVE:   0    0.10 INCH OR MORE:   2
MIN 32 OR BELOW:  25    0.50 INCH OR MORE:   1
MIN  0 OR BELOW:   2    1.00 INCH OR MORE:   0

[HDD (BASE 65) ]
TOTAL THIS MO.   933    CLEAR  (SCALE 0-3)   7
DPTR FM NORMAL   -49    PTCLDY (SCALE 4-7)  11
TOTAL FM JUL 1  7285    CLOUDY (SCALE 8-10)  7
DPTR FM NORMAL -1026

[CDD (BASE 65) ]
TOTAL THIS MO.     0
DPTR FM NORMAL     0    [PRESSURE DATA]
TOTAL FM JAN 1     0    HIGHEST SLP M ON M
DPTR FM NORMAL     0    LOWEST  SLP M ON M

[REMARKS]
