000
CXAK56 PAFC 291320
CF6ANC
PRELIMINARY LOCAL CLIMATOLOGICAL DATA (WS FORM: F-6)

                                          STATION:   ANCHORAGE AK
                                          MONTH:     AUGUST
                                          YEAR:      2016
                                          LATITUDE:   61 10 N
                                          LONGITUDE: 150  2 W

  TEMPERATURE IN F:       :PCPN:    SNOW:  WIND      :SUNSHINE: SKY     :PK WND
================================================================================
1   2   3   4   5  6A  6B    7    8   9   10  11  12  13   14  15   16   17  18
                                     12Z  AVG MX 2MIN
DY MAX MIN AVG DEP HDD CDD  WTR  SNW DPTH SPD SPD DIR MIN PSBL S-S WX    SPD DR
================================================================================

 1  65  54  60   1   5   0 0.03  0.0    0  4.3 10 160   M    M   9 1      33 170
 2  71  56  64   5   1   0 0.18  0.0    0  5.6 12 140   M    M   8 1      18 140
 3  70  53  62   3   3   0 0.00  0.0    0  4.7 10 290   M    M   7         M  M
 4  62  57  60   1   5   0 0.76  0.0    0  4.7 13 180   M    M  10 1      23 180
 5  66  57  62   3   3   0 0.10  0.0    0  1.9  7  30   M    M  10         M  M
 6  68  57  63   5   2   0 0.12  0.0    0  6.8 18 150   M    M  10 1      40 160
 7  62  56  59   1   6   0 0.69  0.0    0  4.2  7 350   M    M   9 1      17  90
 8  65  57  61   3   4   0 1.06  0.0    0  5.2  9 140   M    M   9 1       M  M
 9  68  57  63   5   2   0 0.00  0.0    0  8.5 14 140   M    M   7        31 160
10  67  55  61   3   4   0    T  0.0    0  5.9 10 180   M    M   9 1      18 160
11  61  54  58   0   7   0 0.25  0.0    0  3.4  8  40   M    M  10 1       M  M
12  62  54  58   0   7   0 0.17  0.0    0  4.3  7  50   M    M  10 1       M  M
13  63  54  59   1   6   0 0.30  0.0    0  2.7  9 140   M    M   9 1       M  M
14  64  55  60   3   5   0    T  0.0    0  4.6 15 150   M    M   9        31 150
15  67  53  60   3   5   0    T  0.0    0  7.8 16 150   M    M   8        27 150
16  70  54  62   5   3   0 0.00  0.0    0  8.1 18 150   M    M   7        33 160
17  65  56  61   4   4   0 0.07  0.0    0  3.9 13 140   M    M   8        33 140
18  69  55  62   5   3   0 0.03  0.0    0  3.9  9 170   M    M   8 1       M  M
19  63  54  59   3   6   0 0.06  0.0    0  5.8 12 220   M    M   9         M  M
20  66  54  60   4   5   0 0.02  0.0    0  3.8 10 250   M    M   8 1       M  M
21  62  55  59   3   6   0 0.01  0.0    0 12.9 22 150   M    M  10        37 160
22  60  54  57   1   8   0 1.02  0.0    0  8.5 20 150   M    M   9 1      31 150
23  66  53  60   4   5   0 0.22  0.0    0  3.0  9 120   M    M   8 1      35 160
24  69  56  63   8   2   0 0.11  0.0    0 10.4 23 150   M    M  10        37 140
25  64  55  60   5   5   0 0.25  0.0    0  4.4 13 130   M    M   9 1      25 170
26  67  55  61   6   4   0 0.00  0.0    0  4.7 10 220   M    M   8 12      M  M
27  73  56  65  10   0   0 0.00  0.0    0  5.5 14 350   M    M   7        23 350
28  77  50  64  10   1   0 0.00  0.0    0  5.5 14 350   M    M   1         M  M
================================================================================
SM 1852 1536       117   0  5.45     0.0 155.0          M      236
================================================================================
AV 66.1 54.9                               5.5 FASTST   M    M   8    MAX(MPH)
                                 MISC ---->  # 23 150                 40    M
================================================================================
NOTES:
# LAST OF SEVERAL OCCURRENCES

COLUMN 17 PEAK WIND IN M.P.H.

PRELIMINARY LOCAL CLIMATOLOGICAL DATA (WS FORM: F-6) , PAGE 2

                                          STATION:  ANCHORAGE AK
                                          MONTH:    AUGUST
                                          YEAR:     2016
                                          LATITUDE:   61 10 N
                                          LONGITUDE: 150  2 W

[TEMPERATURE DATA]      [PRECIPITATION DATA]       SYMBOLS USED IN COLUMN 16

AVERAGE MONTHLY: 60.5   TOTAL FOR MONTH:   5.45    1 = FOG OR MIST
DPTR FM NORMAL:   3.4   DPTR FM NORMAL:    2.54    2 = FOG REDUCING VISIBILITY
HIGHEST:    77 ON 28    GRTST 24HR  1.06 ON  8- 8      TO 1/4 MILE OR LESS
LOWEST:     50 ON 28                               3 = THUNDER
                        SNOW, ICE PELLETS, HAIL    4 = ICE PELLETS
                        TOTAL MONTH:   0.0 INCH    5 = HAIL
                        GRTST 24HR     0.0         6 = FREEZING RAIN OR DRIZZLE
                        GRTST DEPTH:   0           7 = DUSTSTORM OR SANDSTORM:
                                                       VSBY 1/2 MILE OR LESS
                                                   8 = SMOKE OR HAZE
[NO. OF DAYS WITH]      [WEATHER - DAYS WITH]      9 = BLOWING SNOW
                                                   X = TORNADO
MAX 32 OR BELOW:   0    0.01 INCH OR MORE:  19
MAX 90 OR ABOVE:   0    0.10 INCH OR MORE:  13
MIN 32 OR BELOW:   0    0.50 INCH OR MORE:   4
MIN  0 OR BELOW:   0    1.00 INCH OR MORE:   2

[HDD (BASE 65) ]
TOTAL THIS MO.   117    CLEAR  (SCALE 0-3)   1
DPTR FM NORMAL  -105    PTCLDY (SCALE 4-7)   6
TOTAL FM JUL 1   193    CLOUDY (SCALE 8-10) 21
DPTR FM NORMAL  -223

[CDD (BASE 65) ]
TOTAL THIS MO.     0
DPTR FM NORMAL     0    [PRESSURE DATA]
TOTAL FM JAN 1    13    HIGHEST SLP M ON M
DPTR FM NORMAL    11    LOWEST  SLP M ON M

[REMARKS]
