000
CXUS52 KGSP 200817
CF6AND
PRELIMINARY LOCAL CLIMATOLOGICAL DATA (WS FORM: F-6)

                                          STATION:   ANDERSON SC
                                          MONTH:     APRIL
                                          YEAR:      2014
                                          LATITUDE:   34 30 N
                                          LONGITUDE:  82 43 W

  TEMPERATURE IN F:       :PCPN:    SNOW:  WIND      :SUNSHINE: SKY     :PK WND
================================================================================
1   2   3   4   5  6A  6B    7    8   9   10  11  12  13   14  15   16   17  18
                                     12Z  AVG MX 2MIN
DY MAX MIN AVG DEP HDD CDD  WTR  SNW DPTH SPD SPD DIR MIN PSBL S-S WX    SPD DR
================================================================================

 1  83  42  63   6   2   0 0.00    M    M  6.1 18 220   M    M   0 8      24 220
 2  84  48  66   9   0   1 0.00    M    M  6.6 18 220   M    M   0        23 230
 3  84  59  72  15   0   7    T    M    M  9.2 21 220   M    M   1        27 220
 4  80  55  68  11   0   3    T    M    M 11.3 24 280   M    M   3 8      32 240
 5  71  51  61   3   4   0 0.00    M    M  4.7 12 230   M    M   0        15 230
 6  60  50  55  -3  10   0 0.01    M    M 10.2 21  60   M    M   6        26  40
 7  61  47  54  -4  11   0 2.85    M    M  7.6 21 100   M    M  10 13     26 280
 8  67  48  58   0   7   0    T    M    M  6.6 15  40   M    M   4        20 270
 9  70  41  56  -3   9   0 0.00    M    M  6.6 18 300   M    M   2        24 300
10  74  37  56  -3   9   0 0.00    M    M  4.8 18 230   M    M   0        27 210
11  75  43  59   0   6   0 0.00    M    M  7.9 25 210   M    M   0        30 210
12  82  47  65   6   0   0 0.00    M    M  3.2 13 260   M    M   0        16 220
13  81  53  67   7   0   2 0.00    M    M  6.5 15 160   M    M   4        22 160
14  73  61  67   7   0   2 0.54    M    M  6.0 16 190   M    M   7 1      22 170
15  66  36  51  -9  14   0 0.58    M    M 10.7 24 310   M    M   7 1      32 320
16  60  34  47 -13  18   0 0.00    M    M  9.0 20  60   M    M   0        26  30
17  66  38  52  -9  13   0 0.00    M    M  9.3 17  90   M    M   2        22  80
18  56  48  52  -9  13   0 0.44    M    M  8.6 16  50   M    M   8 1      22  40
19  58  49  54  -7  11   0 0.06    M    M 14.7 24  60   M    M  10 1      34  60
================================================================================
SM 1351  887       127  15  4.48    M    149.6          M       64
================================================================================
AV 71.1 46.7                               7.9 FASTST   M    M   3    MAX(MPH)
                                 MISC ---->  # 25 210               # 34   60
================================================================================
NOTES:
# LAST OF SEVERAL OCCURRENCES

COLUMN 17 PEAK WIND IN M.P.H.

PRELIMINARY LOCAL CLIMATOLOGICAL DATA (WS FORM: F-6) , PAGE 2

                                          STATION:  ANDERSON SC
                                          MONTH:    APRIL
                                          YEAR:     2014
                                          LATITUDE:   34 30 N
                                          LONGITUDE:  82 43 W

[TEMPERATURE DATA]      [PRECIPITATION DATA]       SYMBOLS USED IN COLUMN 16

AVERAGE MONTHLY: 58.9   TOTAL FOR MONTH:   4.48    1 = FOG OR MIST
DPTR FM NORMAL:   0.0   DPTR FM NORMAL:    2.49    2 = FOG REDUCING VISIBILITY
HIGHEST:    84 ON  3, 2 GRTST 24HR  2.85 ON  7- 7      TO 1/4 MILE OR LESS
LOWEST:     34 ON 16                               3 = THUNDER
                        SNOW, ICE PELLETS, HAIL    4 = ICE PELLETS
                        TOTAL MONTH:    M          5 = HAIL
                        GRTST 24HR    M  ON   M    6 = FREEZING RAIN OR DRIZZLE
                        GRTST DEPTH:  M  ON   M    7 = DUSTSTORM OR SANDSTORM:
                                                       VSBY 1/2 MILE OR LESS
                                                   8 = SMOKE OR HAZE
[NO. OF DAYS WITH]      [WEATHER - DAYS WITH]      9 = BLOWING SNOW
                                                   X = TORNADO
MAX 32 OR BELOW:   0    0.01 INCH OR MORE:   6
MAX 90 OR ABOVE:   0    0.10 INCH OR MORE:   4
MIN 32 OR BELOW:   0    0.50 INCH OR MORE:   3
MIN  0 OR BELOW:   0    1.00 INCH OR MORE:   1

[HDD (BASE 65) ]
TOTAL THIS MO.   127    CLEAR  (SCALE 0-3)  11
DPTR FM NORMAL    -3    PTCLDY (SCALE 4-7)   6
TOTAL FM JUL 1  3168    CLOUDY (SCALE 8-10)  2
DPTR FM NORMAL   152

[CDD (BASE 65) ]
TOTAL THIS MO.    15
DPTR FM NORMAL    -1    [PRESSURE DATA]
TOTAL FM JAN 1    15    HIGHEST SLP M ON M
DPTR FM NORMAL    -6    LOWEST  SLP 29.60 ON  8

[REMARKS]
