000
CXUS52 KGSP 170817
CF6AND
PRELIMINARY LOCAL CLIMATOLOGICAL DATA (WS FORM: F-6)

                                          STATION:   ANDERSON SC
                                          MONTH:     FEBRUARY
                                          YEAR:      2018
                                          LATITUDE:   34 30 N
                                          LONGITUDE:  82 43 W

  TEMPERATURE IN F:       :PCPN:    SNOW:  WIND      :SUNSHINE: SKY     :PK WND
================================================================================
1   2   3   4   5  6A  6B    7    8   9   10  11  12  13   14  15   16   17  18
                                     12Z  AVG MX 2MIN
DY MAX MIN AVG DEP HDD CDD  WTR  SNW DPTH SPD SPD DIR MIN PSBL S-S WX    SPD DR
================================================================================

 1  58  28  43   0  22   0    T    M    M  7.4 16 210   M    M   6        21 220
 2  55  27  41  -2  24   0 0.05    M    M  7.8 18 300   M    M   2        25 290
 3  45  27  36  -7  29   0 0.00    M    M  5.3 10 120   M    M   1        14  80
 4  47  32  40  -4  25   0 1.56    M    M  6.6 15  60   M    M   7 1      19  50
 5  55  34  45   1  20   0 0.00    M    M  4.3 13 280   M    M   0        16 280
 6  64  30  47   3  18   0 0.00    M    M  3.1 12 210   M    M   7        14 200
 7  61  49  55  11  10   0 0.92    M    M  8.6 29 330   M    M   8 1      33 320
 8  58  38  48   4  17   0 0.00    M    M  1.8  9 250   M    M   0 1      12 210
 9  61  32  47   3  18   0    T    M    M  2.9 10 110   M    M   3        14 170
10  59  49  54  10  11   0 0.29    M    M  3.4  9  80   M    M  10 12     10  80
11  68  59  64  19   1   0 0.56    M    M 11.9 20 210   M    M  10 1      27 200
12  72  56  64  19   1   0 0.09    M    M  7.8 21  60   M    M   9 1      26  70
13  56  46  51   6  14   0    T    M    M 11.0 26  60   M    M  10        34  60
14  64  40  52   7  13   0 0.00    M    M  5.7 14 220   M    M   7        17 230
15  73  57  65  19   0   0 0.00    M    M 11.5 22 230   M    M   9 1      30 220
16  77  61  69  23   0   4 0.00    M    M 14.7 26 260   M    M   6        38 270
================================================================================
SM  973  665       223   4  3.47    M    113.8          M       95
================================================================================
AV 60.8 41.6                               7.1 FASTST   M    M   6    MAX(MPH)
                                 MISC ---->  # 29 330               # 38  270
================================================================================
NOTES:
# LAST OF SEVERAL OCCURRENCES

COLUMN 17 PEAK WIND IN M.P.H.

PRELIMINARY LOCAL CLIMATOLOGICAL DATA (WS FORM: F-6) , PAGE 2

                                          STATION:  ANDERSON SC
                                          MONTH:    FEBRUARY
                                          YEAR:     2018
                                          LATITUDE:   34 30 N
                                          LONGITUDE:  82 43 W

[TEMPERATURE DATA]      [PRECIPITATION DATA]       SYMBOLS USED IN COLUMN 16

AVERAGE MONTHLY: 51.2   TOTAL FOR MONTH:   3.47    1 = FOG OR MIST
DPTR FM NORMAL:   6.9   DPTR FM NORMAL:    1.33    2 = FOG REDUCING VISIBILITY
HIGHEST:    77 ON 16    GRTST 24HR  1.56 ON  4- 4      TO 1/4 MILE OR LESS
LOWEST:     27 ON  3, 2                            3 = THUNDER
                        SNOW, ICE PELLETS, HAIL    4 = ICE PELLETS
                        TOTAL MONTH:    M          5 = HAIL
                        GRTST 24HR    M  ON   M    6 = FREEZING RAIN OR DRIZZLE
                        GRTST DEPTH:  M  ON   M    7 = DUSTSTORM OR SANDSTORM:
                                                       VSBY 1/2 MILE OR LESS
                                                   8 = SMOKE OR HAZE
[NO. OF DAYS WITH]      [WEATHER - DAYS WITH]      9 = BLOWING SNOW
                                                   X = TORNADO
MAX 32 OR BELOW:   0    0.01 INCH OR MORE:   6
MAX 90 OR ABOVE:   0    0.10 INCH OR MORE:   4
MIN 32 OR BELOW:   6    0.50 INCH OR MORE:   3
MIN  0 OR BELOW:   0    1.00 INCH OR MORE:   1

[HDD (BASE 65) ]
TOTAL THIS MO.   223    CLEAR  (SCALE 0-3)   4
DPTR FM NORMAL  -110    PTCLDY (SCALE 4-7)   7
TOTAL FM JUL 1  2063    CLOUDY (SCALE 8-10)  5
DPTR FM NORMAL  -219

[CDD (BASE 65) ]
TOTAL THIS MO.     4
DPTR FM NORMAL     4    [PRESSURE DATA]
TOTAL FM JAN 1     4    HIGHEST SLP M ON M
DPTR FM NORMAL     4    LOWEST  SLP 29.83 ON  4

[REMARKS]
