000
CXUS53 KAPX 300631
CF6ANJ
PRELIMINARY LOCAL CLIMATOLOGICAL DATA (WS FORM: F-6)

                                          STATION:   SAULT STE MARIE MI
                                          MONTH:     JULY
                                          YEAR:      2015
                                          LATITUDE:   46 28 N
                                          LONGITUDE:  84 21 W

  TEMPERATURE IN F:       :PCPN:    SNOW:  WIND      :SUNSHINE: SKY     :PK WND
================================================================================
1   2   3   4   5  6A  6B    7    8   9   10  11  12  13   14  15   16   17  18
                                     12Z  AVG MX 2MIN
DY MAX MIN AVG DEP HDD CDD  WTR  SNW DPTH SPD SPD DIR MIN PSBL S-S WX    SPD DR
================================================================================

 1  63  46  55  -9  10   0    T  0.0    0  7.5 17 310   M    M   6        26 330
 2  72  43  58  -6   7   0 0.00  0.0    0  4.1 13 290   M    M   0        16 290
 3  73  55  64   0   1   0    T  0.0    0  5.4 17 210   M    M   7 3      23 200
 4  72  49  61  -3   4   0 0.00  0.0    0  3.9 13 280   M    M   2 128    17 270
 5  82  48  65   1   0   0 0.00  0.0    0  5.5 16 220   M    M   2 18     20 210
 6  81  56  69   5   0   4 1.21  0.0    0  7.8 15 300   M    M   5 18     22 300
 7  62  50  56  -9   9   0 0.17  0.0    0 11.1 20 310   M    M   7 1      27 320
 8  76  45  61  -4   4   0 0.00  0.0    0  2.8 14 150   M    M   0        18 150
 9  76  54  65   0   0   0 0.00  0.0    0  4.5 14 310   M    M   0        19 310
10  83  52  68   3   0   3 0.00  0.0    0  5.3 13 260   M    M   0        18 240
11  86  57  72   7   0   7 0.00  0.0    0  4.6 14 260   M    M   1        17 250
12  83  58  71   6   0   6 0.00  0.0    0  4.8 13 230   M    M   2 1      17 200
13  80  63  72   7   0   7 0.19  0.0    0  5.6 16 140   M    M   8 1      23 150
14  73  57  65   0   0   0    T  0.0    0  6.5 16  30   M    M   6 1      27  20
15  71  48  60  -6   5   0 0.00  0.0    0  3.6 10 320   M    M   0        16 260
16  75  50  63  -3   2   0 0.00  0.0    0  6.6 16 150   M    M   0        21 130
17  68  60  64  -2   1   0 0.07  0.0    0  4.8 14 140   M    M   7 1      19 130
18  82  63  73   7   0   8 0.00  0.0    0  3.7 17 200   M    M   6 1      21 200
19  76  58  67   1   0   2 0.00  0.0    0  7.0 17 300   M    M   1        25 310
20  78  56  67   1   0   2 0.00  0.0    0   M   M   M   M    M   4         M  M
21  69  52  61  -5   4   0 0.00  0.0    0   M   M   M   M    M   M         M  M
22  74  50  62  -4   3   0 0.00  0.0    0   M   M   M   M    M   M         M  M
23  83  45  64  -2   1   0 0.00  0.0    0   M   M   M   M    M   M         M  M
24  88  55  72   6   0   7 0.00  0.0    0   M   M   M   M    M   M         M  M
25  77  59  68   2   0   3 1.41  0.0    0   M   M   M   M    M   M         M  M
26  90  55  73   7   0   8    T  0.0    0   M   M   M   M    M   M         M  M
27  92  60  76  10   0  11 0.00  0.0    0   M   M   M   M    M   M         M  M
28  95  63  79  13   0  14 0.00  0.0    0   M   M   M   M    M   M         M  M
29  85  63  74   8   0   9 0.00  0.0    0   M   M   M   M    M   M         M  M
================================================================================
SM 2265 1570        51  91  3.05     0.0 105.1          M       64
================================================================================
AV 78.1 54.1                               5.5 FASTST   M    M   3    MAX(MPH)
                                 MISC ---->  # 20 310               # 27  320
================================================================================
NOTES:
# LAST OF SEVERAL OCCURRENCES

COLUMN 17 PEAK WIND IN M.P.H.

PRELIMINARY LOCAL CLIMATOLOGICAL DATA (WS FORM: F-6) , PAGE 2

                                          STATION:  SAULT STE MARIE MI
                                          MONTH:    JULY
                                          YEAR:     2015
                                          LATITUDE:   46 28 N
                                          LONGITUDE:  84 21 W

[TEMPERATURE DATA]      [PRECIPITATION DATA]       SYMBOLS USED IN COLUMN 16

AVERAGE MONTHLY: 66.1   TOTAL FOR MONTH:   3.05    1 = FOG OR MIST
DPTR FM NORMAL:   0.8   DPTR FM NORMAL:    0.40    2 = FOG REDUCING VISIBILITY
HIGHEST:    95 ON 28    GRTST 24HR  1.41 ON 25-25      TO 1/4 MILE OR LESS
LOWEST:     43 ON  2                               3 = THUNDER
                        SNOW, ICE PELLETS, HAIL    4 = ICE PELLETS
                        TOTAL MONTH:   0.0 INCH    5 = HAIL
                        GRTST 24HR     0.0         6 = FREEZING RAIN OR DRIZZLE
                        GRTST DEPTH:   0           7 = DUSTSTORM OR SANDSTORM:
                                                       VSBY 1/2 MILE OR LESS
                                                   8 = SMOKE OR HAZE
[NO. OF DAYS WITH]      [WEATHER - DAYS WITH]      9 = BLOWING SNOW
                                                   X = TORNADO
MAX 32 OR BELOW:   0    0.01 INCH OR MORE:   5
MAX 90 OR ABOVE:   3    0.10 INCH OR MORE:   4
MIN 32 OR BELOW:   0    0.50 INCH OR MORE:   2
MIN  0 OR BELOW:   0    1.00 INCH OR MORE:   2

[HDD (BASE 65) ]
TOTAL THIS MO.    51    CLEAR  (SCALE 0-3)  11
DPTR FM NORMAL   -17    PTCLDY (SCALE 4-7)   9
TOTAL FM JUL 1    51    CLOUDY (SCALE 8-10)  0
DPTR FM NORMAL   -17

[CDD (BASE 65) ]
TOTAL THIS MO.    91
DPTR FM NORMAL    13    [PRESSURE DATA]
TOTAL FM JAN 1   100    HIGHEST SLP M ON M
DPTR FM NORMAL   -13    LOWEST  SLP 29.45 ON 14

[REMARKS]
