000
CXAK56 PANT 241334
CF6ANN

PRELIMINARY LOCAL CLIMATOLOGICAL DATA (WS FORM: F-6)

                                          STATION:   ANNETTE
                                          MONTH:     10
                                          YEAR:      2014
                                          LATITUDE:   55 02 N
                                          LONGITUDE: 131 34 W

  TEMPERATURE IN F:       :PCPN:    SNOW:  WIND      :SUNSHINE: SKY     :PK WND
================================================================================
1   2   3   4   5  6A  6B    7     8   9   10  11  12  13   14  15   16  17  18
                                      12Z  AVG MX 2MIN
DY MAX MIN AVG DEP HDD CDD  WTR   SNW DPTH SPD SPD DIR MIN PSBL S-S WX   SPD DR
================================================================================

 1  58  39  49  -2  16   0     T  0.0   0  3.1 12  330   M    M   M       15 330
 2  55  39  47  -3  18   0  1.70  0.0   0 10.8 29  140   M    M   M 1     39 130
 3  59  54  57   7   8   0  0.71  0.0   0 11.9 17  150   M    M   M 1     29 160
 4  58  53  56   6   9   0  0.01  0.0   0  4.6 12  130   M    M   M 1     15 130
 5  60  50  55   5  10   0  0.52  0.0   0  8.8 23  130   M    M   M 1     34 110
 6  59  40  50   1  15   0  0.05  0.0   0  2.8 12  320   M    M   M 1     14 300
 7  53  39  46  -3  19   0  0.00  0.0   0  1.9  9  130   M    M   M 1     11 140
 8  55  37  46  -3  19   0  0.31  0.0   0  2.5 13  130   M    M   M 1     18 130
 9  58  53  56   7   9   0  0.70  0.0   0 16.9 28  140   M    M   M 1     40 150
10  57  50  54   6  11   0  0.92  0.0   0 11.0 29  140   M    M   M 2     44 150
11  57  49  53   5  12   0  0.72  0.0   0  7.0 17  140   M    M   M 1     26 130
12  54  48  51   3  14   0  1.14  0.0   0  9.8 23  120   M    M   M 1     35 100
13  53  42  48   0  17   0  0.30  0.0   0 10.4 25  140   M    M   M 1     38 140
14  52  45  49   2  16   0  0.40  0.0   0 13.5 22  130   M    M   M 1     33 100
15  54  46  50   3  15   0  0.46  0.0   0 14.8 22  130   M    M   M 1     32 100
16  53  44  49   2  16   0  0.32  0.0   0  8.7 20  120   M    M   M 1     26 120
17  54  48  51   4  14   0  2.08  0.0   0 11.5 24  140   M    M   M 1     37 150
18  57  51  54   8  11   0  0.39  0.0   0 13.7 22  130   M    M   M 1     32 130
19  57  50  54   8  11   0  0.78  0.0   0 14.4 35  140   M    M   M 1     49 140
20  57  48  53   7  12   0  0.15  0.0   0  8.3 20  150   M    M   M 1     32 140
21  53  48  51   6  14   0  0.21  0.0   0 18.7 33  120   M    M   M 1     45 130
22  52  45  49   4  16   0  0.39  0.0   0  9.9 23  140   M    M   M 1     32 140
23  51  47  49   4  16   0  0.10  0.0   0 10.4 17  120   M    M   M 1     24 130
================================================================================
SM 1276 1065       318   0 12.36 0.0    225.4           M        M
================================================================================
AV 55.5 46.3                              9.8 FASTST  PSBL  %   M    MAX(MPH)
                                 MISC ---->     35  140                 49 140
================================================================================
NOTES:
# LAST OF SEVERAL OCCURRENCES

COLUMN 17 PEAK WIND IN M.P.H.

PRELIMINARY LOCAL CLIMATOLOGICAL DATA (WS FORM: F-6) , PAGE 2

                                          STATION:   ANNETTE
                                          MONTH:     10
                                          YEAR:      2014
                                          LATITUDE:  55 02 N
                                          LONGITUDE: 131 34 W

[TEMPERATURE DATA]      [PRECIPITATION DATA]       SYMBOLS USED IN COLUMN 16

AVERAGE MONTHLY:50.9   TOTAL FOR MONTH:12.36       1 = FOG
DPTR FM NORMAL:  3.1   DPTR FM NORMAL: 2.25       2 = FOG REDUCING VISIBILITY
HIGHEST:    60 ON  5    GRTST 24HR   2.08 ON 17        TO 1/4 MILE OR LESS
LOWEST:     37 ON  8                               3 = THUNDER
                        SNOW, ICE PELLETS, HAIL    4 = ICE PELLETS
                        TOTAL MONTH: 0.0         5 = HAIL
                        GRTST 24HR   0.0           6 = GLAZE OR RIME
                        GRTST DEPTH:    0          7 = BLOWING DUST OR SAND:
                                                       VSBY 1/2 MILE OR LESS
                                                   8 = SMOKE OR HAZE
[NO. OF DAYS WITH]      [WEATHER - DAYS WITH]      9 = BLOWING SNOW
                                                   X = TORNADO
MAX 32 OR BELOW:   0    0.01 INCH OR MORE:  21
MAX 70 OR ABOVE:   0    0.10 INCH OR MORE:  19
MIN 32 OR BELOW:   0    0.50 INCH OR MORE:   9
MIN  0 OR BELOW:   0    1.00 INCH OR MORE:   3

[HDD (BASE 65) ]
TOTAL THIS MO.   318    CLEAR  (SCALE 0-3)   M
DPTR FM NORMAL   -77    PTCLDY (SCALE 4-7)   M
SEASONAL TOTAL  1118    CLOUDY (SCALE 8-10)  M
DPTR FM NORMAL   -12

[CDD (BASE 65) ]
TOTAL THIS MO.     0
DPTR FM NORMAL     0    [PRESSURE DATA]
SEASONAL TOTAL    MM    HIGHEST SLP     M
DPTR FM NORMAL    MM    LOWEST  SLP     M

[REMARKS]
