000
CXUS52 KMFL 311000
CF6APF
PRELIMINARY LOCAL CLIMATOLOGICAL DATA (WS FORM: F-6)

                                          STATION:   NAPLES
                                          MONTH:     AUGUST
                                          YEAR:      2016
                                          LATITUDE:   26  8 N
                                          LONGITUDE:  81 46 W

  TEMPERATURE IN F:       :PCPN:    SNOW:  WIND      :SUNSHINE: SKY     :PK WND
================================================================================
1   2   3   4   5  6A  6B    7    8   9   10  11  12  13   14  15   16   17  18
                                     12Z  AVG MX 2MIN
DY MAX MIN AVG DEP HDD CDD  WTR  SNW DPTH SPD SPD DIR MIN PSBL S-S WX    SPD DR
================================================================================

 1  95  76  86   3   0  21 0.61  0.0    0  7.1 26 130   M    M   2 138    35 130
 2  92  74  83   0   0  18 0.43  0.0    0  6.7 23  80   M    M   2 13     28  80
 3  90  74  82  -1   0  17 0.00  0.0    0  5.6 20  90   M    M   2 3      23  90
 4  91  77  84   1   0  19 0.00  0.0    0  6.4 15 220   M    M   1 3      20 220
 5  91  76  84   1   0  19 0.18  0.0    0  7.5 15 230   M    M   2        19 230
 6  90  77  84   1   0  19 0.30  0.0    0  5.8 20 260   M    M   4 13     26 270
 7  89  74  82  -1   0  17 1.72  0.0    0  5.9 22  70   M    M   4 13     27  70
 8  85  74  80  -3   0  15 0.17  0.0    0  5.4 21 200   M    M   3 13     26 200
 9  90  76  83   0   0  18    T  0.0    0  7.5 15 200   M    M   2 3      19 160
10  92  77  85   2   0  20 0.29  0.0    0  5.3 25 300   M    M   3 13     32 300
11  91  76  84   1   0  19 0.63  0.0    0  5.5 20 100   M    M   3 13     24 100
12  91  75  83   0   0  18 0.99  0.0    0  6.4 22 130   M    M   3 138    25 130
13  94  75  85   2   0  20 0.13  0.0    0  7.1 21 140   M    M   1 13     29 120
14  92  77  85   2   0  20 0.10  0.0    0  6.9 26 120   M    M   3 38     38 130
15  93  78  86   3   0  21 0.01  0.0    0  8.1 29  70   M    M   1 3      35  80
16  93  78  86   3   0  21 0.20  0.0    0  8.1 22  70   M    M   2 13     29  60
17  94  76  85   2   0  20 0.14  0.0    0  6.4 21 160   M    M   2 138    25 150
18  92  73  83   0   0  18 0.60  0.0    0  6.3 26  80   M    M   3 138    34  80
19  91  76  84   1   0  19 0.00  0.0    0  3.6 13 240   M    M   3 3      20 250
20  91  78  85   2   0  20 0.00  0.0    0  5.1 13 230   M    M   1        17 280
21  91  79  85   2   0  20 0.00  0.0    0  4.1 14 270   M    M   1        18 280
22  93  80  87   4   0  22 0.09  0.0    0  5.3 15 310   M    M   4 13     20 350
23  95  79  87   4   0  22 0.00  0.0    0  7.5 17  60   M    M   1 13     22  50
24  93  78  86   3   0  21 0.03  0.0    0  7.0 17 180   M    M   2 13     22  50
25  93  78  86   3   0  21 0.93  0.0    0  7.4 23 170   M    M   3 13     31 310
26  92  76  84   1   0  19 0.51  0.0    0  6.7 16 110   M    M   4 138    21 100
27  93  77  85   2   0  20 0.76  0.0    0  7.7 30 130   M    M   2 1238   38 100
28  91  78  85   2   0  20 0.04  0.0    0 10.8 28  60   M    M   2 3      35  90
29  90  76  83   0   0  18 0.02  0.0    0  9.5 20 160   M    M   3 138    27 130
30  80  76  78  -5   0  13 1.13  0.0    0  7.7 20 140   M    M   8 1      25 180
================================================================================
SM 2738 2294         0 575 10.01     0.0 200.4          M       77
================================================================================
AV 91.3 76.5                               6.7 FASTST   M    M   3    MAX(MPH)
                                 MISC ---->  # 30 130               # 38  130
================================================================================
NOTES:
# LAST OF SEVERAL OCCURRENCES

COLUMN 17 PEAK WIND IN M.P.H.

PRELIMINARY LOCAL CLIMATOLOGICAL DATA (WS FORM: F-6) , PAGE 2

                                          STATION:  NAPLES
                                          MONTH:    AUGUST
                                          YEAR:     2016
                                          LATITUDE:   26  8 N
                                          LONGITUDE:  81 46 W

[TEMPERATURE DATA]      [PRECIPITATION DATA]       SYMBOLS USED IN COLUMN 16

AVERAGE MONTHLY: 83.9   TOTAL FOR MONTH:  10.01    1 = FOG OR MIST
DPTR FM NORMAL:   0.9   DPTR FM NORMAL:    1.71    2 = FOG REDUCING VISIBILITY
HIGHEST:    95 ON 23, 1 GRTST 24HR  1.72 ON  7- 7      TO 1/4 MILE OR LESS
LOWEST:     73 ON 18                               3 = THUNDER
                        SNOW, ICE PELLETS, HAIL    4 = ICE PELLETS
                        TOTAL MONTH:   0.0 INCH    5 = HAIL
                        GRTST 24HR     0.0         6 = FREEZING RAIN OR DRIZZLE
                        GRTST DEPTH:   0           7 = DUSTSTORM OR SANDSTORM:
                                                       VSBY 1/2 MILE OR LESS
                                                   8 = SMOKE OR HAZE
[NO. OF DAYS WITH]      [WEATHER - DAYS WITH]      9 = BLOWING SNOW
                                                   X = TORNADO
MAX 32 OR BELOW:   0    0.01 INCH OR MORE:  23
MAX 90 OR ABOVE:  27    0.10 INCH OR MORE:  18
MIN 32 OR BELOW:   0    0.50 INCH OR MORE:   9
MIN  0 OR BELOW:   0    1.00 INCH OR MORE:   2

[HDD (BASE 65) ]
TOTAL THIS MO.     0    CLEAR  (SCALE 0-3)  24
DPTR FM NORMAL     0    PTCLDY (SCALE 4-7)   6
TOTAL FM JUL 1     0    CLOUDY (SCALE 8-10)  0
DPTR FM NORMAL     0

[CDD (BASE 65) ]
TOTAL THIS MO.   575
DPTR FM NORMAL    35    [PRESSURE DATA]
TOTAL FM JAN 1  2899    HIGHEST SLP M ON M
DPTR FM NORMAL   265    LOWEST  SLP 29.86 ON M

[REMARKS]
