000
CXUS53 KAPX 300631
CF6APN
PRELIMINARY LOCAL CLIMATOLOGICAL DATA (WS FORM: F-6)

                                          STATION:   ALPENA MI
                                          MONTH:     JULY
                                          YEAR:      2015
                                          LATITUDE:   45  4 N
                                          LONGITUDE:  83 34 W

  TEMPERATURE IN F:       :PCPN:    SNOW:  WIND      :SUNSHINE: SKY     :PK WND
================================================================================
1   2   3   4   5  6A  6B    7    8   9   10  11  12  13   14  15   16   17  18
                                     12Z  AVG MX 2MIN
DY MAX MIN AVG DEP HDD CDD  WTR  SNW DPTH SPD SPD DIR MIN PSBL S-S WX    SPD DR
================================================================================

 1  65  53  59  -7   6   0    T  0.0    0  6.1 15 340   M    M   9 1      19 330
 2  73  44  59  -7   6   0 0.00  0.0    0  3.9 14  50   M    M   0        18  50
 3  78  45  62  -4   3   0    T  0.0    0  5.0 14 190   M    M   3        17 190
 4  82  54  68   1   0   3 0.00  0.0    0  3.6 12 150   M    M   3        16 320
 5  80  49  65  -2   0   0 0.00  0.0    0  4.2 14 120   M    M   0 1      16 100
 6  87  59  73   6   0   8    T  0.0    0  9.4 22 160   M    M   0 18     25 170
 7  77  52  65  -2   0   0 0.65  0.0    0  9.4 21 350   M    M   7 1      28 330
 8  74  47  61  -6   4   0 0.00  0.0    0  4.3 15 100   M    M   0        20 110
 9  78  48  63  -4   2   0 0.00  0.0    0  2.4 13  10   M    M   3        17 360
10  86  50  68   1   0   3 0.00  0.0    0  3.4 12 230   M    M   2 1      18 220
11  88  54  71   3   0   6 0.00  0.0    0  4.3 13 220   M    M   1        17  10
12  82  57  70   2   0   5 0.00  0.0    0  3.7 14 110   M    M   0 8      17 160
13  84  61  73   5   0   8 0.02  0.0    0  6.7 18 180   M    M   4 1      24 170
14  77  55  66  -2   0   1 0.81  0.0    0  9.0 23  10   M    M   7 18     28 360
15  71  47  59  -9   6   0 0.00  0.0    0  4.6 14  50   M    M   0        19  50
16  74  42  58 -10   7   0 0.00  0.0    0  6.4 16 130   M    M   0 12     22 130
17  79  61  70   2   0   5 0.06  0.0    0  7.6 16 130   M    M   8 1      24 130
18  89  59  74   6   0   9 0.00  0.0    0  4.9 17 170   M    M   4 123    21 150
19  83  62  73   5   0   8 0.00  0.0    0  7.3 17 290   M    M   2        26 250
20  89  59  74   6   0   9 0.08  0.0    0  9.2 21 240   M    M   1 1      32 240
21  79  57  68   0   0   3 0.00  0.0    0  8.3 17 340   M    M   2        26 270
22  80  53  67  -1   0   2 0.00  0.0    0  5.7 16 330   M    M   1        22 320
23  81  47  64  -4   1   0 0.00  0.0    0  3.5 12 100   M    M   1 128    16 140
24  88  55  72   4   0   7    T  0.0    0  4.7 13 130   M    M   2        19 270
25  87  60  74   6   0   9    T  0.0    0  6.5 18 330   M    M   2        24 360
26  91  55  73   5   0   8 0.00  0.0    0  3.3 12 120   M    M   0 12     14 240
27  91  58  75   7   0  10 0.00  0.0    0  3.5 12 130   M    M   1        16 350
28  92  61  77   9   0  12 0.00  0.0    0  5.4 15 110   M    M   0 1      19 140
29  91  63  77  10   0  12    T  0.0    0  7.4 17 250   M    M   2        28 250
================================================================================
SM 2376 1567        35 128  1.62     0.0 163.7          M       65
================================================================================
AV 81.9 54.0                               5.6 FASTST   M    M   2    MAX(MPH)
                                 MISC ---->  # 23  10               # 32  240
================================================================================
NOTES:
# LAST OF SEVERAL OCCURRENCES

COLUMN 17 PEAK WIND IN M.P.H.

PRELIMINARY LOCAL CLIMATOLOGICAL DATA (WS FORM: F-6) , PAGE 2

                                          STATION:  ALPENA MI
                                          MONTH:    JULY
                                          YEAR:     2015
                                          LATITUDE:   45  4 N
                                          LONGITUDE:  83 34 W

[TEMPERATURE DATA]      [PRECIPITATION DATA]       SYMBOLS USED IN COLUMN 16

AVERAGE MONTHLY: 68.0   TOTAL FOR MONTH:   1.62    1 = FOG OR MIST
DPTR FM NORMAL:   0.5   DPTR FM NORMAL:   -1.22    2 = FOG REDUCING VISIBILITY
HIGHEST:    92 ON 28    GRTST 24HR  0.83 ON 13-14      TO 1/4 MILE OR LESS
LOWEST:     42 ON 16                               3 = THUNDER
                        SNOW, ICE PELLETS, HAIL    4 = ICE PELLETS
                        TOTAL MONTH:   0.0 INCH    5 = HAIL
                        GRTST 24HR     0.0         6 = FREEZING RAIN OR DRIZZLE
                        GRTST DEPTH:   0           7 = DUSTSTORM OR SANDSTORM:
                                                       VSBY 1/2 MILE OR LESS
                                                   8 = SMOKE OR HAZE
[NO. OF DAYS WITH]      [WEATHER - DAYS WITH]      9 = BLOWING SNOW
                                                   X = TORNADO
MAX 32 OR BELOW:   0    0.01 INCH OR MORE:   5
MAX 90 OR ABOVE:   4    0.10 INCH OR MORE:   2
MIN 32 OR BELOW:   0    0.50 INCH OR MORE:   2
MIN  0 OR BELOW:   0    1.00 INCH OR MORE:   0

[HDD (BASE 65) ]
TOTAL THIS MO.    35    CLEAR  (SCALE 0-3)  23
DPTR FM NORMAL    -4    PTCLDY (SCALE 4-7)   5
TOTAL FM JUL 1    35    CLOUDY (SCALE 8-10)  1
DPTR FM NORMAL    -4

[CDD (BASE 65) ]
TOTAL THIS MO.   128
DPTR FM NORMAL    15    [PRESSURE DATA]
TOTAL FM JAN 1   163    HIGHEST SLP M ON M
DPTR FM NORMAL   -19    LOWEST  SLP 29.45 ON 14

[REMARKS]
