000
CXUS53 KAPX 010631
CF6APN
PRELIMINARY LOCAL CLIMATOLOGICAL DATA (WS FORM: F-6)

                                          STATION:   ALPENA MI
                                          MONTH:     AUGUST
                                          YEAR:      2014
                                          LATITUDE:   45  4 N
                                          LONGITUDE:  83 34 W

  TEMPERATURE IN F:       :PCPN:    SNOW:  WIND      :SUNSHINE: SKY     :PK WND
================================================================================
1   2   3   4   5  6A  6B    7    8   9   10  11  12  13   14  15   16   17  18
                                     12Z  AVG MX 2MIN
DY MAX MIN AVG DEP HDD CDD  WTR  SNW DPTH SPD SPD DIR MIN PSBL S-S WX    SPD DR
================================================================================

 1  80  53  67   0   0   2 0.00  0.0    0  3.8 12 120   M    M   3        15  80
 2  74  54  64  -3   1   0 0.00  0.0    0  4.0 14 100   M    M   2 13     16 100
 3  79  50  65  -2   0   0    T  0.0    0  4.0 14 120   M    M   2 13     15 110
 4  79  56  68   1   0   3    T  0.0    0  6.3 16 360   M    M   3 1      21  10
 5  76  53  65  -2   0   0 0.00  0.0    0  5.4 15 360   M    M   1        21  10
 6  79  50  65  -2   0   0 0.00  0.0    0  5.3 15 340   M    M   0        19 360
 7  78  53  66  -1   0   1 0.00  0.0    0  3.6 14 100   M    M   1        17 120
 8  79  47  63  -3   2   0 0.00  0.0    0  3.1 13 100   M    M   0 1      15 100
 9  82  50  66   0   0   1 0.00  0.0    0  2.7 13 140   M    M   0        16 130
10  80  49  65  -1   0   0 0.00  0.0    0  3.4 14 120   M    M   0        19 120
11  79  54  67   1   0   2 2.94  0.0    0  5.1 13 360   M    M   3 13     17 100
12  68  56  62  -4   3   0 0.92  0.0    0  9.4 18 350   M    M  10 1      26 270
13  72  51  62  -4   3   0 0.00  0.0    0 12.8 25 340   M    M   4        35 320
14  68  47  58  -8   7   0 0.00  0.0    0  9.3 23 340   M    M   2        29 320
15  74  46  60  -6   5   0 0.00  0.0    0  6.8 15 260   M    M   0        22 240
16  74  57  66   0   0   1 0.03  0.0    0  8.1 18 340   M    M   5 1      24 320
17  66  49  58  -7   7   0 0.00  0.0    0  3.8 10  40   M    M   7 1      12  30
18  69  44  57  -8   8   0    T  0.0    0  6.1 17 120   M    M   5 12     20 100
19  78  61  70   5   0   5 0.15  0.0    0  7.5 17 160   M    M   9 1      20 160
20  79  62  71   6   0   6 0.00  0.0    0  4.5 15  20   M    M   8 1      17  20
21  73  58  66   1   0   1 0.00  0.0    0  3.5 10 110   M    M   8 12     12 110
22  79  57  68   3   0   3 0.00  0.0    0  3.0 12 130   M    M   6 12     14 140
23  75  55  65   1   0   0 0.00  0.0    0  4.2 13 120   M    M   6 12     18 110
24  70  57  64   0   1   0 0.00  0.0    0  6.0 14 130   M    M   6 1      17 110
25  80  56  68   4   0   3 0.13  0.0    0  4.9 20 200   M    M   5 123    24 200
26  80  53  67   3   0   2 0.00  0.0    0  5.7 16 360   M    M   4 1      19  20
27  71  50  61  -3   4   0    T  0.0    0  7.1 17 340   M    M   2        23 330
28  71  43  57  -6   8   0 0.00  0.0    0  4.0 10 100   M    M   1        13 100
29  70  48  59  -4   6   0 0.29  0.0    0  7.8 18 150   M    M   4 1      25 150
30  81  63  72   9   0   7 0.85  0.0    0  7.7 16 200   M    M   4 13     24 200
31  75  58  67   4   0   2    T  0.0    0  6.3 13 260   M    M   6 1      17 290
================================================================================
SM 2338 1640        55  39  5.31     0.0 175.2          M      117
================================================================================
AV 75.4 52.9                               5.7 FASTST   M    M   4    MAX(MPH)
                                 MISC ---->  # 25 340               # 35  320
================================================================================
NOTES:
# LAST OF SEVERAL OCCURRENCES

COLUMN 17 PEAK WIND IN M.P.H.

PRELIMINARY LOCAL CLIMATOLOGICAL DATA (WS FORM: F-6) , PAGE 2

                                          STATION:  ALPENA MI
                                          MONTH:    AUGUST
                                          YEAR:     2014
                                          LATITUDE:   45  4 N
                                          LONGITUDE:  83 34 W

[TEMPERATURE DATA]      [PRECIPITATION DATA]       SYMBOLS USED IN COLUMN 16

AVERAGE MONTHLY: 64.2   TOTAL FOR MONTH:   5.31    1 = FOG OR MIST
DPTR FM NORMAL:  -1.2   DPTR FM NORMAL:    2.08    2 = FOG REDUCING VISIBILITY
HIGHEST:    82 ON  9    GRTST 24HR  3.82 ON 11-12      TO 1/4 MILE OR LESS
LOWEST:     43 ON 28                               3 = THUNDER
                        SNOW, ICE PELLETS, HAIL    4 = ICE PELLETS
                        TOTAL MONTH:   0.0 INCH    5 = HAIL
                        GRTST 24HR     0.0         6 = FREEZING RAIN OR DRIZZLE
                        GRTST DEPTH:   0           7 = DUSTSTORM OR SANDSTORM:
                                                       VSBY 1/2 MILE OR LESS
                                                   8 = SMOKE OR HAZE
[NO. OF DAYS WITH]      [WEATHER - DAYS WITH]      9 = BLOWING SNOW
                                                   X = TORNADO
MAX 32 OR BELOW:   0    0.01 INCH OR MORE:   7
MAX 90 OR ABOVE:   0    0.10 INCH OR MORE:   6
MIN 32 OR BELOW:   0    0.50 INCH OR MORE:   3
MIN  0 OR BELOW:   0    1.00 INCH OR MORE:   1

[HDD (BASE 65) ]
TOTAL THIS MO.    55    CLEAR  (SCALE 0-3)  15
DPTR FM NORMAL   -16    PTCLDY (SCALE 4-7)  13
TOTAL FM JUL 1   124    CLOUDY (SCALE 8-10)  3
DPTR FM NORMAL     9

[CDD (BASE 65) ]
TOTAL THIS MO.    39
DPTR FM NORMAL   -42    [PRESSURE DATA]
TOTAL FM JAN 1   150    HIGHEST SLP M ON M
DPTR FM NORMAL  -116    LOWEST  SLP 29.59 ON 12

[REMARKS]
#FINAL-08-14#
