000
CXUS54 KLCH 230811
CF6ARA
PRELIMINARY LOCAL CLIMATOLOGICAL DATA (WS FORM: F-6)

                                          STATION:   NEW IBERIA
                                          MONTH:     MAY
                                          YEAR:      2017
                                          LATITUDE:   30  1 N
                                          LONGITUDE:  91 53 W

  TEMPERATURE IN F:       :PCPN:    SNOW:  WIND      :SUNSHINE: SKY     :PK WND
================================================================================
1   2   3   4   5  6A  6B    7    8   9   10  11  12  13   14  15   16   17  18
                                     12Z  AVG MX 2MIN
DY MAX MIN AVG DEP HDD CDD  WTR  SNW DPTH SPD SPD DIR MIN PSBL S-S WX    SPD DR
================================================================================

 1  83  51  67  -5   0   2 0.00  0.0    0  3.3 13 210   M    M   0        15 210
 2  87  55  71  -2   0   6 0.00  0.0    0  6.2 14 180   M    M   M 1      22 200
 3  71  63  67  -6   0   2 4.93  0.0    0 13.5 35 300   M    M   8 13     49 300
 4  67  55  61 -12   4   0 0.16  0.0    0 12.7 28 310   M    M   M 13     33 350
 5  77  55  66  -8   0   1 0.00  0.0    0  9.2 23 320   M    M   1        31 340
 6  80  51  66  -8   0   1 0.00  0.0    0  3.3 14 230   M    M   0 1      17 190
 7  83  55  69  -5   0   4 0.00  0.0    0  3.8 12 180   M    M   1        14 230
 8  82  57  70  -4   0   5 0.00  0.0    0  4.6 14 180   M    M   0        19 170
 9  83  59  71  -4   0   6 0.00  0.0    0  5.9 17 140   M    M   0        22 140
10  83  63  73  -2   0   8 0.00  0.0    0  8.1 16 170   M    M   4        21 180
11  84  66  75   0   0  10 0.00  0.0    0  6.4 17 170   M    M   3 1      23 160
12  87  65  76   0   0  11 0.84  0.0    0  9.5 22 260   M    M   4 13     27 250
13  79  64  72  -4   0   7 0.00  0.0    0  8.2 16 360   M    M   6        19 360
14  85  60  73  -3   0   8 0.00  0.0    0  4.2  9 210   M    M   0        13 210
15  86  62  74  -2   0   9 0.00  0.0    0  4.0 14 200   M    M   2 12     17 200
16  85  63  74  -2   0   9 0.00  0.0    0  9.6 17 150   M    M   2 1      23 150
17  86  70  78   1   0  13 0.00  0.0    0 13.5 20 160   M    M   4        24 180
18  88  72  80   3   0  15 0.00  0.0    0 12.0 22 150   M    M   3 1      27 150
19  89  76  83   6   0  18 0.01  0.0    0 12.2 21 170   M    M   5        26 180
20  89  77  83   6   0  18    T  0.0    0  9.0 18 190   M    M   5        25 160
21  90  71  81   3   0  16 0.37  0.0    0  6.9 20  20   M    M   5 13     27  20
22  77  70  74  -4   0   9 0.61  0.0    0 10.0 28 150   M    M   9 1      35 140
================================================================================
SM 1821 1380         4 178  6.92     0.0 176.1          M       62
================================================================================
AV 82.8 62.7                               8.0 FASTST   M    M   3    MAX(MPH)
                                 MISC ---->  # 35 300               # 49  300
================================================================================
NOTES:
# LAST OF SEVERAL OCCURRENCES

COLUMN 17 PEAK WIND IN M.P.H.

PRELIMINARY LOCAL CLIMATOLOGICAL DATA (WS FORM: F-6) , PAGE 2

                                          STATION:  NEW IBERIA
                                          MONTH:    MAY
                                          YEAR:     2017
                                          LATITUDE:   30  1 N
                                          LONGITUDE:  91 53 W

[TEMPERATURE DATA]      [PRECIPITATION DATA]       SYMBOLS USED IN COLUMN 16

AVERAGE MONTHLY: 72.8   TOTAL FOR MONTH:   6.92    1 = FOG OR MIST
DPTR FM NORMAL:  -2.5   DPTR FM NORMAL:    4.07    2 = FOG REDUCING VISIBILITY
HIGHEST:    90 ON 21    GRTST 24HR  4.93 ON  3- 3      TO 1/4 MILE OR LESS
LOWEST:     51 ON  6, 1                            3 = THUNDER
                        SNOW, ICE PELLETS, HAIL    4 = ICE PELLETS
                        TOTAL MONTH:   0.0 INCH    5 = HAIL
                        GRTST 24HR     0.0         6 = FREEZING RAIN OR DRIZZLE
                        GRTST DEPTH:   0           7 = DUSTSTORM OR SANDSTORM:
                                                       VSBY 1/2 MILE OR LESS
                                                   8 = SMOKE OR HAZE
[NO. OF DAYS WITH]      [WEATHER - DAYS WITH]      9 = BLOWING SNOW
                                                   X = TORNADO
MAX 32 OR BELOW:   0    0.01 INCH OR MORE:   6
MAX 90 OR ABOVE:   1    0.10 INCH OR MORE:   5
MIN 32 OR BELOW:   0    0.50 INCH OR MORE:   3
MIN  0 OR BELOW:   0    1.00 INCH OR MORE:   1

[HDD (BASE 65) ]
TOTAL THIS MO.     4    CLEAR  (SCALE 0-3)   9
DPTR FM NORMAL     4    PTCLDY (SCALE 4-7)   9
TOTAL FM JUL 1   716    CLOUDY (SCALE 8-10)  2
DPTR FM NORMAL  -692

[CDD (BASE 65) ]
TOTAL THIS MO.   178
DPTR FM NORMAL   -49    [PRESSURE DATA]
TOTAL FM JAN 1   645    HIGHEST SLP M ON M
DPTR FM NORMAL   198    LOWEST  SLP 29.77 ON  3

[REMARKS]
