000
CXUS54 KLCH 270110
CF6ARA
PRELIMINARY LOCAL CLIMATOLOGICAL DATA (WS FORM: F-6)

                                          STATION:   NEW IBERIA
                                          MONTH:     FEBRUARY
                                          YEAR:      2015
                                          LATITUDE:   30  1 N
                                          LONGITUDE:  91 53 W

  TEMPERATURE IN F:       :PCPN:    SNOW:  WIND      :SUNSHINE: SKY     :PK WND
================================================================================
1   2   3   4   5  6A  6B    7    8   9   10  11  12  13   14  15   16   17  18
                                     12Z  AVG MX 2MIN
DY MAX MIN AVG DEP HDD CDD  WTR  SNW DPTH SPD SPD DIR MIN PSBL S-S WX    SPD DR
================================================================================

 1  72  55  64  10   1   0 0.34  0.0    0 11.1 26 340   M    M   7 1      35 320
 2  55  36  46  -8  19   0 0.00    M    0 13.3 23  10   M    M   0        34 360
 3  47  36  42 -12  23   0 0.01    M    0  6.6 14  50   M    M   4        18  30
 4  53  44  49  -5  16   0 0.77    M    0  8.2 23  80   M    M  10 1      31  80
 5  59  40  50  -4  15   0 0.00  0.0    0 11.4 21  20   M    M   4        25  20
 6  61  34  48  -6  17   0 0.00  0.0    0  4.1 10  20   M    M   0        13  30
 7  68  38  53  -1  12   0 0.00  0.0    0  5.3 15 180   M    M   0 1      19 180
 8  76  51  64  10   1   0 0.00  0.0    0  9.1 21 200   M    M   5 12     27 210
 9  78  53  66  12   0   1    T  0.0    0  7.4 21 330   M    M   4 12     27 360
10  68  45  57   2   8   0 0.00  0.0    0  8.2 15 360   M    M   0 18     18 350
11  74  43  59   4   6   0 0.00  0.0    0  3.1 12 210   M    M   0 18     13 200
12  64  45  55   0  10   0 0.00  0.0    0 10.5 22 360   M    M   0 1      27 360
13  60  36  48  -7  17   0 0.00  0.0    0  7.5 16  40   M    M   0        21  40
14  72  40  56   1   9   0 0.00  0.0    0  6.1 15 240   M    M   1 128    20 240
15  67  51  59   3   6   0    T  0.0    0  3.8  9 130   M    M   7 128    12 150
16  71  38  55  -1  10   0 0.53    M    0 14.7 26 360   M    M   8 1      34 210
17  47  32  40 -16  25   0 0.02    M    0 13.5 24  10   M    M   4        37  20
18  58  31  45 -11  20   0 0.00    M    0  5.7 21  10   M    M   0        25 320
19  56  36  46 -10  19   0 0.00  0.0    0  6.7 15  50   M    M   0        19  50
20  68  37  53  -4  12   0    T    M    0 15.0 28 130   M    M   6        33 140
21  70  62  66   9   0   1    T  0.0    0 15.9 26 180   M    M  10        35 170
22  80  47  64   7   1   0 0.03    M    0  8.9 20 350   M    M   8 1      23 180
23  47  36  42 -15  23   0 0.01    M    0 15.4 22  10   M    M  10 18     28  10
24  46  33  40 -18  25   0 0.00  0.0    0 10.6 17 360   M    M   9        21  30
25  44  39  42 -16  23   0 0.38    M    0 10.8 21 330   M    M  10 138    25 330
================================================================================
SM 1561 1038       318   2  2.09     0.0 232.9          M      107
================================================================================
AV 62.4 41.5                               9.3 FASTST   M    M   4    MAX(MPH)
                                 MISC ---->  # 28 130               # 37   20
================================================================================
NOTES:
# LAST OF SEVERAL OCCURRENCES

COLUMN 17 PEAK WIND IN M.P.H.

PRELIMINARY LOCAL CLIMATOLOGICAL DATA (WS FORM: F-6) , PAGE 2

                                          STATION:  NEW IBERIA
                                          MONTH:    FEBRUARY
                                          YEAR:     2015
                                          LATITUDE:   30  1 N
                                          LONGITUDE:  91 53 W

[TEMPERATURE DATA]      [PRECIPITATION DATA]       SYMBOLS USED IN COLUMN 16

AVERAGE MONTHLY: 52.0   TOTAL FOR MONTH:   2.09    1 = FOG OR MIST
DPTR FM NORMAL:  -3.4   DPTR FM NORMAL:   -1.66    2 = FOG REDUCING VISIBILITY
HIGHEST:    80 ON 22    GRTST 24HR  0.78 ON  3- 4      TO 1/4 MILE OR LESS
LOWEST:     31 ON 18                               3 = THUNDER
                        SNOW, ICE PELLETS, HAIL    4 = ICE PELLETS
                        TOTAL MONTH:   0.0 INCH    5 = HAIL
                        GRTST 24HR     0.0         6 = FREEZING RAIN OR DRIZZLE
                        GRTST DEPTH:   0           7 = DUSTSTORM OR SANDSTORM:
                                                       VSBY 1/2 MILE OR LESS
                                                   8 = SMOKE OR HAZE
[NO. OF DAYS WITH]      [WEATHER - DAYS WITH]      9 = BLOWING SNOW
                                                   X = TORNADO
MAX 32 OR BELOW:   0    0.01 INCH OR MORE:   8
MAX 90 OR ABOVE:   0    0.10 INCH OR MORE:   4
MIN 32 OR BELOW:   2    0.50 INCH OR MORE:   2
MIN  0 OR BELOW:   0    1.00 INCH OR MORE:   0

[HDD (BASE 65) ]
TOTAL THIS MO.   318    CLEAR  (SCALE 0-3)  10
DPTR FM NORMAL    62    PTCLDY (SCALE 4-7)   9
TOTAL FM JUL 1  1290    CLOUDY (SCALE 8-10)  6
DPTR FM NORMAL    97

[CDD (BASE 65) ]
TOTAL THIS MO.     2
DPTR FM NORMAL   -19    [PRESSURE DATA]
TOTAL FM JAN 1     4    HIGHEST SLP M ON M
DPTR FM NORMAL   -29    LOWEST  SLP 29.80 ON 25

[REMARKS]
