000
CXUS54 KHGX 301415
CF6ARM
PRELIMINARY LOCAL CLIMATOLOGICAL DATA (WS FORM: F-6)

                                          STATION:   Wharton
                                          MONTH:     JUNE
                                          YEAR:      2015
                                          LATITUDE:   29 15 N
                                          LONGITUDE:  96  9 W

  TEMPERATURE IN F:       :PCPN:    SNOW:  WIND      :SUNSHINE: SKY     :PK WND
================================================================================
1   2   3   4   5  6A  6B    7    8   9   10  11  12  13   14  15   16   17  18
                                     12Z  AVG MX 2MIN
DY MAX MIN AVG DEP HDD CDD  WTR  SNW DPTH SPD SPD DIR MIN PSBL S-S WX    SPD DR
================================================================================

 1  87  66  77   M   0  12 0.01  0.0    0  1.2  6 180   M    M   1 1       M  M
 2  88  66  77   M   0  12 0.00  0.0    0  1.5  9 180   M    M   1         M  M
 3  89  69  79   M   0  14 0.00  0.0    0  2.8  9 140   M    M   1         M  M
 4  89  67  78   M   0  13 0.00  0.0    0  3.5  9 160   M    M   2 1       M  M
 5  90  68  79   M   0  14 0.00  0.0    0  3.1 12 150   M    M   2 1       M  M
 6  91  68  80   M   0  15 0.00  0.0    0  2.1 10 140   M    M   1         M  M
 7  91  68  80   M   0  15 0.00  0.0    0  2.5  9 160   M    M   1 1       M  M
 8  91  69  80   M   0  15 0.00  0.0    0  2.2  7 170   M    M   1 1       M  M
 9  91  71  81   M   0  16 0.00  0.0    0  2.9  8 170   M    M   1         M  M
10  92  72  82   M   0  17 0.00  0.0    0  4.4  9 160   M    M   1         M  M
11  91  70  81   M   0  16 0.00  0.0    0  6.7 15 150   M    M   1        21 150
12  92  73  83   M   0  18 0.00  0.0    0  8.2 15 140   M    M   1        21 140
13  91  74  83   M   0  18 0.00  0.0    0  8.0 14 140   M    M   3 3      18 120
14  90  74  82   M   0  17 0.00  0.0    0  6.8 16 130   M    M   3        24 140
15  89  74  82   M   0  17 0.00  0.0    0  6.8 16  70   M    M   5 3      22  80
16  77  74  76   M   0  11 2.00  0.0    0 15.8 31 130   M    M   9        41 100
17  80  73  77   M   0  12 0.16  0.0    0 10.8 29 180   M    M   7 13     36 180
18  85  75  80   M   0  15 0.06  0.0    0  6.4 12 160   M    M   3 138    16 180
19  90  75  83   M   0  18 0.03  0.0    0  5.0 12 170   M    M   2 1       M  M
20  89  73  81   M   0  16 0.01  0.0    0  6.8 15 160   M    M   2 1      20 150
21  89  77  83   M   0  18 0.00  0.0    0  8.2 15 150   M    M   2 1      20 150
22  87  74  81   M   0  16 0.00  0.0    0  5.2 10 130   M    M   1 1       M  M
23  90  74  82   M   0  17 0.00  0.0    0  4.5  9 120   M    M   1 1       M  M
24  91  70  81   M   0  16 0.00  0.0    0  3.8 12 180   M    M   2 1      18 180
25  90  71  81   M   0  16 0.00  0.0    0  3.2 14 130   M    M   2 13      M  M
26  91  73  82   M   0  17 0.00  0.0    0  5.7 13 170   M    M   1 1      16 170
27  92  74  83   M   0  18 0.00  0.0    0  4.9 20 240   M    M   1 3      23 240
28  86  76  81   M   0  16 0.00  0.0    0  3.7 10 170   M    M   1 13      M  M
29  87  73  80   M   0  15 0.00  0.0    0  4.0 12 170   M    M   2 138     M  M
================================================================================
SM 2576 2081         0 450  2.27     0.0 150.7          M       61
================================================================================
AV 88.8 71.8                               5.2 FASTST   M    M   2    MAX(MPH)
                                 MISC ---->    31   M                 41    M
================================================================================
NOTES:
# LAST OF SEVERAL OCCURRENCES

COLUMN 17 PEAK WIND IN M.P.H.

PRELIMINARY LOCAL CLIMATOLOGICAL DATA (WS FORM: F-6) , PAGE 2

                                          STATION:  Wharton
                                          MONTH:    JUNE
                                          YEAR:     2015
                                          LATITUDE:   29 15 N
                                          LONGITUDE:  96  9 W

[TEMPERATURE DATA]      [PRECIPITATION DATA]       SYMBOLS USED IN COLUMN 16

AVERAGE MONTHLY: 80.3   TOTAL FOR MONTH:   2.27    1 = FOG OR MIST
DPTR FM NORMAL:     M   DPTR FM NORMAL:       M    2 = FOG REDUCING VISIBILITY
HIGHEST:    92 ON 27,12 GRTST 24HR  2.00 ON 16-16      TO 1/4 MILE OR LESS
LOWEST:     66 ON  2, 1                            3 = THUNDER
                        SNOW, ICE PELLETS, HAIL    4 = ICE PELLETS
                        TOTAL MONTH:   0.0 INCH    5 = HAIL
                        GRTST 24HR     0.0         6 = FREEZING RAIN OR DRIZZLE
                        GRTST DEPTH:   0           7 = DUSTSTORM OR SANDSTORM:
                                                       VSBY 1/2 MILE OR LESS
                                                   8 = SMOKE OR HAZE
[NO. OF DAYS WITH]      [WEATHER - DAYS WITH]      9 = BLOWING SNOW
                                                   X = TORNADO
MAX 32 OR BELOW:   0    0.01 INCH OR MORE:   6
MAX 90 OR ABOVE:  16    0.10 INCH OR MORE:   2
MIN 32 OR BELOW:   0    0.50 INCH OR MORE:   1
MIN  0 OR BELOW:   0    1.00 INCH OR MORE:   1

[HDD (BASE 65) ]
TOTAL THIS MO.     0    CLEAR  (SCALE 0-3)  26
DPTR FM NORMAL     M    PTCLDY (SCALE 4-7)   2
TOTAL FM JUL 1  1491    CLOUDY (SCALE 8-10)  1
DPTR FM NORMAL     M

[CDD (BASE 65) ]
TOTAL THIS MO.   450
DPTR FM NORMAL     M    [PRESSURE DATA]
TOTAL FM JAN 1  1067    HIGHEST SLP M ON M
DPTR FM NORMAL     M    LOWEST  SLP M ON M

[REMARKS]
