000
CXUS54 KHGX 281415
CF6ARM
PRELIMINARY LOCAL CLIMATOLOGICAL DATA (WS FORM: F-6)

                                          STATION:   Wharton
                                          MONTH:     APRIL
                                          YEAR:      2017
                                          LATITUDE:   29 15 N
                                          LONGITUDE:  96  9 W

  TEMPERATURE IN F:       :PCPN:    SNOW:  WIND      :SUNSHINE: SKY     :PK WND
================================================================================
1   2   3   4   5  6A  6B    7    8   9   10  11  12  13   14  15   16   17  18
                                     12Z  AVG MX 2MIN
DY MAX MIN AVG DEP HDD CDD  WTR  SNW DPTH SPD SPD DIR MIN PSBL S-S WX    SPD DR
================================================================================

 1  82  64  73   M   0   8 0.00  0.0    0 11.0 18 130   M    M   4        25 130
 2  85  66  76   M   0  11 0.12  0.0    0  9.6 18 170   M    M   6 1      25 180
 3  87  53  70   M   0   5 0.00  0.0    0  7.3 13 250   M    M   0        17 250
 4  86  59  73   M   0   8 0.00  0.0    0  8.1 20 140   M    M   2 1      24 140
 5  73  52  63   M   2   0 0.00  0.0    0 12.4 23 340   M    M   2 1      35 330
 6  77  45  61   M   4   0 0.00  0.0    0  2.1  7  10   M    M   0         M  M
 7  80  48  64   M   1   0 0.00  0.0    0  4.5 13 150   M    M   0        17 150
 8  80  54  67   M   0   2 0.00  0.0    0  9.7 18 160   M    M   1        28 190
 9  82  59  71   M   0   6 0.00  0.0    0 11.1 20 150   M    M   5        24 160
10  81  69  75   M   0  10 0.00  0.0    0 10.4 15 130   M    M   8        22 140
11  80  60  70   M   0   5 0.59  0.0    0  7.7 16 120   M    M   4 13     24  40
12  82  59  71   M   0   6 0.00  0.0    0  5.1 15 110   M    M   7 12     18 110
13  82  63  73   M   0   8 0.00  0.0    0  5.4 13 130   M    M   4 12     17 120
14  82  62  72   M   0   7 0.00  0.0    0  6.8 13 150   M    M   2 1      16 170
15  82  61  72   M   0   7 0.00  0.0    0  6.5 14 140   M    M   3 1      20 150
16  83  67  75   M   0  10 0.00  0.0    0  8.7 17 160   M    M   3 1      20 140
17  81  64  73   M   0   8 0.31  0.0    0  5.5 15 140   M    M   7 13     20 130
18  74  65  70   M   0   5 1.05  0.0    0  5.3 10 100   M    M   7 3       M  M
19  82  64  73   M   0   8 0.00  0.0    0  7.1 15 160   M    M   3 1      21 160
20  84  65  75   M   0  10 0.00  0.0    0  5.8 12 180   M    M   4 12     16 190
21  84  64  74   M   0   9 0.00  0.0    0  7.8 16 160   M    M   4 12     21 190
22  83  60  72   M   0   7 0.00  0.0    0  9.4 18 350   M    M   4 1      27  10
23  73  52  63   M   2   0 0.00  0.0    0 11.4 18 350   M    M   2        28 350
24  79  49  64   M   1   0 0.00  0.0    0  4.1 12 160   M    M   0        16 160
25  83  59  71   M   0   6 0.00  0.0    0 12.6 21 170   M    M   6        28 170
26  92  63  78   M   0  13 0.00  0.0    0 11.9 18 340   M    M   5 8      27 340
27  82  52  67   M   0   2 0.00  0.0    0  7.3 12 130   M    M   2        17  10
================================================================================
SM 2201 1598        10 161  2.07     0.0 214.6          M       95
================================================================================
AV 81.5 59.2                               7.9 FASTST   M    M   4    MAX(MPH)
                                 MISC ---->  # 23 340               # 35  330
================================================================================
NOTES:
# LAST OF SEVERAL OCCURRENCES

COLUMN 17 PEAK WIND IN M.P.H.

PRELIMINARY LOCAL CLIMATOLOGICAL DATA (WS FORM: F-6) , PAGE 2

                                          STATION:  Wharton
                                          MONTH:    APRIL
                                          YEAR:     2017
                                          LATITUDE:   29 15 N
                                          LONGITUDE:  96  9 W

[TEMPERATURE DATA]      [PRECIPITATION DATA]       SYMBOLS USED IN COLUMN 16

AVERAGE MONTHLY: 70.4   TOTAL FOR MONTH:   2.07    1 = FOG OR MIST
DPTR FM NORMAL:     M   DPTR FM NORMAL:       M    2 = FOG REDUCING VISIBILITY
HIGHEST:    92 ON 26    GRTST 24HR  1.05 ON 18-18      TO 1/4 MILE OR LESS
LOWEST:     45 ON  6                               3 = THUNDER
                        SNOW, ICE PELLETS, HAIL    4 = ICE PELLETS
                        TOTAL MONTH:   0.0 INCH    5 = HAIL
                        GRTST 24HR     0.0         6 = FREEZING RAIN OR DRIZZLE
                        GRTST DEPTH:   0           7 = DUSTSTORM OR SANDSTORM:
                                                       VSBY 1/2 MILE OR LESS
                                                   8 = SMOKE OR HAZE
[NO. OF DAYS WITH]      [WEATHER - DAYS WITH]      9 = BLOWING SNOW
                                                   X = TORNADO
MAX 32 OR BELOW:   0    0.01 INCH OR MORE:   4
MAX 90 OR ABOVE:   1    0.10 INCH OR MORE:   4
MIN 32 OR BELOW:   0    0.50 INCH OR MORE:   2
MIN  0 OR BELOW:   0    1.00 INCH OR MORE:   1

[HDD (BASE 65) ]
TOTAL THIS MO.    10    CLEAR  (SCALE 0-3)  12
DPTR FM NORMAL     M    PTCLDY (SCALE 4-7)  15
TOTAL FM JUL 1   665    CLOUDY (SCALE 8-10)  0
DPTR FM NORMAL     M

[CDD (BASE 65) ]
TOTAL THIS MO.   161
DPTR FM NORMAL     M    [PRESSURE DATA]
TOTAL FM JAN 1   490    HIGHEST SLP M ON M
DPTR FM NORMAL     M    LOWEST  SLP M ON M

[REMARKS]
