000
CXUS55 KGJT 211000
CF6ASE
PRELIMINARY LOCAL CLIMATOLOGICAL DATA (WS FORM: F-6)

                                          STATION:   ASPEN CO
                                          MONTH:     JANUARY
                                          YEAR:      2018
                                          LATITUDE:   39 13 N
                                          LONGITUDE: 106 52 W

  TEMPERATURE IN F:       :PCPN:    SNOW:  WIND      :SUNSHINE: SKY     :PK WND
================================================================================
1   2   3   4   5  6A  6B    7    8   9   10  11  12  13   14  15   16   17  18
                                     12Z  AVG MX 2MIN
DY MAX MIN AVG DEP HDD CDD  WTR  SNW DPTH SPD SPD DIR MIN PSBL S-S WX    SPD DR
================================================================================

 1  40  12  26   7  39   0 0.00    M    M  4.7 15 330   M    M   4        18 330
 2  36   8  22   3  43   0 0.00    M    M  6.3 12 200   M    M   0        17 180
 3  38   5  22   2  43   0 0.00    M    M  5.3 10 170   M    M   0        13 310
 4  42   8  25   5  40   0 0.00    M    M  5.7 10 210   M    M   0        13 210
 5  44  13  29   9  36   0 0.00    M    M  5.2 12 330   M    M   3 8      12 320
 6  42  20  31  11  34   0 0.04    M    M  4.5  9 180   M    M   5 18     10 330
 7  39  16  28   8  37   0    T    M    M  3.7 10 220   M    M   5 1      15 210
 8  43  13  28   8  37   0    T    M    M  3.7 13 340   M    M   3        16 350
 9  49  28  39  19  26   0    T    M    M  3.2 13 170   M    M   9 1      16 180
10  44  23  34  14  31   0 0.03    M    M  6.9 23 320   M    M   9 18     38 320
11  30   8  19  -1  46   0 0.00    M    M  4.1 10 220   M    M   5 1      16 220
12  34  20  27   7  38   0 0.07    M    M  3.7  9 190   M    M  10 18     11 330
13  37   9  23   3  42   0 0.00    M    M  5.5 13 220   M    M   5        17 220
14  44  11  28   8  37   0 0.00    M    M  5.8 10 210   M    M   0        13 220
15  39  11  25   5  40   0 0.00    M    M  4.7 14 330   M    M   2        23 350
16  36   4  20   0  45   0 0.00    M    M  5.3 12 220   M    M   0        14 200
17  39   4  22   2  43   0 0.00    M    M  5.2 12 210   M    M   0        15 200
18  44  13  29   9  36   0 0.00    M    M  4.9 12 210   M    M   0        14  20
19  56  18  37  17  28   0 0.00    M    M  5.1 21 280   M    M   0        29 310
20  48  25  37  17  28   0    T    M    M  6.2 24 190   M    M   7 12     31 210
================================================================================
SM  824  269       749   0  0.14    M     99.7          M       67
================================================================================
AV 41.2 13.5                               5.0 FASTST   M    M   3    MAX(MPH)
                                 MISC ---->  # 24 190               # 38  320
================================================================================
NOTES:
# LAST OF SEVERAL OCCURRENCES

COLUMN 17 PEAK WIND IN M.P.H.

PRELIMINARY LOCAL CLIMATOLOGICAL DATA (WS FORM: F-6) , PAGE 2

                                          STATION:  ASPEN CO
                                          MONTH:    JANUARY
                                          YEAR:     2018
                                          LATITUDE:   39 13 N
                                          LONGITUDE: 106 52 W

[TEMPERATURE DATA]      [PRECIPITATION DATA]       SYMBOLS USED IN COLUMN 16

AVERAGE MONTHLY: 27.3   TOTAL FOR MONTH:   0.14    1 = FOG OR MIST
DPTR FM NORMAL:   7.4   DPTR FM NORMAL:   -0.56    2 = FOG REDUCING VISIBILITY
HIGHEST:    56 ON 19    GRTST 24HR  0.07 ON 12-12      TO 1/4 MILE OR LESS
LOWEST:      4 ON 17,16                            3 = THUNDER
                        SNOW, ICE PELLETS, HAIL    4 = ICE PELLETS
                        TOTAL MONTH:    M          5 = HAIL
                        GRTST 24HR    M  ON   M    6 = FREEZING RAIN OR DRIZZLE
                        GRTST DEPTH:  M  ON   M    7 = DUSTSTORM OR SANDSTORM:
                                                       VSBY 1/2 MILE OR LESS
                                                   8 = SMOKE OR HAZE
[NO. OF DAYS WITH]      [WEATHER - DAYS WITH]      9 = BLOWING SNOW
                                                   X = TORNADO
MAX 32 OR BELOW:   1    0.01 INCH OR MORE:   3
MAX 90 OR ABOVE:   0    0.10 INCH OR MORE:   0
MIN 32 OR BELOW:  20    0.50 INCH OR MORE:   0
MIN  0 OR BELOW:   0    1.00 INCH OR MORE:   0

[HDD (BASE 65) ]
TOTAL THIS MO.   749    CLEAR  (SCALE 0-3)  10
DPTR FM NORMAL  -154    PTCLDY (SCALE 4-7)   7
TOTAL FM JUL 1  3682    CLOUDY (SCALE 8-10)  3
DPTR FM NORMAL  -942

[CDD (BASE 65) ]
TOTAL THIS MO.     0
DPTR FM NORMAL     0    [PRESSURE DATA]
TOTAL FM JAN 1     0    HIGHEST SLP M ON M
DPTR FM NORMAL     0    LOWEST  SLP 29.39 ON 10

[REMARKS]
